138
CDUS42 KTBW 012117
CLISRQ


CLIMATE REPORT
NATIONAL WEATHER SERVICE TAMPA BAY FL
515 PM EDT SUN MAY 1 2016


...................................

...THE SARASOTA BRADENTON CLIMATE SUMMARY FOR MAY 1 2016...
VALID TODAY AS OF 0500 PM LOCAL TIME.

CLIMATE NORMAL PERIOD 1981 TO 2010
CLIMATE RECORD PERIOD 1911 TO 2016


WEATHER ITEM   OBSERVED TIME   RECORD YEAR NORMAL DEPARTURE LAST
                VALUE   (LST)  VALUE       VALUE  FROM      YEAR
                                                  NORMAL
..................................................................
TEMPERATURE (F)
 TODAY
  MAXIMUM         89   1140 AM  92    2012  83      6       82
                                      1986
                                      1953
  MINIMUM         69    556 AM  48    1921  64      5       61
  AVERAGE         79                        74      5       72

PRECIPITATION (IN)
  TODAY            0.00          2.00 1988   0.06  -0.06     0.00
  MONTH TO DATE    0.00                      0.06  -0.06     0.00
  SINCE MAR 1      1.83                      6.36  -4.53     2.64
  SINCE JAN 1      7.51                     11.55  -4.04     7.52

DEGREE DAYS
 HEATING
  TODAY            0                         0      0        0
  MONTH TO DATE    0                         0      0        0
  SINCE MAR 1     14                        59    -45       13
  SINCE JUL 1    320                       477   -157      470

 COOLING
  TODAY           14                         9      5        7
  MONTH TO DATE   14                         9      5        7
  SINCE MAR 1    494                       302    192      563
  SINCE JAN 1    560                       406    154      632
..................................................................


WIND (MPH)
  RESULTANT WIND SPEED   6   RESULTANT WIND DIRECTION  SE (150)
  HIGHEST WIND SPEED    18   HIGHEST WIND DIRECTION    SE (120)
  HIGHEST GUST SPEED    22   HIGHEST GUST DIRECTION     E (110)
  AVERAGE WIND SPEED    10.2


SKY COVER
  POSSIBLE SUNSHINE  MM
  AVERAGE SKY COVER 0.1


WEATHER CONDITIONS
 THE FOLLOWING WEATHER WAS RECORDED TODAY.
  NO SIGNIFICANT WEATHER WAS OBSERVED.


RELATIVE HUMIDITY (PERCENT)
 HIGHEST    90           500 AM
 LOWEST     48          1100 AM

..........................................................


THE SARASOTA BRADENTON CLIMATE NORMALS FOR TOMORROW
                         NORMAL    RECORD    YEAR
 MAXIMUM TEMPERATURE (F)   83        92      2012
                                             2010
 MINIMUM TEMPERATURE (F)   64        49      1921


SUNRISE AND SUNSET
MAY  1 2016...........SUNRISE   651 AM EDT   SUNSET   804 PM EDT
MAY  2 2016...........SUNRISE   650 AM EDT   SUNSET   805 PM EDT


-  INDICATES NEGATIVE NUMBERS.
R  INDICATES RECORD WAS SET OR TIED.
MM INDICATES DATA IS MISSING.
T  INDICATES TRACE AMOUNT.




$$


&&
------------------------------------------------------------------
******************** SUPPLEMENTAL DATA ***************************

...GULF WATER TEMPERATURE AT VENICE 83 DEGREES
