000
CDUS42 KTBW 242126
CLISRQ


CLIMATE REPORT
NATIONAL WEATHER SERVICE TAMPA BAY FL
524 PM EDT WED AUG 24 2016


...................................

...THE SARASOTA BRADENTON CLIMATE SUMMARY FOR AUGUST 24 2016...
VALID TODAY AS OF 0500 PM LOCAL TIME.

CLIMATE NORMAL PERIOD 1981 TO 2010
CLIMATE RECORD PERIOD 1911 TO 2016


WEATHER ITEM   OBSERVED TIME   RECORD YEAR NORMAL DEPARTURE LAST
                VALUE   (LST)  VALUE       VALUE  FROM      YEAR
                                                  NORMAL
..................................................................
TEMPERATURE (F)
 TODAY
  MAXIMUM         94    102 PM  95    2014  90      4       92
  MINIMUM         79    543 AM  66    1970  75      4       77
  AVERAGE         87                        82      5       85

PRECIPITATION (IN)
  TODAY            0.00          4.65 1945   0.29  -0.29     0.00
  MONTH TO DATE    5.03                      7.13  -2.10     4.26
  SINCE JUN 1     17.97                     22.62  -4.65    14.80
  SINCE JAN 1     30.25                     36.32  -6.07    27.12

DEGREE DAYS
 HEATING
  TODAY            0                         0      0        0
  MONTH TO DATE    0                         0      0        0
  SINCE JUN 1      0                         0      0        0
  SINCE JUL 1      0                         0      0        0

 COOLING
  TODAY           22                        17      5       20
  MONTH TO DATE  480                       408     72      426
  SINCE JUN 1   1677                      1419    258     1474
  SINCE JAN 1   2641                      2170    471     2514
..................................................................


WIND (MPH)
  RESULTANT WIND SPEED   8   RESULTANT WIND DIRECTION   E (70)
  HIGHEST WIND SPEED    20   HIGHEST WIND DIRECTION    NE (60)
  HIGHEST GUST SPEED    27   HIGHEST GUST DIRECTION     E (70)
  AVERAGE WIND SPEED     7.9


SKY COVER
  POSSIBLE SUNSHINE  MM
  AVERAGE SKY COVER 0.1


WEATHER CONDITIONS
 THE FOLLOWING WEATHER WAS RECORDED TODAY.
  NO SIGNIFICANT WEATHER WAS OBSERVED.


RELATIVE HUMIDITY (PERCENT)
 HIGHEST    91           700 AM
 LOWEST     52           100 PM

..........................................................


THE SARASOTA BRADENTON CLIMATE NORMALS FOR TOMORROW
                         NORMAL    RECORD    YEAR
 MAXIMUM TEMPERATURE (F)   90        96      1989
                                             1918
 MINIMUM TEMPERATURE (F)   75        66      1971


SUNRISE AND SUNSET
AUGUST 24 2016........SUNRISE   706 AM EDT   SUNSET   759 PM EDT
AUGUST 25 2016........SUNRISE   706 AM EDT   SUNSET   758 PM EDT


-  INDICATES NEGATIVE NUMBERS.
R  INDICATES RECORD WAS SET OR TIED.
MM INDICATES DATA IS MISSING.
T  INDICATES TRACE AMOUNT.




$$


&&
------------------------------------------------------------------
******************** SUPPLEMENTAL DATA ***************************

...GULF WATER TEMPERATURE AT VENICE 87 DEGREES
