000
CDUS42 KTBW 190943
CLISRQ


CLIMATE REPORT
NATIONAL WEATHER SERVICE TAMPA BAY FL
441 AM EST FRI JAN 19 2018


...................................

...THE SARASOTA BRADENTON CLIMATE SUMMARY FOR JANUARY 18 2018...

CLIMATE NORMAL PERIOD 1981 TO 2010
CLIMATE RECORD PERIOD 1911 TO 2018


WEATHER ITEM   OBSERVED TIME   RECORD YEAR NORMAL DEPARTURE LAST
                VALUE   (LST)  VALUE       VALUE  FROM      YEAR
                                                  NORMAL
..................................................................
TEMPERATURE (F)
 YESTERDAY
  MAXIMUM         53        MM  84    1990  71    -18       77
  MINIMUM         30        MM  29    1977  52    -22       56
  AVERAGE         42                        61    -19       67

PRECIPITATION (IN)
  YESTERDAY        0.00          1.16 1930   0.06  -0.06     0.00
  MONTH TO DATE    1.13                      1.75  -0.62     1.31
  SINCE DEC 1      2.20                      4.28  -2.08     2.56
  SINCE JAN 1      1.13                      1.75  -0.62     1.31

DEGREE DAYS
 HEATING
  YESTERDAY       23                         5     18        0
  MONTH TO DATE  174                        99     75       41
  SINCE DEC 1    239                       221     18       65
  SINCE JUL 1    252                       254     -2       76

 COOLING
  YESTERDAY        0                         2     -2        2
  MONTH TO DATE   16                        36    -20       58
  SINCE DEC 1    125                       110     15      221
  SINCE JAN 1     16                        36    -20       58
..................................................................


WIND (MPH)
  HIGHEST WIND SPEED    13   HIGHEST WIND DIRECTION     N (20)
  HIGHEST GUST SPEED    MM   HIGHEST GUST DIRECTION    MM
  AVERAGE WIND SPEED     9.1


SKY COVER
  POSSIBLE SUNSHINE  MM
  AVERAGE SKY COVER 0.0


WEATHER CONDITIONS
 THE FOLLOWING WEATHER WAS RECORDED YESTERDAY.
  NO SIGNIFICANT WEATHER WAS OBSERVED.


RELATIVE HUMIDITY (PERCENT)
 HIGHEST    76           800 PM
 LOWEST     27           100 PM

..........................................................


THE SARASOTA BRADENTON CLIMATE NORMALS FOR TODAY
                         NORMAL    RECORD    YEAR
 MAXIMUM TEMPERATURE (F)   71        85      1937
                                             1924
 MINIMUM TEMPERATURE (F)   52        26      1997
                                             1976


SUNRISE AND SUNSET
JANUARY 19 2018.......SUNRISE   721 AM EST   SUNSET   601 PM EST
JANUARY 20 2018.......SUNRISE   721 AM EST   SUNSET   602 PM EST


-  INDICATES NEGATIVE NUMBERS.
R  INDICATES RECORD WAS SET OR TIED.
MM INDICATES DATA IS MISSING.
T  INDICATES TRACE AMOUNT.




$$


&&
------------------------------------------------------------------
******************** SUPPLEMENTAL DATA ***************************

...GULF WATER TEMPERATURE AT VENICE 59 DEGREES
