410
CDUS42 KJAX 270535
CLISSI


CLIMATE REPORT
NATIONAL WEATHER SERVICE JACKSONVILLE FL
1235 AM EST MON FEB 27 2017


...................................

...THE ST SIMONS ISLAND CLIMATE SUMMARY FOR FEBRUARY 26 2017...

CLIMATE NORMAL PERIOD 1981 TO 2010
CLIMATE RECORD PERIOD 1948 TO 2017


WEATHER ITEM   OBSERVED TIME   RECORD YEAR NORMAL DEPARTURE LAST
                VALUE   (LST)  VALUE       VALUE  FROM      YEAR
                                                  NORMAL
..................................................................
TEMPERATURE (F)
 YESTERDAY
  MAXIMUM         66    105 PM  83    1972  65      1       57
  MINIMUM         46    712 AM  20    1967  48     -2       43
  AVERAGE         56                        56      0       50

PRECIPITATION (IN)
  YESTERDAY        0.00          1.39 1958   0.13  -0.13     0.00
  MONTH TO DATE    0.86                      3.22  -2.36     3.99
  SINCE DEC 1      8.88                      9.08  -0.20     8.49
  SINCE JAN 1      5.86                      6.44  -0.58     7.14

SNOWFALL (IN)
  YESTERDAY        0.0           0.0    MM                   0.0
  MONTH TO DATE    0.0                                       0.0
  SINCE DEC 1      0.0                                       0.0
  SINCE JUL 1      0.0                                       0.0
  SNOW DEPTH       0

DEGREE DAYS
 HEATING
  YESTERDAY        9                         9      0       15
  MONTH TO DATE  107                       284   -177      275
  SINCE DEC 1    510                      1055   -545      807
  SINCE JUL 1    615                      1235   -620      872

 COOLING
  YESTERDAY        0                         0      0        0
  MONTH TO DATE   30                         0     30        4
  SINCE DEC 1     74                        16     58       94
  SINCE JAN 1     49                         3     46        4
..................................................................


WIND (MPH)
  HIGHEST WIND SPEED    16   HIGHEST WIND DIRECTION     N (360)
  HIGHEST GUST SPEED    22   HIGHEST GUST DIRECTION     N (360)
  AVERAGE WIND SPEED     7.2


SKY COVER
  POSSIBLE SUNSHINE  MM
  AVERAGE SKY COVER 0.0


WEATHER CONDITIONS
 THE FOLLOWING WEATHER WAS RECORDED YESTERDAY.
  NO SIGNIFICANT WEATHER WAS OBSERVED.


RELATIVE HUMIDITY (PERCENT)
 HIGHEST    51           700 PM
 LOWEST     18           100 PM
 AVERAGE    35

..........................................................


THE ST SIMONS ISLAND CLIMATE NORMALS FOR TODAY
                         NORMAL    RECORD    YEAR
 MAXIMUM TEMPERATURE (F)   65        81      1971
 MINIMUM TEMPERATURE (F)   48        28      1974


SUNRISE AND SUNSET
FEBRUARY 27 2017......SUNRISE   654 AM EST   SUNSET   623 PM EST
FEBRUARY 28 2017......SUNRISE   653 AM EST   SUNSET   623 PM EST


-  INDICATES NEGATIVE NUMBERS.
R  INDICATES RECORD WAS SET OR TIED.
MM INDICATES DATA IS MISSING.
T  INDICATES TRACE AMOUNT.




$$
