000
CDUS42 KJAX 260531
CLISSI


CLIMATE REPORT
NATIONAL WEATHER SERVICE JACKSONVILLE FL
1231 AM EST MON JAN 26 2015


...................................

...THE ST SIMONS ISLAND CLIMATE SUMMARY FOR JANUARY 25 2015...

CLIMATE NORMAL PERIOD 1981 TO 2010
CLIMATE RECORD PERIOD 1948 TO 2015


WEATHER ITEM   OBSERVED TIME   RECORD YEAR NORMAL DEPARTURE LAST
                VALUE   (LST)  VALUE       VALUE  FROM      YEAR
                                                  NORMAL
..................................................................
TEMPERATURE (F)
 YESTERDAY
  MAXIMUM         57    126 PM  80    1974  61     -4       59
  MINIMUM         40    755 AM  22    1963  43     -3       36
  AVERAGE         49                        52     -3       48

PRECIPITATION (IN)
  YESTERDAY        0.00          1.96 2011   0.12  -0.12      T
  MONTH TO DATE    3.03                      2.53   0.50     3.56
  SINCE DEC 1      4.35                      5.17  -0.82     5.44
  SINCE JAN 1      3.03                      2.53   0.50     3.56

SNOWFALL (IN)
  YESTERDAY        0.0           0.0    MM                   0.0
  MONTH TO DATE    0.0                                       0.0
  SINCE DEC 1      0.0                                       0.0
  SINCE JUL 1      0.0                                       0.0
  SNOW DEPTH       0

DEGREE DAYS
 HEATING
  YESTERDAY       16                        13      3       17
  MONTH TO DATE  302                       346    -44      407
  SINCE DEC 1    558                       697   -139      636
  SINCE JUL 1    844                       877    -33      826

 COOLING
  YESTERDAY        0                         0      0        0
  MONTH TO DATE    6                         0      6        0
  SINCE DEC 1     12                        13     -1       18
  SINCE JAN 1      6                         0      6        0
..................................................................


WIND (MPH)
  HIGHEST WIND SPEED    15   HIGHEST WIND DIRECTION    SW (210)
  HIGHEST GUST SPEED    21   HIGHEST GUST DIRECTION    SW (220)
  AVERAGE WIND SPEED     8.4


SKY COVER
  POSSIBLE SUNSHINE  MM
  AVERAGE SKY COVER 0.0


WEATHER CONDITIONS
 THE FOLLOWING WEATHER WAS RECORDED YESTERDAY.
  NO SIGNIFICANT WEATHER WAS OBSERVED.


RELATIVE HUMIDITY (PERCENT)
 HIGHEST    79           600 AM
 LOWEST     43          1200 PM
 AVERAGE    61

..........................................................


THE ST SIMONS ISLAND CLIMATE NORMALS FOR TODAY
                         NORMAL    RECORD    YEAR
 MAXIMUM TEMPERATURE (F)   61        77      1950
 MINIMUM TEMPERATURE (F)   43        25      1955


SUNRISE AND SUNSET
JANUARY 26 2015.......SUNRISE   721 AM EST   SUNSET   555 PM EST
JANUARY 27 2015.......SUNRISE   721 AM EST   SUNSET   556 PM EST


-  INDICATES NEGATIVE NUMBERS.
R  INDICATES RECORD WAS SET OR TIED.
MM INDICATES DATA IS MISSING.
T  INDICATES TRACE AMOUNT.




$$
