000
CDUS42 KJAX 250537
CLISSI


CLIMATE REPORT
NATIONAL WEATHER SERVICE JACKSONVILLE FL
136 AM EDT MON MAY 25 2015


...................................

...THE ST SIMONS ISLAND CLIMATE SUMMARY FOR MAY 24 2015...

CLIMATE NORMAL PERIOD 1981 TO 2010
CLIMATE RECORD PERIOD 1948 TO 2015


WEATHER ITEM   OBSERVED TIME   RECORD YEAR NORMAL DEPARTURE LAST
                VALUE   (LST)  VALUE       VALUE  FROM      YEAR
                                                  NORMAL
..................................................................
TEMPERATURE (F)
 YESTERDAY
  MAXIMUM         82    200 PM  96    1953  84     -2       86
  MINIMUM         71    615 AM  55    1967  69      2       71
  AVERAGE         77                        77      0       79

PRECIPITATION (IN)
  YESTERDAY        0.00          0.91 2009   0.07  -0.07     0.00
  MONTH TO DATE    0.61                      1.27  -0.66     1.47
  SINCE MAR 1      6.41                      7.64  -1.23    11.93
  SINCE JAN 1     12.13                     14.33  -2.20    18.41

SNOWFALL (IN)
  YESTERDAY        0.0           0.0    MM                   0.0
  MONTH TO DATE    0.0                                       0.0
  SINCE MAR 1      0.0                                       0.0
  SINCE JUL 1      0.0                                        T
  SNOW DEPTH       0

DEGREE DAYS
 HEATING
  YESTERDAY        0                         0      0        0
  MONTH TO DATE    1                         2     -1        1
  SINCE MAR 1    115                       235   -120      266
  SINCE JUL 1   1495                      1486      9     1494

 COOLING
  YESTERDAY       12                        12      0       14
  MONTH TO DATE  244                       211     33      213
  SINCE MAR 1    449                       345    104      343
  SINCE JAN 1    455                       354    101      351
..................................................................


WIND (MPH)
  HIGHEST WIND SPEED    MM   HIGHEST WIND DIRECTION    MM
  HIGHEST GUST SPEED    MM   HIGHEST GUST DIRECTION    MM
  AVERAGE WIND SPEED    MM


SKY COVER
  POSSIBLE SUNSHINE  MM
  AVERAGE SKY COVER  MM


WEATHER CONDITIONS
 THE FOLLOWING WEATHER WAS RECORDED YESTERDAY.
  NO SIGNIFICANT WEATHER WAS OBSERVED.


RELATIVE HUMIDITY (PERCENT)
 HIGHEST    MM
 LOWEST     MM
 AVERAGE    MM

..........................................................


THE ST SIMONS ISLAND CLIMATE NORMALS FOR TODAY
                         NORMAL    RECORD    YEAR
 MAXIMUM TEMPERATURE (F)   84        96      1953
 MINIMUM TEMPERATURE (F)   70        55      1967


SUNRISE AND SUNSET
MAY 25 2015...........SUNRISE   625 AM EDT   SUNSET   821 PM EDT
MAY 26 2015...........SUNRISE   624 AM EDT   SUNSET   821 PM EDT


-  INDICATES NEGATIVE NUMBERS.
R  INDICATES RECORD WAS SET OR TIED.
MM INDICATES DATA IS MISSING.
T  INDICATES TRACE AMOUNT.




$$
