502
CDUS42 KJAX 300532
CLISSI


CLIMATE REPORT
NATIONAL WEATHER SERVICE JACKSONVILLE FL
131 AM EDT SAT APR 30 2016


...................................

...THE ST SIMONS ISLAND CLIMATE SUMMARY FOR APRIL 29 2016...

CLIMATE NORMAL PERIOD 1981 TO 2010
CLIMATE RECORD PERIOD 1948 TO 2016


WEATHER ITEM   OBSERVED TIME   RECORD YEAR NORMAL DEPARTURE LAST
                VALUE   (LST)  VALUE       VALUE  FROM      YEAR
                                                  NORMAL
..................................................................
TEMPERATURE (F)
 YESTERDAY
  MAXIMUM         84    235 PM  90    2002  78      6       73
  MINIMUM         69    619 AM  44    1967  62      7       60
  AVERAGE         77                        70      7       67

PRECIPITATION (IN)
  YESTERDAY        0.00          0.60 1958   0.07  -0.07      T
  MONTH TO DATE    2.65                      2.43   0.22     3.43
  SINCE MAR 1      4.21                      6.31  -2.10     5.80
  SINCE JAN 1     11.35                     13.00  -1.65    11.52

SNOWFALL (IN)
  YESTERDAY        0.0           0.0    MM                   0.0
  MONTH TO DATE    0.0                                       0.0
  SINCE MAR 1      0.0                                       0.0
  SINCE JUL 1      0.0                                       0.0
  SNOW DEPTH       0

DEGREE DAYS
 HEATING
  YESTERDAY        0                         1     -1        0
  MONTH TO DATE   30                        56    -26        0
  SINCE MAR 1    111                       233   -122      114
  SINCE JUL 1   1017                      1484   -467     1494

 COOLING
  YESTERDAY       12                         6      6        2
  MONTH TO DATE  104                        98      6      172
  SINCE MAR 1    192                       129     63      202
  SINCE JAN 1    196                       138     58      208
..................................................................


WIND (MPH)
  HIGHEST WIND SPEED    12   HIGHEST WIND DIRECTION    SE (130)
  HIGHEST GUST SPEED    25   HIGHEST GUST DIRECTION    SW (230)
  AVERAGE WIND SPEED     7.6


SKY COVER
  POSSIBLE SUNSHINE  MM
  AVERAGE SKY COVER 0.2


WEATHER CONDITIONS
 THE FOLLOWING WEATHER WAS RECORDED YESTERDAY.
  FOG


RELATIVE HUMIDITY (PERCENT)
 HIGHEST   100           200 AM
 LOWEST     58           400 PM
 AVERAGE    79

..........................................................


THE ST SIMONS ISLAND CLIMATE NORMALS FOR TODAY
                         NORMAL    RECORD    YEAR
 MAXIMUM TEMPERATURE (F)   78        89      1990
 MINIMUM TEMPERATURE (F)   62        48      2008


SUNRISE AND SUNSET
APRIL 30 2016.........SUNRISE   641 AM EDT   SUNSET   804 PM EDT
MAY  1 2016...........SUNRISE   641 AM EDT   SUNSET   805 PM EDT


-  INDICATES NEGATIVE NUMBERS.
R  INDICATES RECORD WAS SET OR TIED.
MM INDICATES DATA IS MISSING.
T  INDICATES TRACE AMOUNT.




$$
