000
CDUS42 KJAX 240536
CLISSI


CLIMATE REPORT
NATIONAL WEATHER SERVICE JACKSONVILLE FL
1236 AM EST TUE JAN 24 2017


...................................

...THE ST SIMONS ISLAND CLIMATE SUMMARY FOR JANUARY 23 2017...

CLIMATE NORMAL PERIOD 1981 TO 2010
CLIMATE RECORD PERIOD 1948 TO 2017


WEATHER ITEM   OBSERVED TIME   RECORD YEAR NORMAL DEPARTURE LAST
                VALUE   (LST)  VALUE       VALUE  FROM      YEAR
                                                  NORMAL
..................................................................
TEMPERATURE (F)
 YESTERDAY
  MAXIMUM         63    237 PM  79    1962  61      2       48
  MINIMUM         55    749 AM  25    1960  43     12       33
  AVERAGE         59                        52      7       41

PRECIPITATION (IN)
  YESTERDAY        T             2.04 1998   0.12  -0.12     0.00
  MONTH TO DATE    4.95                      2.30   2.65     2.93
  SINCE DEC 1      7.97                      4.94   3.03     4.28
  SINCE JAN 1      4.95                      2.30   2.65     2.93

SNOWFALL (IN)
  YESTERDAY        0.0           0.0    MM                   0.0
  MONTH TO DATE    0.0                                       0.0
  SINCE DEC 1      0.0                                       0.0
  SINCE JUL 1      0.0                                       0.0
  SNOW DEPTH       0

DEGREE DAYS
 HEATING
  YESTERDAY        6                        13     -7       24
  MONTH TO DATE  128                       320   -192      329
  SINCE DEC 1    330                       671   -341      424
  SINCE JUL 1    435                       851   -416      489

 COOLING
  YESTERDAY        0                         0      0        0
  MONTH TO DATE   19                         0     19        0
  SINCE DEC 1     44                        13     31       90
  SINCE JAN 1     19                         0     19        0
..................................................................


WIND (MPH)
  HIGHEST WIND SPEED    28   HIGHEST WIND DIRECTION    SW (240)
  HIGHEST GUST SPEED    39   HIGHEST GUST DIRECTION    SW (240)
  AVERAGE WIND SPEED    14.2


SKY COVER
  POSSIBLE SUNSHINE  MM
  AVERAGE SKY COVER 0.5


WEATHER CONDITIONS
 THE FOLLOWING WEATHER WAS RECORDED YESTERDAY.
  LIGHT RAIN
  FOG


RELATIVE HUMIDITY (PERCENT)
 HIGHEST    86           600 AM
 LOWEST     64          1100 AM
 AVERAGE    75

..........................................................


THE ST SIMONS ISLAND CLIMATE NORMALS FOR TODAY
                         NORMAL    RECORD    YEAR
 MAXIMUM TEMPERATURE (F)   61        79      1962
 MINIMUM TEMPERATURE (F)   43        19      2003


SUNRISE AND SUNSET
JANUARY 24 2017.......SUNRISE   722 AM EST   SUNSET   554 PM EST
JANUARY 25 2017.......SUNRISE   721 AM EST   SUNSET   555 PM EST


-  INDICATES NEGATIVE NUMBERS.
R  INDICATES RECORD WAS SET OR TIED.
MM INDICATES DATA IS MISSING.
T  INDICATES TRACE AMOUNT.




$$
