000
CDUS42 KJAX 070533
CLISSI


CLIMATE REPORT
NATIONAL WEATHER SERVICE JACKSONVILLE FL
1232 AM EST WED DEC 7 2016


...................................

...THE ST SIMONS ISLAND CLIMATE SUMMARY FOR DECEMBER 6 2016...

CLIMATE NORMAL PERIOD 1981 TO 2010
CLIMATE RECORD PERIOD 1948 TO 2016


WEATHER ITEM   OBSERVED TIME   RECORD YEAR NORMAL DEPARTURE LAST
                VALUE   (LST)  VALUE       VALUE  FROM      YEAR
                                                  NORMAL
..................................................................
TEMPERATURE (F)
 YESTERDAY
  MAXIMUM         81R   355 PM  79    1972  65     16       70
  MINIMUM         61   1159 PM  30    1962  48     13       50
  AVERAGE         71                        56     15       60

PRECIPITATION (IN)
  YESTERDAY        0.85          1.53 1979   0.08   0.77     0.10
  MONTH TO DATE    1.98                      0.48   1.50     0.10
  SINCE DEC 1      1.98                      0.48   1.50     0.10
  SINCE JAN 1     45.23                     42.84   2.39    52.10

SNOWFALL (IN)
  YESTERDAY        0.0           0.0    MM                   0.0
  MONTH TO DATE    0.0                                       0.0
  SINCE DEC 1      0.0                                       0.0
  SINCE JUL 1      0.0                                       0.0
  SNOW DEPTH       0

DEGREE DAYS
 HEATING
  YESTERDAY        0                         9     -9        5
  MONTH TO DATE   19                        53    -34       26
  SINCE DEC 1     19                        53    -34       26
  SINCE JUL 1    124                       233   -109       91

 COOLING
  YESTERDAY        6                         1      5        0
  MONTH TO DATE   13                         6      7        8
  SINCE DEC 1     13                         6      7        8
  SINCE JAN 1   3014                      2621    393     2817
..................................................................


WIND (MPH)
  HIGHEST WIND SPEED    20   HIGHEST WIND DIRECTION    SW (240)
  HIGHEST GUST SPEED    28   HIGHEST GUST DIRECTION     W (250)
  AVERAGE WIND SPEED     7.6


SKY COVER
  POSSIBLE SUNSHINE  MM
  AVERAGE SKY COVER 0.4


WEATHER CONDITIONS
 THE FOLLOWING WEATHER WAS RECORDED YESTERDAY.
  THUNDERSTORM
  HEAVY RAIN
  RAIN
  LIGHT RAIN
  FOG


RELATIVE HUMIDITY (PERCENT)
 HIGHEST   100           400 AM
 LOWEST     47           700 PM
 AVERAGE    74

..........................................................


THE ST SIMONS ISLAND CLIMATE NORMALS FOR TODAY
                         NORMAL    RECORD    YEAR
 MAXIMUM TEMPERATURE (F)   65        79      2011
                                             1971
 MINIMUM TEMPERATURE (F)   47        26      1984


SUNRISE AND SUNSET
DECEMBER  7 2016......SUNRISE   711 AM EST   SUNSET   523 PM EST
DECEMBER  8 2016......SUNRISE   712 AM EST   SUNSET   523 PM EST


-  INDICATES NEGATIVE NUMBERS.
R  INDICATES RECORD WAS SET OR TIED.
MM INDICATES DATA IS MISSING.
T  INDICATES TRACE AMOUNT.




$$
