000
CDUS43 KMPX 110723
CLISTC


CLIMATE REPORT
NATIONAL WEATHER SERVICE CHANHASSEN MN
122 AM CST THU FEB 11 2016


...................................

...THE ST CLOUD MN CLIMATE SUMMARY FOR FEBRUARY 10 2016...

CLIMATE NORMAL PERIOD 1981 TO 2010
CLIMATE RECORD PERIOD 1893 TO 2016


WEATHER ITEM   OBSERVED TIME   RECORD YEAR NORMAL DEPARTURE LAST
                VALUE   (LST)  VALUE       VALUE  FROM      YEAR
                                                  NORMAL
..................................................................
TEMPERATURE (F)
 YESTERDAY
  MAXIMUM         13    256 PM  47    1977  25    -12       28
  MINIMUM          1    713 AM -28    1899   5     -4       22
  AVERAGE          7                        15     -8       25

PRECIPITATION (IN)
  YESTERDAY        0.00          0.70 2013   0.02  -0.02     0.20
  MONTH TO DATE    0.23                      0.17   0.06     0.26
  SINCE DEC 1      1.56                      1.64  -0.08     1.25
  SINCE JAN 1      0.54                      0.82  -0.28     0.50

SNOWFALL (IN)
  YESTERDAY        0.0           6.7  2013   0.3   -0.3      1.0
  MONTH TO DATE    4.3                       2.3    2.0      2.7
  SINCE DEC 1     17.1                      20.3   -3.2      7.7
  SINCE JUL 1     22.8                      29.5   -6.7     25.3
  SNOW DEPTH       3

DEGREE DAYS
 HEATING
  YESTERDAY       58                        50      8       40
  MONTH TO DATE  474                       510    -36      494
  SINCE DEC 1   3237                      3687   -450     3251
  SINCE JUL 1   4696                      5612   -916     5183

 COOLING
  YESTERDAY        0                         0      0        0
  MONTH TO DATE    0                         0      0        0
  SINCE DEC 1      0                         0      0        0
  SINCE JAN 1      0                         0      0        0
..................................................................


WIND (MPH)
  HIGHEST WIND SPEED     9   HIGHEST WIND DIRECTION     N (10)
  HIGHEST GUST SPEED    12   HIGHEST GUST DIRECTION     N (340)
  AVERAGE WIND SPEED     4.3


SKY COVER
  POSSIBLE SUNSHINE  MM
  AVERAGE SKY COVER 0.6


WEATHER CONDITIONS
 THE FOLLOWING WEATHER WAS RECORDED YESTERDAY.
  NO SIGNIFICANT WEATHER WAS OBSERVED.


RELATIVE HUMIDITY (PERCENT)
 HIGHEST    79           300 AM
 LOWEST     50           400 PM
 AVERAGE    65

..........................................................


THE ST CLOUD MN CLIMATE NORMALS FOR TODAY
                         NORMAL    RECORD    YEAR
 MAXIMUM TEMPERATURE (F)   26        48      1987
                                             1918
 MINIMUM TEMPERATURE (F)    6       -35      1899


SUNRISE AND SUNSET
FEBRUARY 11 2016......SUNRISE   725 AM CST   SUNSET   537 PM CST
FEBRUARY 12 2016......SUNRISE   723 AM CST   SUNSET   538 PM CST


-  INDICATES NEGATIVE NUMBERS.
R  INDICATES RECORD WAS SET OR TIED.
MM INDICATES DATA IS MISSING.
T  INDICATES TRACE AMOUNT.




$$
