000
CDUS43 KMPX 310031
CLISTC


CLIMATE REPORT
NATIONAL WEATHER SERVICE CHANHASSEN MN
731 PM CDT TUE AUG 30 2016


...................................

...THE ST CLOUD MN CLIMATE SUMMARY FOR AUGUST 30 2016...
VALID TODAY AS OF 0700 PM LOCAL TIME.

CLIMATE NORMAL PERIOD 1981 TO 2010
CLIMATE RECORD PERIOD 1893 TO 2016


WEATHER ITEM   OBSERVED TIME   RECORD YEAR NORMAL DEPARTURE LAST
                VALUE   (LST)  VALUE       VALUE  FROM      YEAR
                                                  NORMAL
..................................................................
TEMPERATURE (F)
 TODAY
  MAXIMUM         78    411 PM  98    1921  77      1       80
  MINIMUM         61    416 AM  38    1974  53      8       57
  AVERAGE         70                        65      5       69

PRECIPITATION (IN)
  TODAY            0.00          1.58 1969   0.14  -0.14     0.00
  MONTH TO DATE    8.36                      3.66   4.70     3.10
  SINCE JUN 1     18.47                     11.14   7.33    14.94
  SINCE JAN 1     24.82                     19.45   5.37    23.61

SNOWFALL (IN)
  TODAY            0.0           0.0    MM   0.0    0.0      0.0
  MONTH TO DATE    0.0                       0.0    0.0      0.0
  SINCE JUN 1      0.0                       0.0    0.0      0.0
  SINCE JUL 1      0.0                       0.0    0.0      0.0
  SNOW DEPTH       0

DEGREE DAYS
 HEATING
  TODAY            0                         3     -3        0
  MONTH TO DATE   15                        39    -24       40
  SINCE JUN 1     55                       134    -79       80
  SINCE JUL 1     22                        56    -34       52

 COOLING
  TODAY            5                         3      2        4
  MONTH TO DATE  160                       124     36      103
  SINCE JUN 1    450                       401     49      372
  SINCE JAN 1    481                       426     55      377
..................................................................


WIND (MPH)
  HIGHEST WIND SPEED    10   HIGHEST WIND DIRECTION    NW (330)
  HIGHEST GUST SPEED    13   HIGHEST GUST DIRECTION     N (350)
  AVERAGE WIND SPEED     5.0


SKY COVER
  POSSIBLE SUNSHINE  MM
  AVERAGE SKY COVER 0.1


WEATHER CONDITIONS
 THE FOLLOWING WEATHER WAS RECORDED TODAY.
  FOG


RELATIVE HUMIDITY (PERCENT)
 HIGHEST   100          1200 AM
 LOWEST     40           200 PM
 AVERAGE    70

..........................................................


THE ST CLOUD MN CLIMATE NORMALS FOR TOMORROW
                         NORMAL    RECORD    YEAR
 MAXIMUM TEMPERATURE (F)   76        95      1907
 MINIMUM TEMPERATURE (F)   53        33      1974


SUNRISE AND SUNSET
AUGUST 30 2016........SUNRISE   636 AM CDT   SUNSET   757 PM CDT
AUGUST 31 2016........SUNRISE   637 AM CDT   SUNSET   755 PM CDT


-  INDICATES NEGATIVE NUMBERS.
R  INDICATES RECORD WAS SET OR TIED.
MM INDICATES DATA IS MISSING.
T  INDICATES TRACE AMOUNT.




$$
