000
CDUS43 KMPX 310024
CLISTC


CLIMATE REPORT
NATIONAL WEATHER SERVICE CHANHASSEN MN
724 PM CDT SAT JUL 30 2016


...................................

...THE ST CLOUD MN CLIMATE SUMMARY FOR JULY 30 2016...
VALID TODAY AS OF 0700 PM LOCAL TIME.

CLIMATE NORMAL PERIOD 1981 TO 2010
CLIMATE RECORD PERIOD 1893 TO 2016


WEATHER ITEM   OBSERVED TIME   RECORD YEAR NORMAL DEPARTURE LAST
                VALUE   (LST)  VALUE       VALUE  FROM      YEAR
                                                  NORMAL
..................................................................
TEMPERATURE (F)
 TODAY
  MAXIMUM         81    240 PM 102    1900  82     -1       84
  MINIMUM         51    507 AM  44    1971  58     -7       60
  AVERAGE         66                        70     -4       72

PRECIPITATION (IN)
  TODAY            0.00          1.22 1999   0.10  -0.10     0.00
  MONTH TO DATE    6.74                      3.20   3.54     7.18
  SINCE JUN 1     10.11                      7.37   2.74    11.84
  SINCE JAN 1     16.46                     15.68   0.78    20.51

SNOWFALL (IN)
  TODAY            0.0           0.0    MM   0.0    0.0      0.0
  MONTH TO DATE    0.0                       0.0    0.0      0.0
  SINCE JUN 1      0.0                       0.0    0.0      0.0
  SINCE JUL 1      0.0                       0.0    0.0      0.0
  SNOW DEPTH       0

DEGREE DAYS
 HEATING
  TODAY            0                         1     -1        0
  MONTH TO DATE    7                        16     -9       12
  SINCE JUN 1     40                        94    -54       40
  SINCE JUL 1      7                        16     -9       12

 COOLING
  TODAY            1                         6     -5        7
  MONTH TO DATE  174                       179     -5      190
  SINCE JUN 1    282                       274      8      262
  SINCE JAN 1    313                       299     14      267
..................................................................


WIND (MPH)
  HIGHEST WIND SPEED    12   HIGHEST WIND DIRECTION     S (170)
  HIGHEST GUST SPEED    14   HIGHEST GUST DIRECTION    SE (150)
  AVERAGE WIND SPEED     2.6


SKY COVER
  POSSIBLE SUNSHINE  MM
  AVERAGE SKY COVER 0.1


WEATHER CONDITIONS
 THE FOLLOWING WEATHER WAS RECORDED TODAY.
  FOG


RELATIVE HUMIDITY (PERCENT)
 HIGHEST   100          1200 AM
 LOWEST     54           200 PM
 AVERAGE    77

..........................................................


THE ST CLOUD MN CLIMATE NORMALS FOR TOMORROW
                         NORMAL    RECORD    YEAR
 MAXIMUM TEMPERATURE (F)   82       102      1988
 MINIMUM TEMPERATURE (F)   58        44      1992


SUNRISE AND SUNSET
JULY 30 2016..........SUNRISE   558 AM CDT   SUNSET   846 PM CDT
JULY 31 2016..........SUNRISE   600 AM CDT   SUNSET   845 PM CDT


-  INDICATES NEGATIVE NUMBERS.
R  INDICATES RECORD WAS SET OR TIED.
MM INDICATES DATA IS MISSING.
T  INDICATES TRACE AMOUNT.




$$
