292
CDUS43 KEAX 200646
CLISTJ


CLIMATE REPORT
NATIONAL WEATHER SERVICE KANSAS CITY/PLEASANT HILL MO
1244 AM CST FRI JAN 20 2017


...................................

...THE ST. JOSEPH MO CLIMATE SUMMARY FOR JANUARY 19 2017...

CLIMATE NORMAL PERIOD 1981 TO 2010
CLIMATE RECORD PERIOD 1892 TO 2017


WEATHER ITEM   OBSERVED TIME   RECORD YEAR NORMAL DEPARTURE LAST
                VALUE   (LST)  VALUE       VALUE  FROM      YEAR
                                                  NORMAL
..................................................................
TEMPERATURE (F)
 YESTERDAY
  MAXIMUM         48    418 PM  64    2015  37     11       21
  MINIMUM         38    301 AM -15    1943  17     21       19
  AVERAGE         43                        27     16       20

PRECIPITATION (IN)
  YESTERDAY        0.01          0.76 1980   0.02  -0.01     0.05
  MONTH TO DATE    0.92                      0.32   0.60     0.59
  SINCE DEC 1      2.02                      1.84   0.18     2.84
  SINCE JAN 1      0.92                      0.32   0.60     0.59

DEGREE DAYS
 HEATING
  YESTERDAY       22                        38    -16       45
  MONTH TO DATE  474                       725   -251      760
  SINCE DEC 1   1619                      1827   -208     1586
  SINCE JUL 1   2294                      2938   -644     2422

 COOLING
  YESTERDAY        0                         0      0        0
  MONTH TO DATE    0                         0      0        0
  SINCE DEC 1      0                         0      0        0
  SINCE JAN 1      0                         0      0        0
..................................................................


WIND (MPH)
  HIGHEST WIND SPEED    10   HIGHEST WIND DIRECTION     S (160)
  HIGHEST GUST SPEED    12   HIGHEST GUST DIRECTION     S (170)
  AVERAGE WIND SPEED     4.5


SKY COVER
  POSSIBLE SUNSHINE  MM
  AVERAGE SKY COVER 1.0


WEATHER CONDITIONS
 THE FOLLOWING WEATHER WAS RECORDED YESTERDAY.
  LIGHT RAIN
  FOG
  FOG W/VISIBILITY <= 1/4 MILE


RELATIVE HUMIDITY (PERCENT)
 HIGHEST   100          1200 AM
 LOWEST     89           500 AM
 AVERAGE    95

..........................................................


THE ST. JOSEPH MO CLIMATE NORMALS FOR TODAY
                         NORMAL    RECORD    YEAR
 MAXIMUM TEMPERATURE (F)   37        64      1997
 MINIMUM TEMPERATURE (F)   18       -15      1985


SUNRISE AND SUNSET
JANUARY 20 2017.......SUNRISE   736 AM CST   SUNSET   526 PM CST
JANUARY 21 2017.......SUNRISE   736 AM CST   SUNSET   527 PM CST


-  INDICATES NEGATIVE NUMBERS.
R  INDICATES RECORD WAS SET OR TIED.
MM INDICATES DATA IS MISSING.
T  INDICATES TRACE AMOUNT.




$$
