000
CDUS43 KEAX 160637
CLISTJ


CLIMATE REPORT
NATIONAL WEATHER SERVICE KANSAS CITY/PLEASANT HILL MO
135 AM CDT TUE SEP 16 2014


...................................

...THE ST. JOSEPH MO CLIMATE SUMMARY FOR SEPTEMBER 15 2014...

CLIMATE NORMAL PERIOD 1981 TO 2010
CLIMATE RECORD PERIOD 1892 TO 2014


WEATHER ITEM   OBSERVED TIME   RECORD YEAR NORMAL DEPARTURE LAST
                VALUE   (LST)  VALUE       VALUE  FROM      YEAR
                                                  NORMAL
..................................................................
TEMPERATURE (F)
 YESTERDAY
  MAXIMUM         71    140 PM  99    1939  80     -9       72
  MINIMUM         50   1159 PM  37    2007  54     -4       62
  AVERAGE         61                        67     -6       67

PRECIPITATION (IN)
  YESTERDAY        0.05          2.26 1941   0.11  -0.06     0.46
  MONTH TO DATE    1.67                      1.97  -0.30     1.94
  SINCE SEP 1      1.67                      1.97  -0.30     1.94
  SINCE JAN 1     24.22                     28.27  -4.05    21.61

DEGREE DAYS
 HEATING
  YESTERDAY        4                         2      2        0
  MONTH TO DATE   54                        16     38        3
  SINCE SEP 1     54                        16     38        3
  SINCE JUL 1     60                        21     39        5

 COOLING
  YESTERDAY        0                         4     -4        2
  MONTH TO DATE   73                        81     -8      137
  SINCE SEP 1     73                        81     -8      137
  SINCE JAN 1   1122                      1158    -36     1207
..................................................................


WIND (MPH)
  HIGHEST WIND SPEED    23   HIGHEST WIND DIRECTION     N (340)
  HIGHEST GUST SPEED    29   HIGHEST GUST DIRECTION     N (340)
  AVERAGE WIND SPEED     8.1


SKY COVER
  POSSIBLE SUNSHINE  MM
  AVERAGE SKY COVER 0.7


WEATHER CONDITIONS
 THE FOLLOWING WEATHER WAS RECORDED YESTERDAY.
  THUNDERSTORM
  LIGHT RAIN
  FOG


RELATIVE HUMIDITY (PERCENT)
 HIGHEST    97           600 AM
 LOWEST     67           400 PM
 AVERAGE    82

..........................................................


THE ST. JOSEPH MO CLIMATE NORMALS FOR TODAY
                         NORMAL    RECORD    YEAR
 MAXIMUM TEMPERATURE (F)   79        99      1931
 MINIMUM TEMPERATURE (F)   54        38      1999


SUNRISE AND SUNSET
SEPTEMBER 16 2014.....SUNRISE   702 AM CDT   SUNSET   727 PM CDT
SEPTEMBER 17 2014.....SUNRISE   703 AM CDT   SUNSET   725 PM CDT


-  INDICATES NEGATIVE NUMBERS.
R  INDICATES RECORD WAS SET OR TIED.
MM INDICATES DATA IS MISSING.
T  INDICATES TRACE AMOUNT.




$$
