000
CDUS43 KEAX 310632
CLISTJ


CLIMATE REPORT
NATIONAL WEATHER SERVICE KANSAS CITY/PLEASANT HILL MO
131 AM CDT MON AUG 31 2015


...................................

...THE ST. JOSEPH MO CLIMATE SUMMARY FOR AUGUST 30 2015...

CLIMATE NORMAL PERIOD 1981 TO 2010
CLIMATE RECORD PERIOD 1892 TO 2015


WEATHER ITEM   OBSERVED TIME   RECORD YEAR NORMAL DEPARTURE LAST
                VALUE   (LST)  VALUE       VALUE  FROM      YEAR
                                                  NORMAL
..................................................................
TEMPERATURE (F)
 YESTERDAY
  MAXIMUM         84    427 PM 103    1947  84      0       87
  MINIMUM         59    445 AM  46    1915  61     -2       63
  AVERAGE         72                        72      0       75

PRECIPITATION (IN)
  YESTERDAY        0.00          1.32 1965   0.15  -0.15     0.00
  MONTH TO DATE    0.22                      3.84  -3.62     1.52
  SINCE JUN 1     12.91                     13.21  -0.30    13.84
  SINCE JAN 1     28.60                     26.16   2.44    21.61

DEGREE DAYS
 HEATING
  YESTERDAY        0                         0      0        0
  MONTH TO DATE    4                         0      4        0
  SINCE JUN 1      5                         9     -4        7
  SINCE JUL 1      4                         1      3        6

 COOLING
  YESTERDAY        7                         8     -1       10
  MONTH TO DATE  249                       316    -67      336
  SINCE JUN 1    948                       957     -9      874
  SINCE JAN 1   1016                      1070    -54     1035
..................................................................


WIND (MPH)
  HIGHEST WIND SPEED    10   HIGHEST WIND DIRECTION    SE (120)
  HIGHEST GUST SPEED    12   HIGHEST GUST DIRECTION    SE (120)
  AVERAGE WIND SPEED     2.4


SKY COVER
  POSSIBLE SUNSHINE  MM
  AVERAGE SKY COVER 0.6


WEATHER CONDITIONS
 THE FOLLOWING WEATHER WAS RECORDED YESTERDAY.
  FOG


RELATIVE HUMIDITY (PERCENT)
 HIGHEST   100          1200 AM
 LOWEST     65           200 PM
 AVERAGE    83

..........................................................


THE ST. JOSEPH MO CLIMATE NORMALS FOR TODAY
                         NORMAL    RECORD    YEAR
 MAXIMUM TEMPERATURE (F)   84       103      1913
 MINIMUM TEMPERATURE (F)   60        44      1967


SUNRISE AND SUNSET
AUGUST 31 2015........SUNRISE   647 AM CDT   SUNSET   753 PM CDT
SEPTEMBER  1 2015.....SUNRISE   647 AM CDT   SUNSET   751 PM CDT


-  INDICATES NEGATIVE NUMBERS.
R  INDICATES RECORD WAS SET OR TIED.
MM INDICATES DATA IS MISSING.
T  INDICATES TRACE AMOUNT.




$$
