000
CDUS43 KEAX 290643
CLISTJ


CLIMATE REPORT
NATIONAL WEATHER SERVICE KANSAS CITY/PLEASANT HILL MO
1240 AM CST MON DEC 29 2014


...................................

...THE ST. JOSEPH MO CLIMATE SUMMARY FOR DECEMBER 28 2014...

CLIMATE NORMAL PERIOD 1981 TO 2010
CLIMATE RECORD PERIOD 1892 TO 2014


WEATHER ITEM   OBSERVED TIME   RECORD YEAR NORMAL DEPARTURE LAST
                VALUE   (LST)  VALUE       VALUE  FROM      YEAR
                                                  NORMAL
..................................................................
TEMPERATURE (F)
 YESTERDAY
  MAXIMUM         41    319 PM  70    1984  36      5       51
  MINIMUM         14    752 AM -13    1924  17     -3       24
  AVERAGE         28                        27      1       38

PRECIPITATION (IN)
  YESTERDAY        0.00          0.47 1990   0.04  -0.04     0.00
  MONTH TO DATE    0.96                      1.39  -0.43     0.37
  SINCE DEC 1      0.96                      1.39  -0.43     0.37
  SINCE JAN 1     31.91                     35.47  -3.56    31.19

DEGREE DAYS
 HEATING
  YESTERDAY       37                        38     -1       27
  MONTH TO DATE  824                       987   -163     1133
  SINCE DEC 1    824                       987   -163     1133
  SINCE JUL 1   2070                      2098    -28     2302

 COOLING
  YESTERDAY        0                         0      0        0
  MONTH TO DATE    0                         0      0        0
  SINCE DEC 1      0                         0      0        0
  SINCE JAN 1   1182                      1221    -39     1285
..................................................................


WIND (MPH)
  HIGHEST WIND SPEED    14   HIGHEST WIND DIRECTION    SW (220)
  HIGHEST GUST SPEED    16   HIGHEST GUST DIRECTION    SW (210)
  AVERAGE WIND SPEED     4.6


SKY COVER
  POSSIBLE SUNSHINE  MM
  AVERAGE SKY COVER 0.1


WEATHER CONDITIONS
 THE FOLLOWING WEATHER WAS RECORDED YESTERDAY.
  FOG


RELATIVE HUMIDITY (PERCENT)
 HIGHEST    96           400 AM
 LOWEST     40           300 PM
 AVERAGE    68

..........................................................


THE ST. JOSEPH MO CLIMATE NORMALS FOR TODAY
                         NORMAL    RECORD    YEAR
 MAXIMUM TEMPERATURE (F)   36        67      1984
 MINIMUM TEMPERATURE (F)   17       -13      1917


SUNRISE AND SUNSET
DECEMBER 29 2014......SUNRISE   740 AM CST   SUNSET   503 PM CST
DECEMBER 30 2014......SUNRISE   740 AM CST   SUNSET   504 PM CST


-  INDICATES NEGATIVE NUMBERS.
R  INDICATES RECORD WAS SET OR TIED.
MM INDICATES DATA IS MISSING.
T  INDICATES TRACE AMOUNT.




$$
