000
CDUS43 KEAX 260634
CLISTJ


CLIMATE REPORT
NATIONAL WEATHER SERVICE KANSAS CITY/PLEASANT HILL MO
132 AM CDT MON JUN 26 2017


...................................

...THE ST. JOSEPH MO CLIMATE SUMMARY FOR JUNE 25 2017...

CLIMATE NORMAL PERIOD 1981 TO 2010
CLIMATE RECORD PERIOD 1892 TO 2017


WEATHER ITEM   OBSERVED TIME   RECORD YEAR NORMAL DEPARTURE LAST
                VALUE   (LST)  VALUE       VALUE  FROM      YEAR
                                                  NORMAL
..................................................................
TEMPERATURE (F)
 YESTERDAY
  MAXIMUM         77    442 PM 103    1988  86     -9       95
  MINIMUM         51    523 AM  50    1967  66    -15       78
  AVERAGE         64                        76    -12       87

PRECIPITATION (IN)
  YESTERDAY        0.00          1.90 1942   0.10  -0.10     0.00
  MONTH TO DATE    1.29                      3.68  -2.39     0.37
  SINCE JUN 1      1.29                      3.68  -2.39     0.37
  SINCE JAN 1     13.37                     16.63  -3.26    14.50

DEGREE DAYS
 HEATING
  YESTERDAY        1                         0      1        0
  MONTH TO DATE    1                         6     -5        0
  SINCE JUN 1      1                         6     -5        0
  SINCE JUL 1   4261                      5456  -1195     4519

 COOLING
  YESTERDAY        0                        11    -11       22
  MONTH TO DATE  281                       212     69      364
  SINCE JUN 1    281                       212     69      364
  SINCE JAN 1    400                       325     75      447
..................................................................


WIND (MPH)
  HIGHEST WIND SPEED    18   HIGHEST WIND DIRECTION     N (10)
  HIGHEST GUST SPEED    22   HIGHEST GUST DIRECTION     N (10)
  AVERAGE WIND SPEED     5.8


SKY COVER
  POSSIBLE SUNSHINE  MM
  AVERAGE SKY COVER 0.0


WEATHER CONDITIONS
 THE FOLLOWING WEATHER WAS RECORDED YESTERDAY.
  NO SIGNIFICANT WEATHER WAS OBSERVED.


RELATIVE HUMIDITY (PERCENT)
 HIGHEST    89           400 AM
 LOWEST     36          1200 PM
 AVERAGE    63

..........................................................


THE ST. JOSEPH MO CLIMATE NORMALS FOR TODAY
                         NORMAL    RECORD    YEAR
 MAXIMUM TEMPERATURE (F)   86       103      1936
 MINIMUM TEMPERATURE (F)   66        50      2004
                                             1958


SUNRISE AND SUNSET
JUNE 26 2017..........SUNRISE   553 AM CDT   SUNSET   852 PM CDT
JUNE 27 2017..........SUNRISE   554 AM CDT   SUNSET   852 PM CDT


-  INDICATES NEGATIVE NUMBERS.
R  INDICATES RECORD WAS SET OR TIED.
MM INDICATES DATA IS MISSING.
T  INDICATES TRACE AMOUNT.




$$
