000
CDUS43 KEAX 220632
CLISTJ


CLIMATE REPORT
NATIONAL WEATHER SERVICE KANSAS CITY/PLEASANT HILL MO
132 AM CDT SUN OCT 22 2017


...................................

...THE ST. JOSEPH MO CLIMATE SUMMARY FOR OCTOBER 21 2017...

CLIMATE NORMAL PERIOD 1981 TO 2010
CLIMATE RECORD PERIOD 1892 TO 2017


WEATHER ITEM   OBSERVED TIME   RECORD YEAR NORMAL DEPARTURE LAST
                VALUE   (LST)  VALUE       VALUE  FROM      YEAR
                                                  NORMAL
..................................................................
TEMPERATURE (F)
 YESTERDAY
  MAXIMUM         75    328 PM  88    1979  65     10       64
  MINIMUM         52   1159 PM  20    1982  41     11       34
  AVERAGE         64                        53     11       49

PRECIPITATION (IN)
  YESTERDAY        1.88R         0.91 2009   0.09   1.79     0.00
  MONTH TO DATE    4.07                      1.95   2.12     1.48
  SINCE SEP 1      5.10                      5.37  -0.27    10.14
  SINCE JAN 1     25.35                     31.67  -6.32    40.26

DEGREE DAYS
 HEATING
  YESTERDAY        1                        12    -11       16
  MONTH TO DATE   92                       194   -102      121
  SINCE SEP 1    115                       269   -154      146
  SINCE JUL 1    121                       274   -153      148

 COOLING
  YESTERDAY        0                         0      0        0
  MONTH TO DATE   37                        18     19       34
  SINCE SEP 1    227                       140     87      256
  SINCE JAN 1   1271                      1217     54     1528
..................................................................


WIND (MPH)
  HIGHEST WIND SPEED    25   HIGHEST WIND DIRECTION     S (190)
  HIGHEST GUST SPEED    35   HIGHEST GUST DIRECTION     S (190)
  AVERAGE WIND SPEED    14.0


SKY COVER
  POSSIBLE SUNSHINE  MM
  AVERAGE SKY COVER 1.0


WEATHER CONDITIONS
 THE FOLLOWING WEATHER WAS RECORDED YESTERDAY.
  THUNDERSTORM
  HEAVY RAIN
  RAIN
  LIGHT RAIN
  FOG


RELATIVE HUMIDITY (PERCENT)
 HIGHEST   100           600 PM
 LOWEST     69           300 PM
 AVERAGE    85

..........................................................


THE ST. JOSEPH MO CLIMATE NORMALS FOR TODAY
                         NORMAL    RECORD    YEAR
 MAXIMUM TEMPERATURE (F)   65        87      1927
 MINIMUM TEMPERATURE (F)   41        23      1982


SUNRISE AND SUNSET
OCTOBER 22 2017.......SUNRISE   738 AM CDT   SUNSET   630 PM CDT
OCTOBER 23 2017.......SUNRISE   739 AM CDT   SUNSET   629 PM CDT


-  INDICATES NEGATIVE NUMBERS.
R  INDICATES RECORD WAS SET OR TIED.
MM INDICATES DATA IS MISSING.
T  INDICATES TRACE AMOUNT.




$$
