000
CDUS43 KLSX 300745
CLISTL


CLIMATE REPORT
NATIONAL WEATHER SERVICE ST LOUIS MO
245 AM CDT SAT MAY 30 2015


...................................

...THE ST. LOUIS CLIMATE SUMMARY FOR MAY 29 2015...

CLIMATE NORMAL PERIOD 1981 TO 2010
CLIMATE RECORD PERIOD 1874 TO 2015


WEATHER ITEM   OBSERVED TIME   RECORD YEAR NORMAL DEPARTURE LAST
                VALUE   (LST)  VALUE       VALUE  FROM      YEAR
                                                  NORMAL
..................................................................
TEMPERATURE (F)
 YESTERDAY
  MAXIMUM         86    229 PM  94    1926  80      6       86
  MINIMUM         71   1159 PM  41    1984  61     10       70
  AVERAGE         79                        71      8       78

PRECIPITATION (IN)
  YESTERDAY        0.08          2.13 1898   0.17  -0.09     0.00
  MONTH TO DATE    3.08                      4.39  -1.31     3.84
  SINCE MAR 1     11.50                     11.40   0.10    13.77
  SINCE JAN 1     14.45                     16.04  -1.59    16.92

SNOWFALL (IN)
  YESTERDAY        0.0           0.0  2014   0.0    0.0      0.0
  MONTH TO DATE    0.0                       0.0    0.0      0.0
  SINCE MAR 1      0.6                       2.7   -2.1      1.6
  SINCE JUL 1     16.8                      17.7   -0.9     28.8
  SNOW DEPTH       0

DEGREE DAYS
 HEATING
  YESTERDAY        0                         1     -1        0
  MONTH TO DATE   42                        73    -31       79
  SINCE MAR 1    772                       931   -159      990
  SINCE JUL 1   4574                      4529     45     5027

 COOLING
  YESTERDAY       14                         6      8       13
  MONTH TO DATE  197                       114     83      198
  SINCE MAR 1    222                       160     62      235
  SINCE JAN 1    222                       160     62      235
..................................................................


WIND (MPH)
  HIGHEST WIND SPEED    18   HIGHEST WIND DIRECTION     W (270)
  HIGHEST GUST SPEED    21   HIGHEST GUST DIRECTION     W (270)
  AVERAGE WIND SPEED     8.8


SKY COVER
  AVERAGE SKY COVER 0.8


WEATHER CONDITIONS
 THE FOLLOWING WEATHER WAS RECORDED YESTERDAY.
  THUNDERSTORM
  LIGHT RAIN


RELATIVE HUMIDITY (PERCENT)
 HIGHEST    79           400 AM
 LOWEST     55           300 PM
 AVERAGE    67

..........................................................


THE ST. LOUIS CLIMATE NORMALS FOR TODAY
                         NORMAL    RECORD    YEAR
 MAXIMUM TEMPERATURE (F)   80        97      1934
 MINIMUM TEMPERATURE (F)   62        42      1889


SUNRISE AND SUNSET
MAY 30 2015...........SUNRISE   539 AM CDT   SUNSET   819 PM CDT
MAY 31 2015...........SUNRISE   539 AM CDT   SUNSET   820 PM CDT


-  INDICATES NEGATIVE NUMBERS.
R  INDICATES RECORD WAS SET OR TIED.
MM INDICATES DATA IS MISSING.
T  INDICATES TRACE AMOUNT.




$$
