000
CDUS43 KLSX 242226
CLISTL


CLIMATE REPORT
NATIONAL WEATHER SERVICE ST LOUIS MO
526 PM CDT THU APR 24 2014


...................................

...THE ST. LOUIS CLIMATE SUMMARY FOR APRIL 24 2014...
VALID TODAY AS OF 0500 PM LOCAL TIME.

CLIMATE NORMAL PERIOD 1981 TO 2010
CLIMATE RECORD PERIOD 1874 TO 2014


WEATHER ITEM   OBSERVED TIME   RECORD YEAR NORMAL DEPARTURE LAST
                VALUE   (LST)  VALUE       VALUE  FROM      YEAR
                                                  NORMAL
..................................................................
TEMPERATURE (F)
 TODAY
  MAXIMUM         81    223 PM  90    2009  70     11       54
                                      1990
                                      1989
  MINIMUM         53    523 AM  25    1910  50      3       38
  AVERAGE         67                        60      7       46

PRECIPITATION (IN)
  TODAY            0.00          1.44 1975   0.13  -0.13     0.01
  MONTH TO DATE    6.14                      2.92   3.22     5.25
  SINCE MAR 1      7.69                      6.24   1.45    10.20
  SINCE JAN 1     10.84                     10.88  -0.04    16.59

SNOWFALL (IN)
  TODAY            0.0           1.1  1910   0.0    0.0      0.0
  MONTH TO DATE    T                         0.4   -0.4       T
  SINCE MAR 1      1.6                       2.7   -1.1     14.3
  SINCE JUL 1     28.8                      17.7   11.1     27.9
  SNOW DEPTH       0

DEGREE DAYS
 HEATING
  TODAY            0                         6     -6       19
  MONTH TO DATE  204                       237    -33      267
  SINCE MAR 1    894                       825     69     1020
  SINCE JUL 1   4931                      4423    508     4337

 COOLING
  TODAY            2                         2      0        0
  MONTH TO DATE   22                        30     -8       24
  SINCE MAR 1     22                        37    -15       24
  SINCE JAN 1     22                        37    -15       24
..................................................................


WIND (MPH)
  HIGHEST WIND SPEED    24   HIGHEST WIND DIRECTION     S (190)
  HIGHEST GUST SPEED    35   HIGHEST GUST DIRECTION     S (160)
  AVERAGE WIND SPEED    15.5


SKY COVER
  AVERAGE SKY COVER 0.8



RELATIVE HUMIDITY (PERCENT)
 HIGHEST    46           500 AM
 LOWEST     28           100 PM
 AVERAGE    37

..........................................................


THE ST. LOUIS CLIMATE NORMALS FOR TOMORROW
                         NORMAL    RECORD    YEAR
 MAXIMUM TEMPERATURE (F)   71        92      1986
 MINIMUM TEMPERATURE (F)   51        32      1934


SUNRISE AND SUNSET
APRIL 24 2014.........SUNRISE   613 AM CDT   SUNSET   747 PM CDT
APRIL 25 2014.........SUNRISE   611 AM CDT   SUNSET   748 PM CDT


-  INDICATES NEGATIVE NUMBERS.
R  INDICATES RECORD WAS SET OR TIED.
MM INDICATES DATA IS MISSING.
T  INDICATES TRACE AMOUNT.




$$
