000
CDUS43 KLSX 200732
CLISTL


CLIMATE REPORT
NATIONAL WEATHER SERVICE ST LOUIS MO
231 AM CDT SUN APR 20 2014


...................................

...THE ST. LOUIS CLIMATE SUMMARY FOR APRIL 19 2014...

CLIMATE NORMAL PERIOD 1981 TO 2010
CLIMATE RECORD PERIOD 1874 TO 2014


WEATHER ITEM   OBSERVED TIME   RECORD YEAR NORMAL DEPARTURE LAST
                VALUE   (LST)  VALUE       VALUE  FROM      YEAR
                                                  NORMAL
..................................................................
TEMPERATURE (F)
 YESTERDAY
  MAXIMUM         76    250 PM  88    2011  69      7       53
                                      1948
  MINIMUM         48    522 AM  26    1983  49     -1       39
  AVERAGE         62                        59      3       46

PRECIPITATION (IN)
  YESTERDAY        0.00          1.83 1874   0.12  -0.12      T
  MONTH TO DATE    6.05                      2.28   3.77     4.52
  SINCE MAR 1      7.60                      5.60   2.00     9.47
  SINCE JAN 1     10.75                     10.24   0.51    15.86

SNOWFALL (IN)
  YESTERDAY        0.0           T    2013   0.0    0.0       T
  MONTH TO DATE    T                         0.3   -0.3       T
  SINCE MAR 1      1.6                       2.6   -1.0     14.3
  SINCE JUL 1     28.8                      17.6   11.2     27.9
  SNOW DEPTH       0

DEGREE DAYS
 HEATING
  YESTERDAY        3                         8     -5       19
  MONTH TO DATE  191                       202    -11      196
  SINCE MAR 1    881                       790     91      949
  SINCE JUL 1   4918                      4388    530     4266

 COOLING
  YESTERDAY        0                         2     -2        0
  MONTH TO DATE   13                        20     -7       24
  SINCE MAR 1     13                        27    -14       24
  SINCE JAN 1     13                        27    -14       24
..................................................................


WIND (MPH)
  HIGHEST WIND SPEED    15   HIGHEST WIND DIRECTION    SE (130)
  HIGHEST GUST SPEED    17   HIGHEST GUST DIRECTION     E (110)
  AVERAGE WIND SPEED     7.1


SKY COVER
  AVERAGE SKY COVER 0.5


WEATHER CONDITIONS
 THE FOLLOWING WEATHER WAS RECORDED YESTERDAY.
  HAZE


RELATIVE HUMIDITY (PERCENT)
 HIGHEST    71           600 AM
 LOWEST     25           300 PM
 AVERAGE    48

..........................................................


THE ST. LOUIS CLIMATE NORMALS FOR TODAY
                         NORMAL    RECORD    YEAR
 MAXIMUM TEMPERATURE (F)   69        89      1987
 MINIMUM TEMPERATURE (F)   49        28      1904


SUNRISE AND SUNSET
APRIL 20 2014.........SUNRISE   618 AM CDT   SUNSET   743 PM CDT
APRIL 21 2014.........SUNRISE   617 AM CDT   SUNSET   744 PM CDT


-  INDICATES NEGATIVE NUMBERS.
R  INDICATES RECORD WAS SET OR TIED.
MM INDICATES DATA IS MISSING.
T  INDICATES TRACE AMOUNT.




$$
