000
CDUS43 KLSX 010801
CLISTL


CLIMATE REPORT
NATIONAL WEATHER SERVICE ST LOUIS MO
159 AM CST SUN MAR 1 2015


...................................

...THE ST. LOUIS CLIMATE SUMMARY FOR FEBRUARY 28 2015...

CLIMATE NORMAL PERIOD 1981 TO 2010
CLIMATE RECORD PERIOD 1874 TO 2015


WEATHER ITEM   OBSERVED TIME   RECORD YEAR NORMAL DEPARTURE LAST
                VALUE   (LST)  VALUE       VALUE  FROM      YEAR
                                                  NORMAL
..................................................................
TEMPERATURE (F)
 YESTERDAY
  MAXIMUM         28    121 PM  80    1972  50    -22       48
  MINIMUM         15    512 AM   4    1890  31    -16       19
  AVERAGE         22                        40    -18       34

PRECIPITATION (IN)
  YESTERDAY        0.31          1.35 1900   0.08   0.23     0.00
  MONTH TO DATE    1.74                      2.24  -0.50     1.48
  SINCE DEC 1      5.67                      7.48  -1.81     5.11
  SINCE JAN 1      2.95                      4.64  -1.69     3.15

SNOWFALL (IN)
  YESTERDAY        3.9           5.4  1922   0.1    3.8      0.0
  MONTH TO DATE   11.9                       4.3    7.6      5.8
  SINCE DEC 1     12.4                      14.3   -1.9     27.2
  SINCE JUL 1     16.2                      15.0    1.2     27.2
  SNOW DEPTH       T

DEGREE DAYS
 HEATING
  YESTERDAY       43                        25     18       31
  MONTH TO DATE 1063                       805    258     1043
  SINCE DEC 1   2845                      2772     73     3167
  SINCE JUL 1   3802                      3598    204     4037

 COOLING
  YESTERDAY        0                         0      0        0
  MONTH TO DATE    0                         0      0        0
  SINCE DEC 1      0                         0      0        0
  SINCE JAN 1      0                         0      0        0
..................................................................


WIND (MPH)
  HIGHEST WIND SPEED    14   HIGHEST WIND DIRECTION    SE (130)
  HIGHEST GUST SPEED    20   HIGHEST GUST DIRECTION    SE (130)
  AVERAGE WIND SPEED     7.0


SKY COVER
  AVERAGE SKY COVER 1.0


WEATHER CONDITIONS
 THE FOLLOWING WEATHER WAS RECORDED YESTERDAY.
  SNOW
  LIGHT SNOW
  FOG
  FOG W/VISIBILITY <= 1/4 MILE


RELATIVE HUMIDITY (PERCENT)
 HIGHEST    88           500 PM
 LOWEST     50          1100 AM
 AVERAGE    69

..........................................................


THE ST. LOUIS CLIMATE NORMALS FOR TODAY
                         NORMAL    RECORD    YEAR
 MAXIMUM TEMPERATURE (F)   50        79      1887
 MINIMUM TEMPERATURE (F)   32         5      1962


SUNRISE AND SUNSET
MARCH  1 2015.........SUNRISE   634 AM CST   SUNSET   554 PM CST
MARCH  2 2015.........SUNRISE   633 AM CST   SUNSET   555 PM CST


-  INDICATES NEGATIVE NUMBERS.
R  INDICATES RECORD WAS SET OR TIED.
MM INDICATES DATA IS MISSING.
T  INDICATES TRACE AMOUNT.




$$
