000
CDUS43 KLSX 242228
CLISTL


CLIMATE REPORT
NATIONAL WEATHER SERVICE ST LOUIS MO
527 PM CDT WED AUG 24 2016


...................................

...THE ST. LOUIS CLIMATE SUMMARY FOR AUGUST 24 2016...
VALID TODAY AS OF 0500 PM LOCAL TIME.

CLIMATE NORMAL PERIOD 1981 TO 2010
CLIMATE RECORD PERIOD 1874 TO 2016


WEATHER ITEM   OBSERVED TIME   RECORD YEAR NORMAL DEPARTURE LAST
                VALUE   (LST)  VALUE       VALUE  FROM      YEAR
                                                  NORMAL
..................................................................
TEMPERATURE (F)
 TODAY
  MAXIMUM         95    359 PM 103    1947  87      8       81
  MINIMUM         75   1256 AM  51    1942  69      6       57
  AVERAGE         85                        78      7       69

PRECIPITATION (IN)
  TODAY            0.00          2.71 1918   0.08  -0.08     0.00
  MONTH TO DATE    5.24                      2.34   2.90     6.67
  SINCE JUN 1     14.90                     10.73   4.17    23.94
  SINCE JAN 1     27.95                     27.10   0.85    38.93

SNOWFALL (IN)
  TODAY            0.0           0.0  2015   0.0    0.0      0.0
  MONTH TO DATE    0.0                       0.0    0.0      0.0
  SINCE JUN 1      0.0                       0.0    0.0      0.0
  SINCE JUL 1      0.0                       0.0    0.0      0.0
  SNOW DEPTH       0

DEGREE DAYS
 HEATING
  TODAY            0                         0      0        0
  MONTH TO DATE    0                         0      0        0
  SINCE JUN 1      0                         5     -5        3
  SINCE JUL 1      0                         0      0        0

 COOLING
  TODAY           20                        13      7        4
  MONTH TO DATE  366                       340     26      334
  SINCE JUN 1   1383                      1141    242     1214
  SINCE JAN 1   1577                      1315    262     1438
..................................................................


WIND (MPH)
  HIGHEST WIND SPEED    24   HIGHEST WIND DIRECTION    SW (210)
  HIGHEST GUST SPEED    31   HIGHEST GUST DIRECTION    SW (220)
  AVERAGE WIND SPEED    12.0


SKY COVER
  AVERAGE SKY COVER 0.7



RELATIVE HUMIDITY (PERCENT)
 HIGHEST    87          1200 AM
 LOWEST     46           400 PM
 AVERAGE    67

..........................................................


THE ST. LOUIS CLIMATE NORMALS FOR TOMORROW
                         NORMAL    RECORD    YEAR
 MAXIMUM TEMPERATURE (F)   87       101      1943
 MINIMUM TEMPERATURE (F)   68        52      1958


SUNRISE AND SUNSET
AUGUST 24 2016........SUNRISE   624 AM CDT   SUNSET   743 PM CDT
AUGUST 25 2016........SUNRISE   625 AM CDT   SUNSET   741 PM CDT


-  INDICATES NEGATIVE NUMBERS.
R  INDICATES RECORD WAS SET OR TIED.
MM INDICATES DATA IS MISSING.
T  INDICATES TRACE AMOUNT.




$$
