000
CDUS46 KMTR 180025
CLISTS


CLIMATE REPORT
NATIONAL WEATHER SERVICE SAN FRANCISCO BAY AREA
525 PM PDT THU AUG 17 2017


...................................

...THE SANTA ROSA AIRPORT CLIMATE SUMMARY FOR AUGUST 17 2017...
VALID TODAY AS OF 0500 PM LOCAL TIME.

CLIMATE NORMAL PERIOD 1981 TO 2010
CLIMATE RECORD PERIOD 1998 TO 2017


WEATHER ITEM   OBSERVED TIME   RECORD YEAR NORMAL DEPARTURE LAST
                VALUE   (LST)  VALUE       VALUE  FROM      YEAR
                                                  NORMAL
..................................................................
TEMPERATURE (F)
 TODAY
  MAXIMUM         80    225 PM  98    2015  83     -3       82
  MINIMUM         58    723 AM  44    2009  51      7       52
  AVERAGE         69                        67      2       67

PRECIPITATION (IN)
  TODAY            0.00          0.00 2000   0.00   0.00     0.00
  MONTH TO DATE    T                         0.01  -0.01      T
  SINCE OCT 1     60.37                     35.86  24.51    32.14
  SINCE JAN 1     41.95                     22.11  19.84    23.56

DEGREE DAYS
 HEATING
  TODAY            0                                         0
  MONTH TO DATE    0                                         4
  SINCE JUN 1     34                                        32
  SINCE JUL 1      0                                        11

 COOLING
  TODAY            4                                         2
  MONTH TO DATE   74                                        25
  SINCE JUN 1    337                                       208
  SINCE JAN 1    374                                       237
..................................................................


WIND (MPH)
  RESULTANT WIND SPEED   3   RESULTANT WIND DIRECTION   S (180)
  HIGHEST WIND SPEED    14   HIGHEST WIND DIRECTION     S (180)
  HIGHEST GUST SPEED    17   HIGHEST GUST DIRECTION     S (190)
  AVERAGE WIND SPEED     5.0


SKY COVER
  POSSIBLE SUNSHINE  MM
  AVERAGE SKY COVER 0.6


WEATHER CONDITIONS
 THE FOLLOWING WEATHER WAS RECORDED TODAY.
  FOG


RELATIVE HUMIDITY (PERCENT)
 HIGHEST    93           200 AM
 LOWEST     48           300 PM
 AVERAGE    71

..........................................................


THE SANTA ROSA AIRPORT CLIMATE NORMALS FOR TOMORROW
                         NORMAL    RECORD    YEAR
 MAXIMUM TEMPERATURE (F)   83        95      2013
 MINIMUM TEMPERATURE (F)   51        45      2000


SUNRISE AND SUNSET
AUGUST 17 2017........SUNRISE   628 AM PDT   SUNSET   802 PM PDT
AUGUST 18 2017........SUNRISE   629 AM PDT   SUNSET   801 PM PDT


-  INDICATES NEGATIVE NUMBERS.
R  INDICATES RECORD WAS SET OR TIED.
MM INDICATES DATA IS MISSING.
T  INDICATES TRACE AMOUNT.




$$
