000
CDUS46 KMTR 280027
CLISTS


CLIMATE REPORT
NATIONAL WEATHER SERVICE SAN FRANCISCO BAY AREA
527 PM PDT SAT AUG 27 2016


...................................

...THE SANTA ROSA AIRPORT CLIMATE SUMMARY FOR AUGUST 27 2016...
VALID TODAY AS OF 0500 PM LOCAL TIME.

CLIMATE NORMAL PERIOD 1981 TO 2010
CLIMATE RECORD PERIOD 1998 TO 2016


WEATHER ITEM   OBSERVED TIME   RECORD YEAR NORMAL DEPARTURE LAST
                VALUE   (LST)  VALUE       VALUE  FROM      YEAR
                                                  NORMAL
..................................................................
TEMPERATURE (F)
 TODAY
  MAXIMUM         73    241 PM 101    2008  84    -11       96
  MINIMUM         59    623 AM  46    2012  51      8       52
                                      1998
  AVERAGE         66                        68     -2       74

PRECIPITATION (IN)
  TODAY            0.00          0.00 2000   0.00   0.00     0.00
  MONTH TO DATE    T                         0.05  -0.05      T
  SINCE OCT 1     32.14                     35.90  -3.76    24.56
  SINCE JAN 1     23.56                     22.15   1.41     6.01

DEGREE DAYS
 HEATING
  TODAY            0                                         0
  MONTH TO DATE    5                                         3
  SINCE JUN 1     33                                        26
  SINCE JUL 1     12                                         7

 COOLING
  TODAY            1                                         9
  MONTH TO DATE   34                                       138
  SINCE JUN 1    217                                       362
  SINCE JAN 1    246                                       374
..................................................................


WIND (MPH)
  RESULTANT WIND SPEED   2   RESULTANT WIND DIRECTION   S (190)
  HIGHEST WIND SPEED    14   HIGHEST WIND DIRECTION     S (180)
  HIGHEST GUST SPEED    18   HIGHEST GUST DIRECTION     S (190)
  AVERAGE WIND SPEED     4.2


SKY COVER
  POSSIBLE SUNSHINE  MM
  AVERAGE SKY COVER 0.8


WEATHER CONDITIONS
 THE FOLLOWING WEATHER WAS RECORDED TODAY.
  NO SIGNIFICANT WEATHER WAS OBSERVED.


RELATIVE HUMIDITY (PERCENT)
 HIGHEST    84           100 AM
 LOWEST     57           100 PM
 AVERAGE    71

..........................................................


THE SANTA ROSA AIRPORT CLIMATE NORMALS FOR TOMORROW
                         NORMAL    RECORD    YEAR
 MAXIMUM TEMPERATURE (F)   84       103      2008
 MINIMUM TEMPERATURE (F)   51        46      2010


SUNRISE AND SUNSET
AUGUST 27 2016........SUNRISE   637 AM PDT   SUNSET   748 PM PDT
AUGUST 28 2016........SUNRISE   638 AM PDT   SUNSET   746 PM PDT


-  INDICATES NEGATIVE NUMBERS.
R  INDICATES RECORD WAS SET OR TIED.
MM INDICATES DATA IS MISSING.
T  INDICATES TRACE AMOUNT.




$$
