000
CDUS43 KFSD 300729
CLISUX


CLIMATE REPORT
NATIONAL WEATHER SERVICE SIOUX FALLS SD
228 AM CDT MON MAR 30 2015


...................................

...THE SIOUX CITY IA CLIMATE SUMMARY FOR MARCH 29 2015...

CLIMATE NORMAL PERIOD 1981 TO 2010
CLIMATE RECORD PERIOD 1889 TO 2015


WEATHER ITEM   OBSERVED TIME   RECORD YEAR NORMAL DEPARTURE LAST
                VALUE   (LST)  VALUE       VALUE  FROM      YEAR
                                                  NORMAL
..................................................................
TEMPERATURE (F)
 YESTERDAY
  MAXIMUM         64    412 PM  89    1986  54     10       55
  MINIMUM         33   1159 PM   5    1969  30      3       17
  AVERAGE         49                        42      7       36

PRECIPITATION (IN)
  YESTERDAY        T             0.95 1976   0.09  -0.09     0.00
  MONTH TO DATE    0.88                      1.82  -0.94     0.38
  SINCE MAR 1      0.88                      1.82  -0.94     0.38
  SINCE JAN 1      1.84                      3.11  -1.27     1.15

SNOWFALL (IN)
  YESTERDAY        0.0           5.0  1954   0.2   -0.2      0.0
  MONTH TO DATE    T                         6.2   -6.2      4.7
  SINCE MAR 1      T                         6.2   -6.2      4.7
  SINCE JUL 1     21.5                      32.7  -11.2     18.5
  SNOW DEPTH       0

DEGREE DAYS
 HEATING
  YESTERDAY       16                        23     -7       29
  MONTH TO DATE  687                       840   -153      955
  SINCE MAR 1    687                       840   -153      955
  SINCE JUL 1   5853                      6134   -281     6559

 COOLING
  YESTERDAY        0                         0      0        0
  MONTH TO DATE    0                         0      0        0
  SINCE MAR 1      0                         0      0        0
  SINCE JAN 1      0                         0      0        0
..................................................................


WIND (MPH)
  HIGHEST WIND SPEED    38   HIGHEST WIND DIRECTION    NW (310)
  HIGHEST GUST SPEED    53   HIGHEST GUST DIRECTION    NW (320)
  AVERAGE WIND SPEED    15.4


SKY COVER
  POSSIBLE SUNSHINE  MM
  AVERAGE SKY COVER 0.2


WEATHER CONDITIONS
 THE FOLLOWING WEATHER WAS RECORDED YESTERDAY.
  LIGHT RAIN


RELATIVE HUMIDITY (PERCENT)
 HIGHEST    70           600 AM
 LOWEST     19           500 PM
 AVERAGE    45

..........................................................


THE SIOUX CITY IA CLIMATE NORMALS FOR TODAY
                         NORMAL    RECORD    YEAR
 MAXIMUM TEMPERATURE (F)   55        91      1968
 MINIMUM TEMPERATURE (F)   30         8      1969


SUNRISE AND SUNSET
MARCH 30 2015.........SUNRISE   712 AM CDT   SUNSET   749 PM CDT
MARCH 31 2015.........SUNRISE   710 AM CDT   SUNSET   750 PM CDT


-  INDICATES NEGATIVE NUMBERS.
R  INDICATES RECORD WAS SET OR TIED.
MM INDICATES DATA IS MISSING.
T  INDICATES TRACE AMOUNT.




$$
