000
CDUS43 KFSD 240628
CLISUX


CLIMATE REPORT
NATIONAL WEATHER SERVICE SIOUX FALLS SD
125 AM CDT FRI OCT 24 2014


...................................

...THE SIOUX CITY IA CLIMATE SUMMARY FOR OCTOBER 23 2014...

CLIMATE NORMAL PERIOD 1981 TO 2010
CLIMATE RECORD PERIOD 1889 TO 2014


WEATHER ITEM   OBSERVED TIME   RECORD YEAR NORMAL DEPARTURE LAST
                VALUE   (LST)  VALUE       VALUE  FROM      YEAR
                                                  NORMAL
..................................................................
TEMPERATURE (F)
 YESTERDAY
  MAXIMUM         73    350 PM  83    1899  60     13       43
  MINIMUM         46    711 AM  15    1895  36     10       29
  AVERAGE         60                        48     12       36

PRECIPITATION (IN)
  YESTERDAY        T             1.12 1906   0.05  -0.05     0.11
  MONTH TO DATE    1.13                      1.73  -0.60     3.63
  SINCE SEP 1      3.92                      4.69  -0.77     5.07
  SINCE JAN 1     39.55                     25.23  14.32    25.10

SNOWFALL (IN)
  YESTERDAY        0.0           2.5  2002   0.1   -0.1       T
  MONTH TO DATE    0.0                       0.5   -0.5       T
  SINCE SEP 1      0.0                       0.5   -0.5       T
  SINCE JUL 1      0.0                       0.5   -0.5       T
  SNOW DEPTH       0

DEGREE DAYS
 HEATING
  YESTERDAY        5                        17    -12       29
  MONTH TO DATE  254                       300    -46      280
  SINCE SEP 1    360                       432    -72      325
  SINCE JUL 1    366                       447    -81      345

 COOLING
  YESTERDAY        0                         0      0        0
  MONTH TO DATE    4                         8     -4        7
  SINCE SEP 1     96                        92      4      159
  SINCE JAN 1    862                       869     -7      960
..................................................................


WIND (MPH)
  HIGHEST WIND SPEED    13   HIGHEST WIND DIRECTION     S (190)
  HIGHEST GUST SPEED    16   HIGHEST GUST DIRECTION     S (200)
  AVERAGE WIND SPEED     4.8


SKY COVER
  POSSIBLE SUNSHINE  MM
  AVERAGE SKY COVER 0.3


WEATHER CONDITIONS
 THE FOLLOWING WEATHER WAS RECORDED YESTERDAY.
  LIGHT RAIN
  FOG
  FOG W/VISIBILITY <= 1/4 MILE


RELATIVE HUMIDITY (PERCENT)
 HIGHEST   100           400 AM
 LOWEST     35           300 PM
 AVERAGE    68

..........................................................


THE SIOUX CITY IA CLIMATE NORMALS FOR TODAY
                         NORMAL    RECORD    YEAR
 MAXIMUM TEMPERATURE (F)   60        82      1989
                                             1952
 MINIMUM TEMPERATURE (F)   35        18      1999
                                             1892


SUNRISE AND SUNSET
OCTOBER 24 2014.......SUNRISE   749 AM CDT   SUNSET   630 PM CDT
OCTOBER 25 2014.......SUNRISE   750 AM CDT   SUNSET   628 PM CDT


-  INDICATES NEGATIVE NUMBERS.
R  INDICATES RECORD WAS SET OR TIED.
MM INDICATES DATA IS MISSING.
T  INDICATES TRACE AMOUNT.




$$
