000
CDUS43 KFSD 030633
CLISUX


CLIMATE REPORT
NATIONAL WEATHER SERVICE SIOUX FALLS SD
132 AM CDT WED JUN 3 2015


...................................

...THE SIOUX CITY IA CLIMATE SUMMARY FOR JUNE 2 2015...

CLIMATE NORMAL PERIOD 1981 TO 2010
CLIMATE RECORD PERIOD 1889 TO 2015


WEATHER ITEM   OBSERVED TIME   RECORD YEAR NORMAL DEPARTURE LAST
                VALUE   (LST)  VALUE       VALUE  FROM      YEAR
                                                  NORMAL
..................................................................
TEMPERATURE (F)
 YESTERDAY
  MAXIMUM         81    427 PM  97    1934  78      3       82
  MINIMUM         58    457 AM  41    1945  55      3       60
  AVERAGE         70                        66      4       71

PRECIPITATION (IN)
  YESTERDAY        0.00          1.75 1954   0.14  -0.14     0.00
  MONTH TO DATE    0.00                      0.27  -0.27     0.53
  SINCE JUN 1      0.00                      0.27  -0.27     0.53
  SINCE JAN 1      7.90                     10.25  -2.35     5.78

SNOWFALL (IN)
  YESTERDAY        0.0           0.0    MM   0.0    0.0      0.0
  MONTH TO DATE    0.0                       0.0    0.0      0.0
  SINCE JUN 1      0.0                       0.0    0.0      0.0
  SINCE JUL 1     21.5                      34.8  -13.3     23.8
  SNOW DEPTH       0

DEGREE DAYS
 HEATING
  YESTERDAY        0                         2     -2        0
  MONTH TO DATE    1                         4     -3        0
  SINCE JUN 1      1                         4     -3        0
  SINCE JUL 1   6408                      6838   -430     7226

 COOLING
  YESTERDAY        5                         4      1        6
  MONTH TO DATE    5                         7     -2       18
  SINCE JUN 1      5                         7     -2       18
  SINCE JAN 1     34                        71    -37      139
..................................................................


WIND (MPH)
  HIGHEST WIND SPEED    24   HIGHEST WIND DIRECTION     S (170)
  HIGHEST GUST SPEED    30   HIGHEST GUST DIRECTION     S (170)
  AVERAGE WIND SPEED    14.9


SKY COVER
  POSSIBLE SUNSHINE  MM
  AVERAGE SKY COVER 0.3


WEATHER CONDITIONS
 THE FOLLOWING WEATHER WAS RECORDED YESTERDAY.
  NO SIGNIFICANT WEATHER WAS OBSERVED.


RELATIVE HUMIDITY (PERCENT)
 HIGHEST    80           400 AM
 LOWEST     51           500 PM
 AVERAGE    66

..........................................................


THE SIOUX CITY IA CLIMATE NORMALS FOR TODAY
                         NORMAL    RECORD    YEAR
 MAXIMUM TEMPERATURE (F)   79        95      1968
 MINIMUM TEMPERATURE (F)   55        39      1946
                                             1945


SUNRISE AND SUNSET
JUNE  3 2015..........SUNRISE   550 AM CDT   SUNSET   857 PM CDT
JUNE  4 2015..........SUNRISE   550 AM CDT   SUNSET   858 PM CDT


-  INDICATES NEGATIVE NUMBERS.
R  INDICATES RECORD WAS SET OR TIED.
MM INDICATES DATA IS MISSING.
T  INDICATES TRACE AMOUNT.




$$
