000
CDUS43 KFSD 020638
CLISUX


CLIMATE REPORT
NATIONAL WEATHER SERVICE SIOUX FALLS SD
136 AM CDT MON MAY 2 2016


...................................

...THE SIOUX CITY IA CLIMATE SUMMARY FOR MAY 1 2016...

CLIMATE NORMAL PERIOD 1981 TO 2010
CLIMATE RECORD PERIOD 1889 TO 2016


WEATHER ITEM   OBSERVED TIME   RECORD YEAR NORMAL DEPARTURE LAST
                VALUE   (LST)  VALUE       VALUE  FROM      YEAR
                                                  NORMAL
..................................................................
TEMPERATURE (F)
 YESTERDAY
  MAXIMUM         57    536 PM  93    1987  68    -11       66
                                      1959
  MINIMUM         39   1147 PM  23    1909  43     -4       51
  AVERAGE         48                        56     -8       59

PRECIPITATION (IN)
  YESTERDAY        0.51          2.19 1972   0.11   0.40     0.18
  MONTH TO DATE    0.51                      0.11   0.40     0.18
  SINCE MAR 1      9.38                      5.06   4.32     3.59
  SINCE JAN 1     11.22                      6.35   4.87     4.55

SNOWFALL (IN)
  YESTERDAY        0.0           1.4  2013   0.0    0.0      0.0
  MONTH TO DATE    0.0                       0.0    0.0      0.0
  SINCE MAR 1     14.5                       8.3    6.2       T
  SINCE JUL 1     57.6                      34.8   22.8     21.5
  SNOW DEPTH       0

DEGREE DAYS
 HEATING
  YESTERDAY       17                        10      7        6
  MONTH TO DATE   17                        10      7        6
  SINCE MAR 1   1044                      1368   -324     1081
  SINCE JUL 1   5503                      6662  -1159     6247

 COOLING
  YESTERDAY        0                         1     -1        0
  MONTH TO DATE    0                         1     -1        0
  SINCE MAR 1      0                        12    -12        1
  SINCE JAN 1      0                        12    -12        1
..................................................................


WIND (MPH)
  HIGHEST WIND SPEED    18   HIGHEST WIND DIRECTION    NE (30)
  HIGHEST GUST SPEED    25   HIGHEST GUST DIRECTION    NE (30)
  AVERAGE WIND SPEED    11.5


SKY COVER
  POSSIBLE SUNSHINE  MM
  AVERAGE SKY COVER 0.9


WEATHER CONDITIONS
 THE FOLLOWING WEATHER WAS RECORDED YESTERDAY.
  LIGHT RAIN
  FOG


RELATIVE HUMIDITY (PERCENT)
 HIGHEST    89          1200 AM
 LOWEST     55           500 PM
 AVERAGE    72

..........................................................


THE SIOUX CITY IA CLIMATE NORMALS FOR TODAY
                         NORMAL    RECORD    YEAR
 MAXIMUM TEMPERATURE (F)   69        91      1965
 MINIMUM TEMPERATURE (F)   44        25      1908


SUNRISE AND SUNSET
MAY  2 2016...........SUNRISE   619 AM CDT   SUNSET   827 PM CDT
MAY  3 2016...........SUNRISE   617 AM CDT   SUNSET   828 PM CDT


-  INDICATES NEGATIVE NUMBERS.
R  INDICATES RECORD WAS SET OR TIED.
MM INDICATES DATA IS MISSING.
T  INDICATES TRACE AMOUNT.




$$
