000
CDUS43 KFSD 020626
CLISUX


CLIMATE REPORT
NATIONAL WEATHER SERVICE SIOUX FALLS SD
125 AM CDT WED SEP 2 2015


...................................

...THE SIOUX CITY IA CLIMATE SUMMARY FOR SEPTEMBER 1 2015...

CLIMATE NORMAL PERIOD 1981 TO 2010
CLIMATE RECORD PERIOD 1889 TO 2015


WEATHER ITEM   OBSERVED TIME   RECORD YEAR NORMAL DEPARTURE LAST
                VALUE   (LST)  VALUE       VALUE  FROM      YEAR
                                                  NORMAL
..................................................................
TEMPERATURE (F)
 YESTERDAY
  MAXIMUM         87    340 PM  98    1970  81      6       81
                                      1913
  MINIMUM         66    635 AM  38    1949  57      9       60
  AVERAGE         77                        69      8       71

PRECIPITATION (IN)
  YESTERDAY        0.00          3.12 1933   0.11  -0.11     0.11
  MONTH TO DATE    0.00                      0.11  -0.11     0.11
  SINCE SEP 1      0.00                      0.11  -0.11     0.11
  SINCE JAN 1     23.74                     20.65   3.09    35.74

SNOWFALL (IN)
  YESTERDAY        0.0           0.0    MM   0.0    0.0      0.0
  MONTH TO DATE    0.0                       0.0    0.0      0.0
  SINCE SEP 1      0.0                       0.0    0.0      0.0
  SINCE JUL 1      0.0                       0.0    0.0      0.0
  SNOW DEPTH       0

DEGREE DAYS
 HEATING
  YESTERDAY        0                         1     -1        0
  MONTH TO DATE    0                         1     -1        0
  SINCE SEP 1      0                         1     -1        0
  SINCE JUL 1     23                        16      7        6

 COOLING
  YESTERDAY       12                         5      7        6
  MONTH TO DATE   12                         5      7        6
  SINCE SEP 1     12                         5      7        6
  SINCE JAN 1    732                       782    -50      772
..................................................................


WIND (MPH)
  HIGHEST WIND SPEED    17   HIGHEST WIND DIRECTION     S (160)
  HIGHEST GUST SPEED    22   HIGHEST GUST DIRECTION     S (160)
  AVERAGE WIND SPEED     9.6


SKY COVER
  POSSIBLE SUNSHINE  MM
  AVERAGE SKY COVER 0.0


WEATHER CONDITIONS
 THE FOLLOWING WEATHER WAS RECORDED YESTERDAY.
  FOG


RELATIVE HUMIDITY (PERCENT)
 HIGHEST    93           300 AM
 LOWEST     61           100 PM
 AVERAGE    77

..........................................................


THE SIOUX CITY IA CLIMATE NORMALS FOR TODAY
                         NORMAL    RECORD    YEAR
 MAXIMUM TEMPERATURE (F)   81       103      2000
 MINIMUM TEMPERATURE (F)   57        42      1974


SUNRISE AND SUNSET
SEPTEMBER  2 2015.....SUNRISE   651 AM CDT   SUNSET   758 PM CDT
SEPTEMBER  3 2015.....SUNRISE   653 AM CDT   SUNSET   757 PM CDT


-  INDICATES NEGATIVE NUMBERS.
R  INDICATES RECORD WAS SET OR TIED.
MM INDICATES DATA IS MISSING.
T  INDICATES TRACE AMOUNT.




$$
