000
CDUS41 KBGM 230548
CLISYR


CLIMATE REPORT
NATIONAL WEATHER SERVICE BINGHAMTON NY
147 AM EDT TUE SEP 23 2014


...................................

...THE SYRACUSE NY CLIMATE SUMMARY FOR SEPTEMBER 22 2014...

CLIMATE NORMAL PERIOD 1981 TO 2010
CLIMATE RECORD PERIOD 1902 TO 2014


WEATHER ITEM   OBSERVED TIME   RECORD YEAR NORMAL DEPARTURE LAST
                VALUE   (LST)  VALUE       VALUE  FROM      YEAR
                                                  NORMAL
..................................................................
TEMPERATURE (F)
 YESTERDAY
  MAXIMUM         62    127 AM  92    1931  70     -8       59
  MINIMUM         49   1129 PM  35    1991  50     -1       48
                                      1963
  AVERAGE         56                        60     -4       54

PRECIPITATION (IN)
  YESTERDAY        T             1.58 1938   0.13  -0.13     0.01
  MONTH TO DATE    1.60                      2.67  -1.07     3.20
  SINCE SEP 1      1.60                      2.67  -1.07     3.20
  SINCE JAN 1     30.64                     27.26   3.38    29.78

SNOWFALL (IN)
  YESTERDAY       MM             0.0  2002   0.0   MM        0.0
                                      2000
                                      2001
  MONTH TO DATE    0.0                       0.0    0.0      0.0
  SINCE SEP 1      0.0                       0.0    0.0      0.0
  SINCE JUL 1      0.0                       0.0    0.0      0.0
  SNOW DEPTH       0

DEGREE DAYS
 HEATING
  YESTERDAY        9                         6      3       11
  MONTH TO DATE   87                        77     10      107
  SINCE SEP 1     87                        77     10      107
  SINCE JUL 1     98                       103     -5      113

 COOLING
  YESTERDAY        0                         1     -1        0
  MONTH TO DATE   71                        47     24       68
  SINCE SEP 1     71                        47     24       68
  SINCE JAN 1    630                       560     70      711
..................................................................


WIND (MPH)
  HIGHEST WIND SPEED    25   HIGHEST WIND DIRECTION     W (280)
  HIGHEST GUST SPEED    31   HIGHEST GUST DIRECTION     W (280)
  AVERAGE WIND SPEED    13.4


SKY COVER
  POSSIBLE SUNSHINE  MM
  AVERAGE SKY COVER 0.9


WEATHER CONDITIONS
 THE FOLLOWING WEATHER WAS RECORDED YESTERDAY.
  LIGHT RAIN
  FOG


RELATIVE HUMIDITY (PERCENT)
 HIGHEST    89           400 AM
 LOWEST     55           200 PM
 AVERAGE    72

..........................................................


THE SYRACUSE NY CLIMATE NORMALS FOR TODAY
                         NORMAL    RECORD    YEAR
 MAXIMUM TEMPERATURE (F)   69        91      1936
 MINIMUM TEMPERATURE (F)   49        31      1947


SUNRISE AND SUNSET
SEPTEMBER 23 2014.....SUNRISE   653 AM EDT   SUNSET   700 PM EDT
SEPTEMBER 24 2014.....SUNRISE   654 AM EDT   SUNSET   658 PM EDT


-  INDICATES NEGATIVE NUMBERS.
R  INDICATES RECORD WAS SET OR TIED.
MM INDICATES DATA IS MISSING.
T  INDICATES TRACE AMOUNT.




$$
