000
CDUS41 KBGM 200527
CLISYR


CLIMATE REPORT
NATIONAL WEATHER SERVICE BINGHAMTON NY
127 AM EDT WED SEP 20 2017


...................................

...THE SYRACUSE NY CLIMATE SUMMARY FOR SEPTEMBER 19 2017...

CLIMATE NORMAL PERIOD 1981 TO 2010
CLIMATE RECORD PERIOD 1902 TO 2017


WEATHER ITEM   OBSERVED TIME   RECORD YEAR NORMAL DEPARTURE LAST
                VALUE   (LST)  VALUE       VALUE  FROM      YEAR
                                                  NORMAL
..................................................................
TEMPERATURE (F)
 YESTERDAY
  MAXIMUM         80    315 PM  89    1955  71      9       80
  MINIMUM         61   1152 PM  34    1943  51     10       61
  AVERAGE         71                        61     10       71

PRECIPITATION (IN)
  YESTERDAY        0.00          1.77 1989   0.12  -0.12     0.01
  MONTH TO DATE    1.22                      2.28  -1.06     3.67
  SINCE SEP 1      1.22                      2.28  -1.06     3.67
  SINCE JAN 1     33.74                     26.87   6.87    26.88

SNOWFALL (IN)
  YESTERDAY        0.0           0.0  2002   0.0    0.0      0.0
                                      2000
                                      2001
  MONTH TO DATE    0.0                       0.0    0.0      0.0
  SINCE SEP 1      0.0                       0.0    0.0      0.0
  SINCE JUL 1      0.0                       0.0    0.0      0.0
  SNOW DEPTH       0

DEGREE DAYS
 HEATING
  YESTERDAY        0                         5     -5        0
  MONTH TO DATE   72                        59     13       22
  SINCE SEP 1     72                        59     13       22
  SINCE JUL 1    108                        85     23       23

 COOLING
  YESTERDAY        6                         1      5        6
  MONTH TO DATE   33                        44    -11       79
  SINCE SEP 1     33                        44    -11       79
  SINCE JAN 1    483                       557    -74      791
..................................................................


WIND (MPH)
  HIGHEST WIND SPEED    10   HIGHEST WIND DIRECTION    NE (50)
  HIGHEST GUST SPEED    13   HIGHEST GUST DIRECTION     E (90)
  AVERAGE WIND SPEED     5.1


SKY COVER
  POSSIBLE SUNSHINE  MM
  AVERAGE SKY COVER 0.6


WEATHER CONDITIONS
 THE FOLLOWING WEATHER WAS RECORDED YESTERDAY.
  FOG


RELATIVE HUMIDITY (PERCENT)
 HIGHEST   100           300 AM
 LOWEST     58           300 PM
 AVERAGE    79

..........................................................


THE SYRACUSE NY CLIMATE NORMALS FOR TODAY
                         NORMAL    RECORD    YEAR
 MAXIMUM TEMPERATURE (F)   71        89      1946
 MINIMUM TEMPERATURE (F)   50        34      1993


SUNRISE AND SUNSET
SEPTEMBER 20 2017.....SUNRISE   650 AM EDT   SUNSET   705 PM EDT
SEPTEMBER 21 2017.....SUNRISE   651 AM EDT   SUNSET   703 PM EDT


-  INDICATES NEGATIVE NUMBERS.
R  INDICATES RECORD WAS SET OR TIED.
MM INDICATES DATA IS MISSING.
T  INDICATES TRACE AMOUNT.




$$
