000
CDUS41 KBGM 250601
CLISYR


CLIMATE REPORT
NATIONAL WEATHER SERVICE BINGHAMTON NY
158 AM EDT SAT OCT 25 2014


...................................

...THE SYRACUSE NY CLIMATE SUMMARY FOR OCTOBER 24 2014...

CLIMATE NORMAL PERIOD 1981 TO 2010
CLIMATE RECORD PERIOD 1902 TO 2014


WEATHER ITEM   OBSERVED TIME   RECORD YEAR NORMAL DEPARTURE LAST
                VALUE   (LST)  VALUE       VALUE  FROM      YEAR
                                                  NORMAL
..................................................................
TEMPERATURE (F)
 YESTERDAY
  MAXIMUM         62    135 PM  78    1963  57      5       51
                                      1931
  MINIMUM         46   1150 PM  24    1980  39      7       37
                                      1939
  AVERAGE         54                        48      6       44

PRECIPITATION (IN)
  YESTERDAY        T             2.25 1923   0.11  -0.11     0.14
  MONTH TO DATE    3.54                      2.66   0.88     3.25
  SINCE SEP 1      5.14                      6.35  -1.21     6.45
  SINCE JAN 1     34.18                     30.94   3.24    33.03

SNOWFALL (IN)
  YESTERDAY        0.0           2.0  1960   0.0    0.0       T
  MONTH TO DATE    0.0                       0.1   -0.1       T
  SINCE SEP 1      0.0                       0.1   -0.1       T
  SINCE JUL 1      0.0                       0.1   -0.1       T
  SNOW DEPTH       0

DEGREE DAYS
 HEATING
  YESTERDAY       11                        17     -6       21
  MONTH TO DATE  230                       324    -94      194
  SINCE SEP 1    333                       465   -132      366
  SINCE JUL 1    344                       491   -147      372

 COOLING
  YESTERDAY        0                         0      0        0
  MONTH TO DATE   13                         0     13        1
  SINCE SEP 1     88                        52     36       69
  SINCE JAN 1    647                       565     82      712
..................................................................


WIND (MPH)
  HIGHEST WIND SPEED    21   HIGHEST WIND DIRECTION     W (280)
  HIGHEST GUST SPEED    25   HIGHEST GUST DIRECTION     W (270)
  AVERAGE WIND SPEED     9.6


SKY COVER
  POSSIBLE SUNSHINE  MM
  AVERAGE SKY COVER 0.7


WEATHER CONDITIONS
 THE FOLLOWING WEATHER WAS RECORDED YESTERDAY.
  LIGHT RAIN


RELATIVE HUMIDITY (PERCENT)
 HIGHEST    93           700 AM
 LOWEST     42           200 PM
 AVERAGE    68

..........................................................


THE SYRACUSE NY CLIMATE NORMALS FOR TODAY
                         NORMAL    RECORD    YEAR
 MAXIMUM TEMPERATURE (F)   57        81      1963
 MINIMUM TEMPERATURE (F)   39        24      1982
                                             1939


SUNRISE AND SUNSET
OCTOBER 25 2014.......SUNRISE   730 AM EDT   SUNSET   606 PM EDT
OCTOBER 26 2014.......SUNRISE   732 AM EDT   SUNSET   605 PM EDT


-  INDICATES NEGATIVE NUMBERS.
R  INDICATES RECORD WAS SET OR TIED.
MM INDICATES DATA IS MISSING.
T  INDICATES TRACE AMOUNT.

$$
