000
CDUS41 KBGM 190537
CLISYR


CLIMATE REPORT
NATIONAL WEATHER SERVICE BINGHAMTON NY
1236 AM EST MON FEB 19 2018


...................................

...THE SYRACUSE NY CLIMATE SUMMARY FOR FEBRUARY 18 2018...

CLIMATE NORMAL PERIOD 1981 TO 2010
CLIMATE RECORD PERIOD 1902 TO 2018


WEATHER ITEM   OBSERVED TIME   RECORD YEAR NORMAL DEPARTURE LAST
                VALUE   (LST)  VALUE       VALUE  FROM      YEAR
                                                  NORMAL
..................................................................
TEMPERATURE (F)
 YESTERDAY
  MAXIMUM         39    318 PM  62    1981  35      4       57
  MINIMUM         26   1104 PM -26    1979  18      8       18
  AVERAGE         33                        26      7       38

PRECIPITATION (IN)
  YESTERDAY        0.05          1.04 1976   0.08  -0.03     0.00
  MONTH TO DATE    1.57                      1.29   0.28     2.30
  SINCE DEC 1      7.04                      7.01   0.03     8.57
  SINCE JAN 1      4.70                      3.79   0.91     5.33

SNOWFALL (IN)
  YESTERDAY        1.1           6.1  2005   0.9    0.2      0.0
  MONTH TO DATE   22.9                      16.7    6.2     32.4
  SINCE DEC 1    101.6                      83.4   18.2     78.0
  SINCE JUL 1    106.8                      93.3   13.5    103.4
  SNOW DEPTH       1

DEGREE DAYS
 HEATING
  YESTERDAY       32                        39     -7       27
  MONTH TO DATE  692                       721    -29      666
  SINCE DEC 1   3251                      3108    143     2859
  SINCE JUL 1   4448                      4457     -9     4053

 COOLING
  YESTERDAY        0                         0      0        0
  MONTH TO DATE    0                         0      0        0
  SINCE DEC 1      0                         0      0        0
  SINCE JAN 1      0                         0      0        0
..................................................................


WIND (MPH)
  HIGHEST WIND SPEED    18   HIGHEST WIND DIRECTION     W (250)
  HIGHEST GUST SPEED    23   HIGHEST GUST DIRECTION     W (280)
  AVERAGE WIND SPEED     8.8


SKY COVER
  POSSIBLE SUNSHINE  MM
  AVERAGE SKY COVER 0.9


WEATHER CONDITIONS
 THE FOLLOWING WEATHER WAS RECORDED YESTERDAY.
  LIGHT SNOW
  FOG


RELATIVE HUMIDITY (PERCENT)
 HIGHEST   100           100 AM
 LOWEST     54           400 PM
 AVERAGE    77

..........................................................


THE SYRACUSE NY CLIMATE NORMALS FOR TODAY
                         NORMAL    RECORD    YEAR
 MAXIMUM TEMPERATURE (F)   35        69      1981
 MINIMUM TEMPERATURE (F)   18        -9      2007


SUNRISE AND SUNSET
FEBRUARY 19 2018......SUNRISE   656 AM EST   SUNSET   541 PM EST
FEBRUARY 20 2018......SUNRISE   655 AM EST   SUNSET   542 PM EST


-  INDICATES NEGATIVE NUMBERS.
R  INDICATES RECORD WAS SET OR TIED.
MM INDICATES DATA IS MISSING.
T  INDICATES TRACE AMOUNT.

$$
