000
CDUS41 KBGM 260526
CLISYR


CLIMATE REPORT
NATIONAL WEATHER SERVICE BINGHAMTON NY
125 AM EDT SAT JUL 26 2014


...................................

...THE SYRACUSE NY CLIMATE SUMMARY FOR JULY 25 2014...

CLIMATE NORMAL PERIOD 1981 TO 2010
CLIMATE RECORD PERIOD 1902 TO 2014


WEATHER ITEM   OBSERVED TIME   RECORD YEAR NORMAL DEPARTURE LAST
                VALUE   (LST)  VALUE       VALUE  FROM      YEAR
                                                  NORMAL
..................................................................
TEMPERATURE (F)
 YESTERDAY
  MAXIMUM         80    340 PM  95    1941  82     -2       77
  MINIMUM         56    406 AM  45    1976  61     -5       50
  AVERAGE         68                        72     -4       64

PRECIPITATION (IN)
  YESTERDAY        0.00          0.82 1962   0.12  -0.12     0.00
  MONTH TO DATE    2.03                      3.06  -1.03     1.85
  SINCE JUN 1      4.77                      6.37  -1.60     8.65
  SINCE JAN 1     22.15                     20.30   1.85    22.59

SNOWFALL (IN)
  YESTERDAY        0.0           0.0  2002   0.0    0.0      0.0
                                      2000
                                      2001
  MONTH TO DATE    0.0                       0.0    0.0      0.0
  SINCE JUN 1      0.0                       0.0    0.0      0.0
  SINCE JUL 1      0.0                       0.0    0.0      0.0
  SNOW DEPTH       0

DEGREE DAYS
 HEATING
  YESTERDAY        0                         0      0        1
  MONTH TO DATE    0                         2     -2        3
  SINCE JUN 1     23                        63    -40       64
  SINCE JUL 1      0                         2     -2        3

 COOLING
  YESTERDAY        3                         7     -4        0
  MONTH TO DATE  191                       167     24      285
  SINCE JUN 1    338                       280     58      409
  SINCE JAN 1    394                       310     84      461
..................................................................


WIND (MPH)
  HIGHEST WIND SPEED    14   HIGHEST WIND DIRECTION     W (250)
  HIGHEST GUST SPEED    20   HIGHEST GUST DIRECTION     W (280)
  AVERAGE WIND SPEED     5.3


SKY COVER
  POSSIBLE SUNSHINE  MM
  AVERAGE SKY COVER 0.2


WEATHER CONDITIONS
 THE FOLLOWING WEATHER WAS RECORDED YESTERDAY.
  NO SIGNIFICANT WEATHER WAS OBSERVED.


RELATIVE HUMIDITY (PERCENT)
 HIGHEST    86           600 AM
 LOWEST     37          1200 PM
 AVERAGE    62

..........................................................


THE SYRACUSE NY CLIMATE NORMALS FOR TODAY
                         NORMAL    RECORD    YEAR
 MAXIMUM TEMPERATURE (F)   82        94      1939
                                             1930
 MINIMUM TEMPERATURE (F)   61        48      1984


SUNRISE AND SUNSET
JULY 26 2014..........SUNRISE   549 AM EDT   SUNSET   833 PM EDT
JULY 27 2014..........SUNRISE   550 AM EDT   SUNSET   831 PM EDT


-  INDICATES NEGATIVE NUMBERS.
R  INDICATES RECORD WAS SET OR TIED.
MM INDICATES DATA IS MISSING.
T  INDICATES TRACE AMOUNT.




$$
