000
CDKA40 PTYA 040700
CLIT11
DAILY CLIMATE REPORT
NATIONAL WEATHER SERVICE YAP FM
5PM LST SAT JUL 04 2015
THE YAP FM CLIMATE SUMMARY FOR JULY 04 2015
CLIMATE NORMAL PERIOD  1981  TO 2010
CLIMATE RECORD PERIOD  1951  TO 2015
WEATHER ITEM OBSERVED TIME  RECORD YEAR NORMAL DEPARTURE LAST
              VALUE   (LST) VALUE       VALUE    FROM    YEAR
                                                NORMAL
TEMPERATURE   (F)
TODAY
MAXIMUM       83  0850  AM 97  2014      88      -5        84
MINIMUM       78  0050  AM 63  1999      78       0        76
AVERAGE       81                         83      -2        80
PRECIPITATION INCHES
TODAY           0.63    164.24  1996    0.48      0.15    1.56
MONTH TO DATE   7.22                    1.91      5.31    4.14
SINCE 01 JUN   18.29                   15.11      3.18   14.09
SINCE JAN 01   43.84                   47.96     -4.12   63.33
