000
CDKA40 PTYA 220700
CLIT11
DAILY CLIMATE REPORT
NATIONAL WEATHER SERVICE YAP FM
5PM LST TUE JUL 22 2014
THE YAP FM CLIMATE SUMMARY FOR JULY 21 2014
CLIMATE NORMAL PERIOD  1981  TO 2010
CLIMATE RECORD PERIOD  1951  TO 2014
WEATHER ITEM OBSERVED TIME  RECORD YEAR NORMAL DEPARTURE LAST
              VALUE   (LST) VALUE       VALUE    FROM    YEAR
                                                NORMAL
TEMPERATURE   (F)
TODAY
MAXIMUM       83   0245 AM 97  2014      87      -4       82
MINIMUM       77   0245 AM 63  1999      78      -1       78
AVERAGE       80                         83      -3       86
PRECIPITATION INCHS
TODAY          0.53     164.24  1996    0.48    0.05     0.02
MONTH TO DATE 14.70                    10.44    4.26     5.68
SINCE 01 JUN  24.65                    23.64    1.01    21.84
SINCE JAN 01  73.89                    56.49   17.40    46.86
