000
CDKA40 PTYA 270700
CLIT11
DAILY CLIMATE REPORT
NATIONAL WEATHER SERVICE YAP FM
5PM LST MON MAR 27 2017
THE YAP FM CLIMATE SUMMARY FOR MARCH 27 2017
CLIMATE NORMAL PERIOD  1981  TO 2010
CLIMATE RECORD PERIOD  1951  TO 2017
WEATHER ITEM OBSERVED TIME  RECORD YEAR NORMAL DEPARTURE LAST
              VALUE   (LST) VALUE       VALUE    FROM    YEAR
                                                NORMAL
TEMPERATURE   (F)
TODAY
MAXIMUM       87  1145        97  2014     88      -1        93
MINIMUM       79  0545        63  1999     78       1        78
AVERAGE       83                           83       0        86
PRECIPITATION INCHES
TODAY           0.45       164.24/1996     0.17     0.28    0.00
MONTH TO DATE   8.99                       4.68     4.31    0.66
SINCE 01 MAR    8.99                       4.68     4.31    0.66
SINCE JAN 01   40.85                      17.97    22.88    4.66
