000
CDUS45 KPUB 131141
CLITAD


CLIMATE REPORT
NATIONAL WEATHER SERVICE PUEBLO
440 AM MST WED DEC 13 2017


...................................

...THE TRINIDAD CO CLIMATE SUMMARY FOR DECEMBER 12 2017...

CLIMATE NORMAL PERIOD 1981 TO 2010
CLIMATE RECORD PERIOD 9999 TO 9999


WEATHER ITEM   OBSERVED TIME   NORMAL DEPARTURE LAST
                VALUE   (LST)  VALUE  FROM      YEAR
                                      NORMAL
......................................................
TEMPERATURE (F)
 YESTERDAY
  MAXIMUM         64    229 PM  46     18       60
  MINIMUM         23    224 AM  17      6       22
  AVERAGE         44            31     13       41

PRECIPITATION (IN)
  YESTERDAY        0.00          0.02  -0.02     0.00
  MONTH TO DATE    0.00          0.22  -0.22      T
  SINCE DEC 1      0.00          0.22  -0.22      T
  SINCE JAN 1     20.64         13.52   7.12     7.70

DEGREE DAYS
 HEATING
  YESTERDAY       21            34    -13       24
  MONTH TO DATE  304           391    -87      397
  SINCE DEC 1    304           391    -87      397
  SINCE JUL 1   1271          1624   -353     1163

 COOLING
  YESTERDAY        0             0      0        0
  MONTH TO DATE    0             0      0        0
  SINCE DEC 1      0             0      0        0
  SINCE JAN 1    796           719     77      564
......................................................


WIND (MPH)
  HIGHEST WIND SPEED    17   HIGHEST WIND DIRECTION     W (250)
  HIGHEST GUST SPEED    21   HIGHEST GUST DIRECTION     W (250)
  AVERAGE WIND SPEED     9.5


SKY COVER
  POSSIBLE SUNSHINE  MM
  AVERAGE SKY COVER 0.0


WEATHER CONDITIONS
 THE FOLLOWING WEATHER WAS RECORDED YESTERDAY.
  NO SIGNIFICANT WEATHER WAS OBSERVED.


RELATIVE HUMIDITY (PERCENT)
 HIGHEST    46           200 AM
 LOWEST     11           100 PM
 AVERAGE    29

..........................................................




SUNRISE AND SUNSET
DECEMBER 13 2017......SUNRISE   703 AM MST   SUNSET   440 PM MST
DECEMBER 14 2017......SUNRISE   704 AM MST   SUNSET   441 PM MST


-  INDICATES NEGATIVE NUMBERS.
R  INDICATES RECORD WAS SET OR TIED.
MM INDICATES DATA IS MISSING.
T  INDICATES TRACE AMOUNT.




$$
