000
CDUS45 KPUB 201039
CLITAD


CLIMATE REPORT
NATIONAL WEATHER SERVICE PUEBLO
439 AM MDT SUN AUG 20 2017


...................................

...THE TRINIDAD CO CLIMATE SUMMARY FOR AUGUST 19 2017...

CLIMATE NORMAL PERIOD 1981 TO 2010
CLIMATE RECORD PERIOD 9999 TO 9999


WEATHER ITEM   OBSERVED TIME   NORMAL DEPARTURE LAST
                VALUE   (LST)  VALUE  FROM      YEAR
                                      NORMAL
......................................................
TEMPERATURE (F)
 YESTERDAY
  MAXIMUM         87    310 PM  86      1       79
  MINIMUM         66    436 AM  57      9       54
  AVERAGE         77            71      6       67

PRECIPITATION (IN)
  YESTERDAY        T             0.07  -0.07    MM
  MONTH TO DATE    1.65          1.51   0.14     0.00
  SINCE JUN 1      6.56          5.22   1.34     1.94
  SINCE JAN 1     14.97          9.74   5.23     6.17

DEGREE DAYS
 HEATING
  YESTERDAY        0             0      0        0
  MONTH TO DATE    3             0      3        0
  SINCE JUN 1     11            42    -31        4
  SINCE JUL 1      3             3      0        0

 COOLING
  YESTERDAY       12             7      5        2
  MONTH TO DATE   95           139    -44       43
  SINCE JUN 1    608           546     62      372
  SINCE JAN 1    623           574     49      384
......................................................


WIND (MPH)
  HIGHEST WIND SPEED    37   HIGHEST WIND DIRECTION     W (280)
  HIGHEST GUST SPEED    58   HIGHEST GUST DIRECTION     W (250)
  AVERAGE WIND SPEED    11.4


SKY COVER
  POSSIBLE SUNSHINE  MM
  AVERAGE SKY COVER 0.0


WEATHER CONDITIONS
 THE FOLLOWING WEATHER WAS RECORDED YESTERDAY.
  THUNDERSTORM
  LIGHT RAIN


RELATIVE HUMIDITY (PERCENT)
 HIGHEST    56          1200 AM
 LOWEST     18           300 PM
 AVERAGE    37

..........................................................




SUNRISE AND SUNSET
AUGUST 20 2017........SUNRISE   618 AM MDT   SUNSET   742 PM MDT
AUGUST 21 2017........SUNRISE   619 AM MDT   SUNSET   741 PM MDT


-  INDICATES NEGATIVE NUMBERS.
R  INDICATES RECORD WAS SET OR TIED.
MM INDICATES DATA IS MISSING.
T  INDICATES TRACE AMOUNT.




$$
