000
CDUS45 KPUB 161033
CLITAD


CLIMATE REPORT
NATIONAL WEATHER SERVICE PUEBLO
433 AM MDT MON OCT 16 2017


...................................

...THE TRINIDAD CO CLIMATE SUMMARY FOR OCTOBER 15 2017...

CLIMATE NORMAL PERIOD 1981 TO 2010
CLIMATE RECORD PERIOD 9999 TO 9999


WEATHER ITEM   OBSERVED TIME   NORMAL DEPARTURE LAST
                VALUE   (LST)  VALUE  FROM      YEAR
                                      NORMAL
......................................................
TEMPERATURE (F)
 YESTERDAY
  MAXIMUM         68    236 PM  69     -1       84
  MINIMUM         28    622 AM  37     -9       55
  AVERAGE         48            53     -5       70

PRECIPITATION (IN)
  YESTERDAY        0.00          0.03  -0.03     0.00
  MONTH TO DATE    0.28          0.40  -0.12      T
  SINCE SEP 1      3.94          1.64   2.30     1.16
  SINCE JAN 1     20.14         12.10   8.04     7.39

DEGREE DAYS
 HEATING
  YESTERDAY       17            12      5        0
  MONTH TO DATE  129           150    -21       94
  SINCE SEP 1    219           250    -31      139
  SINCE JUL 1    222           260    -38      146

 COOLING
  YESTERDAY        0             0      0        5
  MONTH TO DATE    0             0      0       10
  SINCE SEP 1    111            74     37      140
  SINCE JAN 1    796           716     80      555
......................................................


WIND (MPH)
  HIGHEST WIND SPEED    15   HIGHEST WIND DIRECTION    SW (240)
  HIGHEST GUST SPEED    20   HIGHEST GUST DIRECTION    NW (300)
  AVERAGE WIND SPEED     7.1


SKY COVER
  POSSIBLE SUNSHINE  MM
  AVERAGE SKY COVER 0.0


WEATHER CONDITIONS
 THE FOLLOWING WEATHER WAS RECORDED YESTERDAY.
  NO SIGNIFICANT WEATHER WAS OBSERVED.


RELATIVE HUMIDITY (PERCENT)
 HIGHEST    69           100 AM
 LOWEST     15           200 PM
 AVERAGE    42

..........................................................




SUNRISE AND SUNSET
OCTOBER 16 2017.......SUNRISE   706 AM MDT   SUNSET   619 PM MDT
OCTOBER 17 2017.......SUNRISE   707 AM MDT   SUNSET   617 PM MDT


-  INDICATES NEGATIVE NUMBERS.
R  INDICATES RECORD WAS SET OR TIED.
MM INDICATES DATA IS MISSING.
T  INDICATES TRACE AMOUNT.




$$
