215
CDUS45 KPUB 261046
CLITAD


CLIMATE REPORT
NATIONAL WEATHER SERVICE PUEBLO
446 AM MDT WED APR 26 2017


...................................

...THE TRINIDAD CO CLIMATE SUMMARY FOR APRIL 25 2017...

CLIMATE NORMAL PERIOD 1981 TO 2010
CLIMATE RECORD PERIOD 9999 TO 9999


WEATHER ITEM   OBSERVED TIME   NORMAL DEPARTURE LAST
                VALUE   (LST)  VALUE  FROM      YEAR
                                      NORMAL
......................................................
TEMPERATURE (F)
 YESTERDAY
  MAXIMUM         57    314 AM  68    -11       76
  MINIMUM         33   1159 PM  37     -4       36
  AVERAGE         45            53     -8       56

PRECIPITATION (IN)
  YESTERDAY        0.60          0.04   0.56     0.00
  MONTH TO DATE    2.00          0.92   1.08     1.42
  SINCE MAR 1      3.91          1.81   2.10     1.83
  SINCE JAN 1      5.47          2.70   2.77     2.24

DEGREE DAYS
 HEATING
  YESTERDAY       20            13      7        9
  MONTH TO DATE  296           403   -107      351
  SINCE MAR 1    767          1110   -343     1007
  SINCE JUL 1   4223          5232  -1009     4505

 COOLING
  YESTERDAY        0             0      0        0
  MONTH TO DATE    2             0      2        1
  SINCE MAR 1      3             0      3        1
  SINCE JAN 1      3             0      3        1
......................................................


WIND (MPH)
  HIGHEST WIND SPEED    29   HIGHEST WIND DIRECTION     N (10)
  HIGHEST GUST SPEED    36   HIGHEST GUST DIRECTION     N (10)
  AVERAGE WIND SPEED     9.4


SKY COVER
  POSSIBLE SUNSHINE  MM
  AVERAGE SKY COVER 0.6


WEATHER CONDITIONS
 THE FOLLOWING WEATHER WAS RECORDED YESTERDAY.
  HEAVY RAIN
  RAIN
  LIGHT RAIN
  LIGHT SNOW
  FOG


RELATIVE HUMIDITY (PERCENT)
 HIGHEST    92           900 PM
 LOWEST     30           100 AM
 AVERAGE    61

..........................................................




SUNRISE AND SUNSET
APRIL 26 2017.........SUNRISE   608 AM MDT   SUNSET   743 PM MDT
APRIL 27 2017.........SUNRISE   607 AM MDT   SUNSET   744 PM MDT


-  INDICATES NEGATIVE NUMBERS.
R  INDICATES RECORD WAS SET OR TIED.
MM INDICATES DATA IS MISSING.
T  INDICATES TRACE AMOUNT.




$$
