000
CDUS45 KPUB 201202
CLITAD


CLIMATE REPORT
NATIONAL WEATHER SERVICE PUEBLO
502 AM MST FRI JAN 20 2017


...................................

...THE TRINIDAD CO CLIMATE SUMMARY FOR JANUARY 19 2017...

CLIMATE NORMAL PERIOD 1981 TO 2010
CLIMATE RECORD PERIOD 9999 TO 9999


WEATHER ITEM   OBSERVED TIME   NORMAL DEPARTURE LAST
                VALUE   (LST)  VALUE  FROM      YEAR
                                      NORMAL
......................................................
TEMPERATURE (F)
 YESTERDAY
  MAXIMUM         43    325 PM  47     -4       43
  MINIMUM         16    253 AM  18     -2       25
  AVERAGE         30            32     -2       34

PRECIPITATION (IN)
  YESTERDAY        0.00          0.01  -0.01     0.00
  MONTH TO DATE    1.40          0.24   1.16     0.24
  SINCE DEC 1      1.70          0.78   0.92     0.47
  SINCE JAN 1      1.40          0.24   1.16     0.24

DEGREE DAYS
 HEATING
  YESTERDAY       35            33      2       31
  MONTH TO DATE  664           627     37      664
  SINCE DEC 1   1690          1662     28     1577
  SINCE JUL 1   2456          2895   -439     2495

 COOLING
  YESTERDAY        0             0      0        0
  MONTH TO DATE    0             0      0        0
  SINCE DEC 1      0             0      0        0
  SINCE JAN 1      0             0      0        0
......................................................


WIND (MPH)
  HIGHEST WIND SPEED    18   HIGHEST WIND DIRECTION     W (260)
  HIGHEST GUST SPEED    20   HIGHEST GUST DIRECTION    SW (220)
  AVERAGE WIND SPEED     9.6


SKY COVER
  POSSIBLE SUNSHINE  MM
  AVERAGE SKY COVER 0.0


WEATHER CONDITIONS
 THE FOLLOWING WEATHER WAS RECORDED YESTERDAY.
  NO SIGNIFICANT WEATHER WAS OBSERVED.


RELATIVE HUMIDITY (PERCENT)
 HIGHEST    74           100 AM
 LOWEST     43          1200 PM
 AVERAGE    59

..........................................................




SUNRISE AND SUNSET
JANUARY 20 2017.......SUNRISE   708 AM MST   SUNSET   509 PM MST
JANUARY 21 2017.......SUNRISE   708 AM MST   SUNSET   510 PM MST


-  INDICATES NEGATIVE NUMBERS.
R  INDICATES RECORD WAS SET OR TIED.
MM INDICATES DATA IS MISSING.
T  INDICATES TRACE AMOUNT.




$$
