818
CDUS44 KBMX 100837
CLITCL


CLIMATE REPORT
NATIONAL WEATHER SERVICE BIRMINGHAM, AL
235 AM CST WED FEB 10 2016


...................................

...THE TUSCALOOSA CLIMATE SUMMARY FOR FEBRUARY 9 2016...

CLIMATE NORMAL PERIOD 1994 TO 1994
CLIMATE RECORD PERIOD 1948 TO 2016


WEATHER ITEM   OBSERVED TIME   RECORD YEAR NORMAL DEPARTURE LAST
                VALUE   (LST)  VALUE       VALUE  FROM      YEAR
                                                  NORMAL
..................................................................
TEMPERATURE (F)
 YESTERDAY
  MAXIMUM         47    225 PM  78    1957  59    -12       70
  MINIMUM         28   1159 PM  14    1971  36     -8       41
  AVERAGE         38                        47     -9       56

PRECIPITATION (IN)
  YESTERDAY        0.00          1.80 1980   0.18  -0.18     0.03
  MONTH TO DATE    1.35                      1.63  -0.28     0.32
  SINCE DEC 1     13.76                     11.60   2.16    13.49
  SINCE JAN 1      5.49                      6.98  -1.49     6.49

SNOWFALL (IN)
  YESTERDAY        0.0                       0.0    0.0
  MONTH TO DATE    0.0                       0.0    0.0
  SINCE DEC 1      T                         0.3   -0.3
  SINCE JUL 1      T                         0.3   -0.3

DEGREE DAYS
 HEATING
  YESTERDAY       27                        18      9
  MONTH TO DATE  151                       167    -16
  SINCE DEC 1   1130                      1362   -232
  SINCE JUL 1   1393                      1799   -406
..................................................................


WIND (MPH)
  HIGHEST WIND SPEED    24   HIGHEST WIND DIRECTION    NW (310)
  HIGHEST GUST SPEED    36   HIGHEST GUST DIRECTION     W (260)
  AVERAGE WIND SPEED    10.7


SKY COVER
  AVERAGE SKY COVER 0.6


WEATHER CONDITIONS
 THE FOLLOWING WEATHER WAS RECORDED YESTERDAY.
  NO SIGNIFICANT WEATHER WAS OBSERVED.


RELATIVE HUMIDITY (PERCENT)
 HIGHEST    56           600 AM
 LOWEST     22           300 PM
 AVERAGE    39

..........................................................


THE TUSCALOOSA CLIMATE NORMALS FOR TODAY
                         NORMAL    RECORD    YEAR
 MAXIMUM TEMPERATURE (F)   59        78      1959
 MINIMUM TEMPERATURE (F)   36        10      1971


SUNRISE AND SUNSET
FEBRUARY 10 2016......SUNRISE   639 AM CST   SUNSET   530 PM CST
FEBRUARY 11 2016......SUNRISE   638 AM CST   SUNSET   531 PM CST


-  INDICATES NEGATIVE NUMBERS.
R  INDICATES RECORD WAS SET OR TIED.
MM INDICATES DATA IS MISSING.
T  INDICATES TRACE AMOUNT.




$$
