833
CDUS44 KBMX 250132
CLITCL


CLIMATE REPORT
NATIONAL WEATHER SERVICE BIRMINGHAM, AL
732 PM CST TUE JAN 24 2017


...................................

...THE TUSCALOOSA CLIMATE SUMMARY FOR JANUARY 24 2017...
VALID TODAY AS OF 0700 PM LOCAL TIME.

CLIMATE NORMAL PERIOD 1981 TO 2010
CLIMATE RECORD PERIOD 1948 TO 2017


WEATHER ITEM   OBSERVED TIME   RECORD YEAR NORMAL DEPARTURE LAST
                VALUE   (LST)  VALUE       VALUE  FROM      YEAR
                                                  NORMAL
..................................................................
TEMPERATURE (F)
 TODAY
  MAXIMUM         63    346 PM  81    1950  56      7       50
  MINIMUM         36    719 AM   3    1963  34      2       22
  AVERAGE         50                        45      5       36

PRECIPITATION (IN)
  TODAY            0.00          2.14 1964   0.19  -0.19     0.00
  MONTH TO DATE    6.84                      3.99   2.85     2.58
  SINCE DEC 1      9.75                      8.61   1.14    10.85
  SINCE JAN 1      6.84                      3.99   2.85     2.58

SNOWFALL (IN)
  TODAY            0.0                       0.1   -0.1
  MONTH TO DATE    0.0                       0.3   -0.3
  SINCE DEC 1      0.0                       0.3   -0.3
  SINCE JUL 1      0.0                       0.3   -0.3
  SNOW DEPTH       0

..................................................................


WIND (MPH)
  HIGHEST WIND SPEED     9   HIGHEST WIND DIRECTION     N (340)
  HIGHEST GUST SPEED    12   HIGHEST GUST DIRECTION     N (340)
  AVERAGE WIND SPEED     2.6


SKY COVER
  AVERAGE SKY COVER 0.1


WEATHER CONDITIONS
 THE FOLLOWING WEATHER WAS RECORDED TODAY.
  FOG


RELATIVE HUMIDITY (PERCENT)
 HIGHEST   100           500 AM
 LOWEST     39           300 PM
 AVERAGE    70

..........................................................


THE TUSCALOOSA CLIMATE NORMALS FOR TOMORROW
                         NORMAL    RECORD    YEAR
 MAXIMUM TEMPERATURE (F)   56        81      1950
 MINIMUM TEMPERATURE (F)   34        11      1963


SUNRISE AND SUNSET
JANUARY 24 2017.......SUNRISE   651 AM CST   SUNSET   515 PM CST
JANUARY 25 2017.......SUNRISE   650 AM CST   SUNSET   516 PM CST


-  INDICATES NEGATIVE NUMBERS.
R  INDICATES RECORD WAS SET OR TIED.
MM INDICATES DATA IS MISSING.
T  INDICATES TRACE AMOUNT.




$$
