000
CDUS44 KBMX 302120
CLITCL


CLIMATE REPORT
NATIONAL WEATHER SERVICE BIRMINGHAM, AL
420 PM CDT THU OCT 30 2014


...................................

...THE TUSCALOOSA CLIMATE SUMMARY FOR OCTOBER 30 2014...
VALID AS OF 0400 PM LOCAL TIME.

CLIMATE NORMAL PERIOD 1981 TO 2010
CLIMATE RECORD PERIOD 1948 TO 2014


WEATHER ITEM   OBSERVED TIME   RECORD YEAR NORMAL DEPARTURE LAST
                VALUE   (LST)  VALUE       VALUE  FROM      YEAR
                                                  NORMAL
..................................................................
TEMPERATURE (F)
 TODAY
  MAXIMUM         70    247 PM  87    1961  73     -3       78
                                      1950
  MINIMUM         41    526 AM  23    1952  47     -6       56
  AVERAGE         56                        60     -4       67

PRECIPITATION (IN)
  TODAY            0.00          1.44 1951   0.11  -0.11     0.00
  MONTH TO DATE    3.55                      3.41   0.14     0.82
  SINCE SEP 1      4.97                      6.93  -1.96     2.02
  SINCE JAN 1     38.63                     42.80  -4.17    40.84

SNOWFALL (IN)
  TODAY            0.0                       0.0    0.0
  MONTH TO DATE    0.0                       0.0    0.0
  SINCE SEP 1      0.0                       0.0    0.0
  SINCE JUL 1      0.0                       0.0    0.0
  SNOW DEPTH       0

DEGREE DAYS

 COOLING
  TODAY            0                         1     -1
  MONTH TO DATE  128                        94     34
  SINCE SEP 1    549                       414    135
  SINCE JAN 1   2239                      2151     88
..................................................................


WIND (MPH)
  HIGHEST WIND SPEED    14   HIGHEST WIND DIRECTION     N (20)
  HIGHEST GUST SPEED    17   HIGHEST GUST DIRECTION     N (10)
  AVERAGE WIND SPEED     2.8


SKY COVER
  AVERAGE SKY COVER 0.0


WEATHER CONDITIONS
 THE FOLLOWING WEATHER WAS RECORDED TODAY.
  NO SIGNIFICANT WEATHER WAS OBSERVED.


RELATIVE HUMIDITY (PERCENT)
 HIGHEST    96           400 AM
 LOWEST     26           300 PM
 AVERAGE    61

..........................................................


THE TUSCALOOSA CLIMATE NORMALS FOR TOMORROW
                         NORMAL    RECORD    YEAR
 MAXIMUM TEMPERATURE (F)   73        88      1950
 MINIMUM TEMPERATURE (F)   47        29      1955


SUNRISE AND SUNSET
OCTOBER 30 2014.......SUNRISE   707 AM CDT   SUNSET   601 PM CDT
OCTOBER 31 2014.......SUNRISE   708 AM CDT   SUNSET   600 PM CDT


-  INDICATES NEGATIVE NUMBERS.
R  INDICATES RECORD WAS SET OR TIED.
MM INDICATES DATA IS MISSING.
T  INDICATES TRACE AMOUNT.




$$
