743
CDUS44 KBMX 252142
CLITCL


CLIMATE REPORT
NATIONAL WEATHER SERVICE BIRMINGHAM, AL
442 PM CDT SAT MAR 25 2017


...................................

...THE TUSCALOOSA CLIMATE SUMMARY FOR MARCH 25 2017...
VALID TODAY AS OF 0400 PM LOCAL TIME.

CLIMATE NORMAL PERIOD 1981 TO 2010
CLIMATE RECORD PERIOD 1948 TO 2017


WEATHER ITEM   OBSERVED TIME   RECORD YEAR NORMAL DEPARTURE LAST
                VALUE   (LST)  VALUE       VALUE  FROM      YEAR
                                                  NORMAL
..................................................................
TEMPERATURE (F)
 TODAY
  MAXIMUM         75   1032 AM  86    2007  71      4       68
  MINIMUM         62    112 PM  27    2008  45     17       44
                                      1966
  AVERAGE         69                        58     11       56

PRECIPITATION (IN)
  TODAY            0.17          1.85 2009   0.14   0.03     0.00
  MONTH TO DATE    3.39                      3.67  -0.28     4.89
  SINCE MAR 1      3.39                      3.67  -0.28     4.89
  SINCE JAN 1     14.60                     14.34   0.26    14.49

SNOWFALL (IN)
  TODAY            0.0                       0.0    0.0
  MONTH TO DATE    0.0                       0.3   -0.3
  SINCE MAR 1      0.0                       0.3   -0.3
  SINCE JUL 1      0.0                       0.7   -0.7
  SNOW DEPTH       0

DEGREE DAYS

 COOLING
  TODAY            4                         1      3
  MONTH TO DATE   21                        17      4
  SINCE MAR 1     21                        17      4
  SINCE JAN 1     40                        22     18
..................................................................


WIND (MPH)
  HIGHEST WIND SPEED    22   HIGHEST WIND DIRECTION     S (170)
  HIGHEST GUST SPEED    30   HIGHEST GUST DIRECTION     S (160)
  AVERAGE WIND SPEED    10.9


SKY COVER
  AVERAGE SKY COVER 0.6


WEATHER CONDITIONS
 THE FOLLOWING WEATHER WAS RECORDED TODAY.
  THUNDERSTORM
  RAIN
  LIGHT RAIN


RELATIVE HUMIDITY (PERCENT)
 HIGHEST    87           200 PM
 LOWEST     57          1000 AM
 AVERAGE    72

..........................................................


THE TUSCALOOSA CLIMATE NORMALS FOR TOMORROW
                         NORMAL    RECORD    YEAR
 MAXIMUM TEMPERATURE (F)   71        87      2005
 MINIMUM TEMPERATURE (F)   45        24      1955


SUNRISE AND SUNSET
MARCH 25 2017.........SUNRISE   647 AM CDT   SUNSET   706 PM CDT
MARCH 26 2017.........SUNRISE   646 AM CDT   SUNSET   707 PM CDT


-  INDICATES NEGATIVE NUMBERS.
R  INDICATES RECORD WAS SET OR TIED.
MM INDICATES DATA IS MISSING.
T  INDICATES TRACE AMOUNT.




$$
