000
CDUS44 KBMX 280935
CLITCL


CLIMATE REPORT
NATIONAL WEATHER SERVICE BIRMINGHAM, AL
435 AM CDT THU AUG 28 2014


...................................

...THE TUSCALOOSA CLIMATE SUMMARY FOR AUGUST 27 2014...

CLIMATE NORMAL PERIOD 1981 TO 2010
CLIMATE RECORD PERIOD 1948 TO 2014


WEATHER ITEM   OBSERVED TIME   RECORD YEAR NORMAL DEPARTURE LAST
                VALUE   (LST)  VALUE       VALUE  FROM      YEAR
                                                  NORMAL
..................................................................
TEMPERATURE (F)
 YESTERDAY
  MAXIMUM         96    354 PM 103    2000  91      5       88
  MINIMUM         64    520 AM  56    1952  70     -6       64
  AVERAGE         80                        81     -1       76

PRECIPITATION (IN)
  YESTERDAY        0.00          2.44 1976   0.10  -0.10     0.00
  MONTH TO DATE    2.44                      2.89  -0.45     4.02
  SINCE JUN 1      8.51                     12.06  -3.55    16.86
  SINCE JAN 1     33.55                     35.46  -1.91    38.82

..................................................................


WIND (MPH)
  HIGHEST WIND SPEED    13   HIGHEST WIND DIRECTION     N (20)
  HIGHEST GUST SPEED    17   HIGHEST GUST DIRECTION    NE (30)
  AVERAGE WIND SPEED     2.9


SKY COVER
  AVERAGE SKY COVER 0.0


WEATHER CONDITIONS
 THE FOLLOWING WEATHER WAS RECORDED YESTERDAY.
  FOG


RELATIVE HUMIDITY (PERCENT)
 HIGHEST    93           300 AM
 LOWEST     24           200 PM
 AVERAGE    59

..........................................................


THE TUSCALOOSA CLIMATE NORMALS FOR TODAY
                         NORMAL    RECORD    YEAR
 MAXIMUM TEMPERATURE (F)   91       105      2000
 MINIMUM TEMPERATURE (F)   70        57      1952


SUNRISE AND SUNSET
AUGUST 28 2014........SUNRISE   622 AM CDT   SUNSET   721 PM CDT
AUGUST 29 2014........SUNRISE   623 AM CDT   SUNSET   719 PM CDT


-  INDICATES NEGATIVE NUMBERS.
R  INDICATES RECORD WAS SET OR TIED.
MM INDICATES DATA IS MISSING.
T  INDICATES TRACE AMOUNT.




$$
