000
CDUS42 KTAE 270631
CLITLH


CLIMATE REPORT
NATIONAL WEATHER SERVICE TALLAHASSEE FL
231 AM EDT THU JUL 27 2017


...................................

...THE TALLAHASSEE CLIMATE SUMMARY FOR JULY 26 2017...

CLIMATE NORMAL PERIOD 1981 TO 2010
CLIMATE RECORD PERIOD 1896 TO 2017


WEATHER ITEM   OBSERVED TIME   RECORD YEAR NORMAL DEPARTURE LAST
                VALUE   (LST)  VALUE       VALUE  FROM      YEAR
                                                  NORMAL
..................................................................
TEMPERATURE (F)
 YESTERDAY
  MAXIMUM         94    419 PM  99    1983  92      2       93
  MINIMUM         74    705 AM  66    1915  72      2       77
  AVERAGE         84                        82      2       85

PRECIPITATION (IN)
  YESTERDAY        0.00          2.39 1954   0.24  -0.24      T
  MONTH TO DATE    4.56                      5.95  -1.39     7.31
  SINCE JUN 1     17.30                     13.68   3.62    15.69
  SINCE JAN 1     37.10                     35.34   1.76    39.09

SNOWFALL (IN)
  YESTERDAY        0.0                       0.0    0.0

DEGREE DAYS
 HEATING
  YESTERDAY        0                                0
  MONTH TO DATE    0                                0
  SINCE JUN 1      0                                0
  SINCE JUL 1      0                                0

 COOLING
  YESTERDAY       19                                2
  MONTH TO DATE  467                               25
  SINCE JUN 1    905                                6
  SINCE JAN 1   1532                              187
..................................................................


WIND (MPH)
  HIGHEST WIND SPEED    18   HIGHEST WIND DIRECTION     E (100)
  HIGHEST GUST SPEED    21   HIGHEST GUST DIRECTION     E (110)
  AVERAGE WIND SPEED     4.0




RELATIVE HUMIDITY (PERCENT)
 HIGHEST   100
 LOWEST     49
 AVERAGE    75

..........................................................


THE TALLAHASSEE CLIMATE NORMALS FOR TODAY
                         NORMAL    RECORD    YEAR
 MAXIMUM TEMPERATURE (F)   92        99      2006
                                             1936
 MINIMUM TEMPERATURE (F)   72        65      1911


SUNRISE AND SUNSET
JULY 27 2017..........SUNRISE   653 AM EDT   SUNSET   835 PM EDT
JULY 28 2017..........SUNRISE   654 AM EDT   SUNSET   834 PM EDT


-  INDICATES NEGATIVE NUMBERS.
R  INDICATES RECORD WAS SET OR TIED.
MM INDICATES DATA IS MISSING.
T  INDICATES TRACE AMOUNT.




$$
