000
CDUS42 KTAE 300635
CLITLH


CLIMATE REPORT
NATIONAL WEATHER SERVICE TALLAHASSEE FL
235 AM EDT SUN AUG 30 2015


...................................

...THE TALLAHASSEE CLIMATE SUMMARY FOR AUGUST 29 2015...

CLIMATE NORMAL PERIOD 1981 TO 2010
CLIMATE RECORD PERIOD 1896 TO 2015


WEATHER ITEM   OBSERVED TIME   RECORD YEAR NORMAL DEPARTURE LAST
                VALUE   (LST)  VALUE       VALUE  FROM      YEAR
                                                  NORMAL
..................................................................
TEMPERATURE (F)
 YESTERDAY
  MAXIMUM         83    534 PM 102    2011  91     -8       93
  MINIMUM         73    507 AM  61    1986  72      1       68
                                      1927
  AVERAGE         78                        81     -3       81

PRECIPITATION (IN)
  YESTERDAY        0.20          1.59 1972   0.18   0.02     0.13
  MONTH TO DATE    6.07                      6.98  -0.91     2.06
  SINCE JUN 1     19.21                     21.88  -2.67     8.79
  SINCE JAN 1     37.74                     43.54  -5.80    40.88

SNOWFALL (IN)
  YESTERDAY        0.0                       0.0    0.0

DEGREE DAYS
 HEATING
  YESTERDAY        0                                0
  MONTH TO DATE    0                                0
  SINCE JUN 1      0                                0
  SINCE JUL 1      0                                0

 COOLING
  YESTERDAY       13                               -3
  MONTH TO DATE  569                               80
  SINCE JUN 1   1737                              262
  SINCE JAN 1   2558                              637
..................................................................


WIND (MPH)
  HIGHEST WIND SPEED    13   HIGHEST WIND DIRECTION     E (110)
  HIGHEST GUST SPEED    15   HIGHEST GUST DIRECTION     E (100)
  AVERAGE WIND SPEED     4.1




RELATIVE HUMIDITY (PERCENT)
 HIGHEST    91
 LOWEST     69
 AVERAGE    80

..........................................................


THE TALLAHASSEE CLIMATE NORMALS FOR TODAY
                         NORMAL    RECORD    YEAR
 MAXIMUM TEMPERATURE (F)   91       100      1933
 MINIMUM TEMPERATURE (F)   72        61      1992
                                             1986


SUNRISE AND SUNSET
AUGUST 30 2015........SUNRISE   713 AM EDT   SUNSET   803 PM EDT
AUGUST 31 2015........SUNRISE   713 AM EDT   SUNSET   802 PM EDT


-  INDICATES NEGATIVE NUMBERS.
R  INDICATES RECORD WAS SET OR TIED.
MM INDICATES DATA IS MISSING.
T  INDICATES TRACE AMOUNT.




$$
