000
CDUS42 KTAE 280632
CLITLH


CLIMATE REPORT
NATIONAL WEATHER SERVICE TALLAHASSEE FL
231 AM EDT TUE MAR 28 2017

...................................

...THE TALLAHASSEE CLIMATE SUMMARY FOR MARCH 27 2017...

CLIMATE NORMAL PERIOD 1981 TO 2010
CLIMATE RECORD PERIOD 1896 TO 2017


WEATHER ITEM   OBSERVED TIME   RECORD YEAR NORMAL DEPARTURE LAST
                VALUE   (LST)  VALUE       VALUE  FROM      YEAR
                                                  NORMAL
..................................................................
TEMPERATURE (F)
 YESTERDAY
  MAXIMUM         84    126 PM  91    1929  76      8       68
  MINIMUM         57    703 AM  28    1969  49      8       64
  AVERAGE         71                        62      9       66

PRECIPITATION (IN)
  YESTERDAY        0.00          2.40 1911   0.16  -0.16     2.11
  MONTH TO DATE    1.05                      5.27  -4.22     6.50
  SINCE MAR 1      1.05                      5.27  -4.22     6.50
  SINCE JAN 1     10.98                     14.46  -3.48    15.20

SNOWFALL (IN)
  YESTERDAY        0.0                       0.0    0.0

DEGREE DAYS
 HEATING
  YESTERDAY        0                               -4
  MONTH TO DATE  128                              -36
  SINCE MAR 1    128                              -36
  SINCE JUL 1    776                             -731

 COOLING
  YESTERDAY        6                                4
  MONTH TO DATE   52                               22
  SINCE MAR 1     52                               22
  SINCE JAN 1    112                               68
..................................................................


WIND (MPH)
  HIGHEST WIND SPEED    15   HIGHEST WIND DIRECTION     S (200)
  HIGHEST GUST SPEED    20   HIGHEST GUST DIRECTION     S (160)
  AVERAGE WIND SPEED     4.7




RELATIVE HUMIDITY (PERCENT)
 HIGHEST   100
 LOWEST     43
 AVERAGE    72

..........................................................


THE TALLAHASSEE CLIMATE NORMALS FOR TODAY
                         NORMAL    RECORD    YEAR
 MAXIMUM TEMPERATURE (F)   76        91      1929
 MINIMUM TEMPERATURE (F)   49        31      1894


SUNRISE AND SUNSET
MARCH 28 2017.........SUNRISE   731 AM EDT   SUNSET   754 PM EDT
MARCH 29 2017.........SUNRISE   730 AM EDT   SUNSET   755 PM EDT


-  INDICATES NEGATIVE NUMBERS.
R  INDICATES RECORD WAS SET OR TIED.
MM INDICATES DATA IS MISSING.
T  INDICATES TRACE AMOUNT.

$$
