000
CDUS42 KTAE 280639
CLITLH


CLIMATE REPORT
NATIONAL WEATHER SERVICE TALLAHASSEE FL
238 AM EDT MON JUL 28 2014


...................................

...THE TALLAHASSEE CLIMATE SUMMARY FOR JULY 27 2014...

CLIMATE NORMAL PERIOD 1981 TO 2010
CLIMATE RECORD PERIOD 1896 TO 2014


WEATHER ITEM   OBSERVED TIME   RECORD YEAR NORMAL DEPARTURE LAST
                VALUE   (LST)  VALUE       VALUE  FROM      YEAR
                                                  NORMAL
..................................................................
TEMPERATURE (F)
 YESTERDAY
  MAXIMUM         98        MM  99    2014  92      6
                                      2006
                                      1936
  MINIMUM         77        MM  65    1911  72      5
  AVERAGE         88                        82      6

PRECIPITATION (IN)
  YESTERDAY        0.00          2.38 1897   0.23  -0.23     0.07
  MONTH TO DATE    1.73                      6.18  -4.45    14.10
  SINCE JUN 1      6.13                     13.91  -7.78    21.42
  SINCE JAN 1     38.22                     35.57   2.65    43.81

SNOWFALL (IN)
  YESTERDAY        0.0                       0.0    0.0

DEGREE DAYS
 HEATING
  YESTERDAY        0                                0
  MONTH TO DATE    0                                0
  SINCE JUN 1      0                                0
  SINCE JUL 1      0                                0

 COOLING
  YESTERDAY       23                                6
  MONTH TO DATE  475                               16
  SINCE JUN 1    996                               80
  SINCE JAN 1   1485                              123
..................................................................


WIND (MPH)
  HIGHEST WIND SPEED    14   HIGHEST WIND DIRECTION    SW (240)
  HIGHEST GUST SPEED    MM   HIGHEST GUST DIRECTION    MM
  AVERAGE WIND SPEED     6.5




RELATIVE HUMIDITY (PERCENT)
 HIGHEST   100
 LOWEST     43
 AVERAGE    72

..........................................................


THE TALLAHASSEE CLIMATE NORMALS FOR TODAY
                         NORMAL    RECORD    YEAR
 MAXIMUM TEMPERATURE (F)   92       101      1993
 MINIMUM TEMPERATURE (F)   72        64      1920


SUNRISE AND SUNSET
JULY 28 2014..........SUNRISE   653 AM EDT   SUNSET   834 PM EDT
JULY 29 2014..........SUNRISE   654 AM EDT   SUNSET   834 PM EDT


-  INDICATES NEGATIVE NUMBERS.
R  INDICATES RECORD WAS SET OR TIED.
MM INDICATES DATA IS MISSING.
T  INDICATES TRACE AMOUNT.




$$
