000
CDUS44 KBMX 292140
CLITOI


CLIMATE REPORT
NATIONAL WEATHER SERVICE BIRMINGHAM, AL
440 PM CDT MON SEP 29 2014


...................................

...THE TROY CLIMATE SUMMARY FOR SEPTEMBER 29 2014...
VALID AS OF 0400 PM LOCAL TIME.

CLIMATE NORMAL PERIOD 1981 TO 2010
CLIMATE RECORD PERIOD 9999 TO 9999


WEATHER ITEM   OBSERVED TIME   RECORD YEAR NORMAL DEPARTURE LAST
                VALUE   (LST)  VALUE       VALUE  FROM      YEAR
                                                  NORMAL
..................................................................
TEMPERATURE (F)
 TODAY
  MAXIMUM         84    252 PM  MM      MM  83      1       80
  MINIMUM         71    657 AM  MM      MM  59     12       53
  AVERAGE         78                        71      7       67

PRECIPITATION (IN)
  TODAY            0.03                      0.12  -0.09     0.00
  MONTH TO DATE    2.96                      3.84  -0.88     2.21
  SINCE SEP 1      2.96                      3.84  -0.88     2.21
  SINCE JAN 1     40.96                     41.79  -0.83    47.82

DEGREE DAYS
 HEATING
  TODAY            0                         1     -1        0
  MONTH TO DATE    0                         2     -2        0
  SINCE SEP 1      0                         2     -2        0
  SINCE JUL 1      0                         2     -2        0

 COOLING
  TODAY           13                         7      6        2
  MONTH TO DATE  375                       309     66      376
  SINCE SEP 1    375                       309     66      376
  SINCE JAN 1   2087                      1943    144     2023
..................................................................


WIND (MPH)
  HIGHEST WIND SPEED    15   HIGHEST WIND DIRECTION     N (20)
  HIGHEST GUST SPEED    17   HIGHEST GUST DIRECTION     N (360)
  AVERAGE WIND SPEED     5.4


SKY COVER
  AVERAGE SKY COVER 1.0


WEATHER CONDITIONS
 THE FOLLOWING WEATHER WAS RECORDED TODAY.
  LIGHT RAIN
  FOG


RELATIVE HUMIDITY (PERCENT)
 HIGHEST    93          1200 AM
 LOWEST     65           300 PM
 AVERAGE    79

..........................................................


THE TROY CLIMATE NORMALS FOR TOMORROW
                         NORMAL    RECORD    YEAR
 MAXIMUM TEMPERATURE (F)   83        MM        MM
 MINIMUM TEMPERATURE (F)   59        MM        MM


SUNRISE AND SUNSET
SEPTEMBER 29 2014.....SUNRISE   637 AM CDT   SUNSET   632 PM CDT
SEPTEMBER 30 2014.....SUNRISE   637 AM CDT   SUNSET   630 PM CDT


-  INDICATES NEGATIVE NUMBERS.
R  INDICATES RECORD WAS SET OR TIED.
MM INDICATES DATA IS MISSING.
T  INDICATES TRACE AMOUNT.




$$
