000
CDUS44 KBMX 240802
CLITOI


CLIMATE REPORT
NATIONAL WEATHER SERVICE BIRMINGHAM, AL
300 AM CDT SUN JUL 24 2016


...................................

...THE TROY CLIMATE SUMMARY FOR JULY 23 2016...

CLIMATE NORMAL PERIOD 1981 TO 2010
CLIMATE RECORD PERIOD 9999 TO 9999


WEATHER ITEM   OBSERVED TIME   RECORD YEAR NORMAL DEPARTURE LAST
                VALUE   (LST)  VALUE       VALUE  FROM      YEAR
                                                  NORMAL
..................................................................
TEMPERATURE (F)
 YESTERDAY
  MAXIMUM         92    234 PM  MM      MM  92      0       96
  MINIMUM         70    519 AM  MM      MM  70      0       74
  AVERAGE         81                        81      0       85

PRECIPITATION (IN)
  YESTERDAY        0.00                      0.19  -0.19     0.34
  MONTH TO DATE    3.59                      4.19  -0.60     2.25
  SINCE JUN 1      9.59                      9.02   0.57     6.36
  SINCE JAN 1     28.93                     31.85  -2.92    26.18

DEGREE DAYS
 COOLING
  YESTERDAY       16                        16      0       20
  MONTH TO DATE  382                       361     21      419
  SINCE JUN 1    823                       749     74      878
  SINCE JAN 1   1238                      1036    202     1361
..................................................................


WIND (MPH)
  HIGHEST WIND SPEED     9   HIGHEST WIND DIRECTION     S (190)
  HIGHEST GUST SPEED    13   HIGHEST GUST DIRECTION     S (170)
  AVERAGE WIND SPEED     1.5


SKY COVER
  AVERAGE SKY COVER 0.2


WEATHER CONDITIONS
 THE FOLLOWING WEATHER WAS RECORDED YESTERDAY.
  FOG
  FOG W/VISIBILITY <= 1/4 MILE


RELATIVE HUMIDITY (PERCENT)
 HIGHEST   100           200 AM
 LOWEST     56           200 PM
 AVERAGE    78

..........................................................


THE TROY CLIMATE NORMALS FOR TODAY
                         NORMAL    RECORD    YEAR
 MAXIMUM TEMPERATURE (F)   92        MM        MM
 MINIMUM TEMPERATURE (F)   70        MM        MM


SUNRISE AND SUNSET
JULY 24 2016..........SUNRISE   555 AM CDT   SUNSET   746 PM CDT
JULY 25 2016..........SUNRISE   555 AM CDT   SUNSET   745 PM CDT


-  INDICATES NEGATIVE NUMBERS.
R  INDICATES RECORD WAS SET OR TIED.
MM INDICATES DATA IS MISSING.
T  INDICATES TRACE AMOUNT.




$$
