000
CDUS44 KBMX 132121
CLITOI


CLIMATE REPORT
NATIONAL WEATHER SERVICE BIRMINGHAM, AL
421 PM CDT SUN JUL 13 2014


...................................

...THE TROY CLIMATE SUMMARY FOR JULY 13 2014...
VALID AS OF 0400 PM LOCAL TIME.

CLIMATE NORMAL PERIOD 1981 TO 2010
CLIMATE RECORD PERIOD 9999 TO 9999


WEATHER ITEM   OBSERVED TIME   RECORD YEAR NORMAL DEPARTURE LAST
                VALUE   (LST)  VALUE       VALUE  FROM      YEAR
                                                  NORMAL
..................................................................
TEMPERATURE (F)
 TODAY
  MAXIMUM         93    242 PM  MM      MM  92      1       88
  MINIMUM         69    252 AM  MM      MM  70     -1       68
  AVERAGE         81                        81      0       78

PRECIPITATION (IN)
  TODAY            0.00                      0.18  -0.18     0.42
  MONTH TO DATE    0.36                      2.48  -2.12     7.12
  SINCE JUN 1      3.15                      7.31  -4.16    13.07
  SINCE JAN 1     33.21                     30.14   3.07    36.23

DEGREE DAYS
 COOLING
  TODAY           16                        16      0       13
  MONTH TO DATE  198                       201     -3      168
  SINCE JUN 1    631                       589     42      613
  SINCE JAN 1    953                       876     77      905
..................................................................


WIND (MPH)
  HIGHEST WIND SPEED     9   HIGHEST WIND DIRECTION    SE (140)
  HIGHEST GUST SPEED    14   HIGHEST GUST DIRECTION     S (160)
  AVERAGE WIND SPEED     3.0


SKY COVER
  AVERAGE SKY COVER 0.6


WEATHER CONDITIONS
 THE FOLLOWING WEATHER WAS RECORDED TODAY.
  FOG
  FOG W/VISIBILITY <= 1/4 MILE
  HAZE


RELATIVE HUMIDITY (PERCENT)
 HIGHEST   100           500 AM
 LOWEST     49           200 PM
 AVERAGE    75

..........................................................


THE TROY CLIMATE NORMALS FOR TOMORROW
                         NORMAL    RECORD    YEAR
 MAXIMUM TEMPERATURE (F)   92        MM        MM
 MINIMUM TEMPERATURE (F)   70        MM        MM


SUNRISE AND SUNSET
JULY 13 2014..........SUNRISE   548 AM CDT   SUNSET   752 PM CDT
JULY 14 2014..........SUNRISE   548 AM CDT   SUNSET   751 PM CDT


-  INDICATES NEGATIVE NUMBERS.
R  INDICATES RECORD WAS SET OR TIED.
MM INDICATES DATA IS MISSING.
T  INDICATES TRACE AMOUNT.




$$
