000
CDUS44 KBMX 282154
CLITOI


CLIMATE REPORT
NATIONAL WEATHER SERVICE BIRMINGHAM, AL
449 PM CDT SAT MAY 28 2016


...................................

...THE TROY CLIMATE SUMMARY FOR MAY 28 2016...
VALID AS OF 0400 PM LOCAL TIME.

CLIMATE NORMAL PERIOD 1981 TO 2010
CLIMATE RECORD PERIOD 9999 TO 9999


WEATHER ITEM   OBSERVED TIME   RECORD YEAR NORMAL DEPARTURE LAST
                VALUE   (LST)  VALUE       VALUE  FROM      YEAR
                                                  NORMAL
..................................................................
TEMPERATURE (F)
 TODAY
  MAXIMUM         90   1223 PM  MM      MM  87      3       86
  MINIMUM         67    240 AM  MM      MM  62      5       67
  AVERAGE         79                        74      5       77

PRECIPITATION (IN)
  TODAY            0.00                      0.20  -0.20     0.97
  MONTH TO DATE    2.40                      3.04  -0.64     2.76
  SINCE MAR 1     12.98                     13.06  -0.08    12.58
  SINCE JAN 1     19.33                     22.19  -2.86    19.49

DEGREE DAYS
 COOLING
  TODAY           14                         9      5       12
  MONTH TO DATE  200                       180     20      242
  SINCE MAR 1    359                       252    107      446
  SINCE JAN 1    366                       257    109      448
..................................................................


WIND (MPH)
  HIGHEST WIND SPEED    13   HIGHEST WIND DIRECTION     E (100)
  HIGHEST GUST SPEED    18   HIGHEST GUST DIRECTION     E (110)
  AVERAGE WIND SPEED     5.6


SKY COVER
  AVERAGE SKY COVER 0.2


WEATHER CONDITIONS
 THE FOLLOWING WEATHER WAS RECORDED TODAY.
  NO SIGNIFICANT WEATHER WAS OBSERVED.


RELATIVE HUMIDITY (PERCENT)
 HIGHEST    93           200 AM
 LOWEST     43          1200 PM
 AVERAGE    68

..........................................................


THE TROY CLIMATE NORMALS FOR TOMORROW
                         NORMAL    RECORD    YEAR
 MAXIMUM TEMPERATURE (F)   87        MM        MM
 MINIMUM TEMPERATURE (F)   63        MM        MM


SUNRISE AND SUNSET
MAY 28 2016...........SUNRISE   540 AM CDT   SUNSET   743 PM CDT
MAY 29 2016...........SUNRISE   540 AM CDT   SUNSET   743 PM CDT


-  INDICATES NEGATIVE NUMBERS.
R  INDICATES RECORD WAS SET OR TIED.
MM INDICATES DATA IS MISSING.
T  INDICATES TRACE AMOUNT.




$$
