000
CDUS41 KCLE 130534
CLITOL


CLIMATE REPORT
NATIONAL WEATHER SERVICE CLEVELAND OH
133 AM EDT SUN JUL 13 2014


...................................

...THE TOLEDO OH CLIMATE SUMMARY FOR JULY 12 2014...

CLIMATE NORMAL PERIOD 1981 TO 2010
CLIMATE RECORD PERIOD 1873 TO 2014


WEATHER ITEM   OBSERVED TIME   RECORD YEAR NORMAL DEPARTURE LAST
                VALUE   (LST)  VALUE       VALUE  FROM      YEAR
                                                  NORMAL
..................................................................
TEMPERATURE (F)
 YESTERDAY
  MAXIMUM         87    234 PM  99    1936  85      2       80
  MINIMUM         59    535 AM  45    1978  63     -4       58
  AVERAGE         73                        74     -1       69

PRECIPITATION (IN)
  YESTERDAY        T                         0.10  -0.10     0.00
  MONTH TO DATE    0.24                      1.19  -0.95     1.97
  SINCE JUN 1      4.22                      4.76  -0.54     8.32
  SINCE JAN 1     18.07                     18.13  -0.06    22.82

SNOWFALL (IN)
  YESTERDAY        0.0                       0.0    0.0      0.0
  MONTH TO DATE    0.0                       0.0    0.0      0.0
  SINCE JUN 1      0.0                       0.0    0.0      0.0
  SINCE JUL 1      0.0                       0.0    0.0      0.0
  SNOW DEPTH       0

DEGREE DAYS
 HEATING
  YESTERDAY        0                         0      0        0
  MONTH TO DATE    1                         0      1        1
  SINCE JUN 1     17                        35    -18       32
  SINCE JUL 1      1                         0      1        1

 COOLING
  YESTERDAY        8                         9     -1        4
  MONTH TO DATE   71                       106    -35       91
  SINCE JUN 1    262                       276    -14      253
  SINCE JAN 1    324                       329     -5      347
..................................................................


WIND (MPH)
  HIGHEST WIND SPEED    15   HIGHEST WIND DIRECTION    SW (230)
  HIGHEST GUST SPEED    21   HIGHEST GUST DIRECTION    SW (240)
  AVERAGE WIND SPEED     5.2


SKY COVER
  POSSIBLE SUNSHINE  MM
  AVERAGE SKY COVER 0.3


WEATHER CONDITIONS
 THE FOLLOWING WEATHER WAS RECORDED YESTERDAY.
  FOG


RELATIVE HUMIDITY (PERCENT)
 HIGHEST    97           500 AM
 LOWEST     47          1100 AM
 AVERAGE    72

..........................................................


THE TOLEDO OH CLIMATE NORMALS FOR TODAY
                         NORMAL    RECORD    YEAR
 MAXIMUM TEMPERATURE (F)   85       100      1936
 MINIMUM TEMPERATURE (F)   63        49      1888


SUNRISE AND SUNSET
JULY 13 2014..........SUNRISE   613 AM EDT   SUNSET   909 PM EDT
JULY 14 2014..........SUNRISE   613 AM EDT   SUNSET   908 PM EDT


-  INDICATES NEGATIVE NUMBERS.
R  INDICATES RECORD WAS SET OR TIED.
MM INDICATES DATA IS MISSING.
T  INDICATES TRACE AMOUNT.




$$
