000
CDUS41 KCLE 030900
CLITOL


CLIMATE REPORT
NATIONAL WEATHER SERVICE CLEVELAND OH
500 AM EDT WED JUN 3 2015


...................................

...THE TOLEDO OH CLIMATE SUMMARY FOR JUNE 2 2015...

CLIMATE NORMAL PERIOD 1981 TO 2010
CLIMATE RECORD PERIOD 1873 TO 2015


WEATHER ITEM   OBSERVED TIME   RECORD YEAR NORMAL DEPARTURE LAST
                VALUE   (LST)  VALUE       VALUE  FROM      YEAR
                                                  NORMAL
..................................................................
TEMPERATURE (F)
 YESTERDAY
  MAXIMUM         68    319 PM  95    1934  77     -9       84
  MINIMUM         45    335 AM  38    1966  54     -9       71
  AVERAGE         57                        65     -8       78

PRECIPITATION (IN)
  YESTERDAY        0.00                      0.12  -0.12     0.03
  MONTH TO DATE    0.00                      0.24  -0.24     0.03
  SINCE JUN 1      0.00                      0.24  -0.24     0.03
  SINCE JAN 1     11.90                     13.61  -1.71    13.88

SNOWFALL (IN)
  YESTERDAY        0.0                       0.0    0.0      0.0
  MONTH TO DATE    0.0                       0.0    0.0      0.0
  SINCE JUN 1      0.0                       0.0    0.0      0.0
  SINCE JUL 1     45.7                      37.6    8.1     86.3
  SNOW DEPTH       0

DEGREE DAYS
 HEATING
  YESTERDAY        8                         3      5        0
  MONTH TO DATE   19                         6     13        0
  SINCE JUN 1     19                         6     13        0
  SINCE JUL 1   6880                      6116    764     7116

 COOLING
  YESTERDAY        0                         3     -3       13
  MONTH TO DATE    0                         6     -6       17
  SINCE JUN 1      0                         6     -6       17
  SINCE JAN 1     93                        59     34       79
..................................................................


WIND (MPH)
  HIGHEST WIND SPEED    16   HIGHEST WIND DIRECTION     E (70)
  HIGHEST GUST SPEED    22   HIGHEST GUST DIRECTION    NE (50)
  AVERAGE WIND SPEED     7.6


SKY COVER
  POSSIBLE SUNSHINE  MM
  AVERAGE SKY COVER 0.1


WEATHER CONDITIONS
 THE FOLLOWING WEATHER WAS RECORDED YESTERDAY.
  NO SIGNIFICANT WEATHER WAS OBSERVED.


RELATIVE HUMIDITY (PERCENT)
 HIGHEST    86          1100 PM
 LOWEST     43           700 PM
 AVERAGE    65

..........................................................


THE TOLEDO OH CLIMATE NORMALS FOR TODAY
                         NORMAL    RECORD    YEAR
 MAXIMUM TEMPERATURE (F)   77        94      1895
 MINIMUM TEMPERATURE (F)   55        37      1986
                                             1977


SUNRISE AND SUNSET
JUNE  3 2015..........SUNRISE   603 AM EDT   SUNSET   904 PM EDT
JUNE  4 2015..........SUNRISE   602 AM EDT   SUNSET   905 PM EDT


-  INDICATES NEGATIVE NUMBERS.
R  INDICATES RECORD WAS SET OR TIED.
MM INDICATES DATA IS MISSING.
T  INDICATES TRACE AMOUNT.




$$
