000
CDUS41 KCLE 140528
CLITOL


CLIMATE REPORT
NATIONAL WEATHER SERVICE CLEVELAND OH
1228 AM EST SUN FEB 14 2016


...................................

...THE TOLEDO OH CLIMATE SUMMARY FOR FEBRUARY 13 2016...

CLIMATE NORMAL PERIOD 1981 TO 2010
CLIMATE RECORD PERIOD 1873 TO 2016


WEATHER ITEM   OBSERVED TIME   RECORD YEAR NORMAL DEPARTURE LAST
                VALUE   (LST)  VALUE       VALUE  FROM      YEAR
                                                  NORMAL
..................................................................
TEMPERATURE (F)
 YESTERDAY
  MAXIMUM         16    509 PM  66    1938  35    -19       24
  MINIMUM          1    743 AM -12    1905  20    -19       -7
  AVERAGE          9                        28    -19        9

PRECIPITATION (IN)
  YESTERDAY        0.01                      0.07  -0.06      T
  MONTH TO DATE    0.45                      0.91  -0.46     1.15
  SINCE DEC 1      4.90                      5.64  -0.74     4.29
  SINCE JAN 1      1.92                      2.96  -1.04     3.20

SNOWFALL (IN)
  YESTERDAY        0.3                       0.3    0.0       T
  MONTH TO DATE    1.5                       4.7   -3.2     16.8
  SINCE DEC 1      7.4                      23.7  -16.3     29.0
  SINCE JUL 1     10.9                      25.8  -14.9     31.8
  SNOW DEPTH       T

DEGREE DAYS
 HEATING
  YESTERDAY       56                        37     19       56
  MONTH TO DATE  474                       499    -25      592
  SINCE DEC 1   2396                      2815   -419     2947
  SINCE JUL 1   3406                      4048   -642     4385

 COOLING
  YESTERDAY        0                         0      0        0
  MONTH TO DATE    0                         0      0        0
  SINCE DEC 1      0                         0      0        0
  SINCE JAN 1      0                         0      0        0
..................................................................


WIND (MPH)
  HIGHEST WIND SPEED    20   HIGHEST WIND DIRECTION     W (260)
  HIGHEST GUST SPEED    24   HIGHEST GUST DIRECTION     W (280)
  AVERAGE WIND SPEED    10.1


SKY COVER
  POSSIBLE SUNSHINE  MM
  AVERAGE SKY COVER 0.6


WEATHER CONDITIONS
 THE FOLLOWING WEATHER WAS RECORDED YESTERDAY.
  LIGHT SNOW
  HAZE


RELATIVE HUMIDITY (PERCENT)
 HIGHEST    75           800 AM
 LOWEST     54           400 AM
 AVERAGE    65

..........................................................


THE TOLEDO OH CLIMATE NORMALS FOR TODAY
                         NORMAL    RECORD    YEAR
 MAXIMUM TEMPERATURE (F)   36        60      1918
 MINIMUM TEMPERATURE (F)   20       -14      1905


SUNRISE AND SUNSET
FEBRUARY 14 2016......SUNRISE   732 AM EST   SUNSET   607 PM EST
FEBRUARY 15 2016......SUNRISE   731 AM EST   SUNSET   608 PM EST


-  INDICATES NEGATIVE NUMBERS.
R  INDICATES RECORD WAS SET OR TIED.
MM INDICATES DATA IS MISSING.
T  INDICATES TRACE AMOUNT.




$$
