066
CDUS41 KCLE 220545
CLITOL


CLIMATE REPORT
NATIONAL WEATHER SERVICE CLEVELAND OH
145 AM EDT SAT JUL 22 2017


...................................

...THE TOLEDO OH CLIMATE SUMMARY FOR JULY 21 2017...

CLIMATE NORMAL PERIOD 1981 TO 2010
CLIMATE RECORD PERIOD 1873 TO 2017


WEATHER ITEM   OBSERVED TIME   RECORD YEAR NORMAL DEPARTURE LAST
                VALUE   (LST)  VALUE       VALUE  FROM      YEAR
                                                  NORMAL
..................................................................
TEMPERATURE (F)
 YESTERDAY
  MAXIMUM         89    329 PM 102    2011  84      5       90
  MINIMUM         70    546 AM  44    1965  63      7       65
  AVERAGE         80                        74      6       78

PRECIPITATION (IN)
  YESTERDAY        0.00                      0.11  -0.11     0.03
  MONTH TO DATE    2.71                      2.14   0.57     2.51
  SINCE JUN 1      6.55                      5.71   0.84     4.13
  SINCE JAN 1     24.41                     19.08   5.33    17.89

SNOWFALL (IN)
  YESTERDAY        0.0                       0.0    0.0      0.0
  MONTH TO DATE    0.0                       0.0    0.0      0.0
  SINCE JUN 1      0.0                       0.0    0.0      0.0
  SINCE JUL 1      0.0                       0.0    0.0      0.0
  SNOW DEPTH       0

DEGREE DAYS
 HEATING
  YESTERDAY        0                         0      0        0
  MONTH TO DATE    0                         0      0        1
  SINCE JUN 1     21                        35    -14       14
  SINCE JUL 1      0                         0      0        1

 COOLING
  YESTERDAY       15                         9      6       13
  MONTH TO DATE  169                       187    -18      187
  SINCE JUN 1    350                       357     -7      377
  SINCE JAN 1    395                       410    -15      446
..................................................................


WIND (MPH)
  HIGHEST WIND SPEED    13   HIGHEST WIND DIRECTION    NE (50)
  HIGHEST GUST SPEED    14   HIGHEST GUST DIRECTION    NE (50)
  AVERAGE WIND SPEED     3.5


SKY COVER
  POSSIBLE SUNSHINE  MM
  AVERAGE SKY COVER 0.1


WEATHER CONDITIONS
 THE FOLLOWING WEATHER WAS RECORDED YESTERDAY.
  FOG


RELATIVE HUMIDITY (PERCENT)
 HIGHEST   100          1200 AM
 LOWEST     46           200 PM
 AVERAGE    73

..........................................................


THE TOLEDO OH CLIMATE NORMALS FOR TODAY
                         NORMAL    RECORD    YEAR
 MAXIMUM TEMPERATURE (F)   84        98      1952
 MINIMUM TEMPERATURE (F)   63        46      1970


SUNRISE AND SUNSET
JULY 22 2017..........SUNRISE   620 AM EDT   SUNSET   902 PM EDT
JULY 23 2017..........SUNRISE   621 AM EDT   SUNSET   902 PM EDT


-  INDICATES NEGATIVE NUMBERS.
R  INDICATES RECORD WAS SET OR TIED.
MM INDICATES DATA IS MISSING.
T  INDICATES TRACE AMOUNT.




$$
