000
CDUS43 KTOP 300635
CLITOP


CLIMATE REPORT
NATIONAL WEATHER SERVICE TOPEKA KS
1232 AM CST FRI JAN 30 2015


...................................

...THE TOPEKA KS CLIMATE SUMMARY FOR JANUARY 29 2015...

CLIMATE NORMAL PERIOD 1981 TO 2010
CLIMATE RECORD PERIOD 1887 TO 2015


WEATHER ITEM   OBSERVED TIME   RECORD YEAR NORMAL DEPARTURE LAST
                VALUE   (LST)  VALUE       VALUE  FROM      YEAR
                                                  NORMAL
..................................................................
TEMPERATURE (F)
 YESTERDAY
  MAXIMUM         53   1208 AM  70    2013  41     12       49
  MINIMUM         20   1153 PM  -9    1966  20      0        8
  AVERAGE         37                        30      7       29

PRECIPITATION (IN)
  YESTERDAY        0.00          1.19 1982   0.04  -0.04     0.00
  MONTH TO DATE    0.08                      0.79  -0.71     0.34
  SINCE DEC 1      2.35                      2.14   0.21     0.90
  SINCE JAN 1      0.08                      0.79  -0.71     0.34

SNOWFALL (IN)
  YESTERDAY        0.0           3.4  1979   0.2   -0.2      0.0
  MONTH TO DATE    1.2                       4.6   -3.4      3.8
  SINCE JAN 1      1.2                       4.6   -3.4      3.8
  SINCE JUL 1      3.6                      11.1   -7.5      8.1
  SNOW DEPTH       0

DEGREE DAYS
 HEATING
  YESTERDAY       28                        35     -7       36
  MONTH TO DATE  964                      1022    -58     1093
  SINCE DEC 1   1847                      2045   -198     2201
  SINCE JUL 1   2878                      3039   -161     3197

 COOLING
  YESTERDAY        0                         0      0        0
  MONTH TO DATE    0                         0      0        0
  SINCE DEC 1      0                         0      0        0
  SINCE JAN 1      0                         0      0        0
..................................................................


WIND (MPH)
  HIGHEST WIND SPEED    29   HIGHEST WIND DIRECTION     N (350)
  HIGHEST GUST SPEED    39   HIGHEST GUST DIRECTION     N (340)
  AVERAGE WIND SPEED    13.7


SKY COVER
  AVERAGE SKY COVER 0.6


WEATHER CONDITIONS
 THE FOLLOWING WEATHER WAS RECORDED YESTERDAY.
  NO SIGNIFICANT WEATHER WAS OBSERVED.


RELATIVE HUMIDITY (PERCENT)
 HIGHEST    92          1100 PM
 LOWEST     46          1200 AM
 AVERAGE    69

..........................................................


THE TOPEKA KS CLIMATE NORMALS FOR TODAY
                         NORMAL    RECORD    YEAR
 MAXIMUM TEMPERATURE (F)   41        70      2012
 MINIMUM TEMPERATURE (F)   20        -6      1991
                                             1966
                                             1918


SUNRISE AND SUNSET
JANUARY 30 2015.......SUNRISE   731 AM CST   SUNSET   541 PM CST
JANUARY 31 2015.......SUNRISE   730 AM CST   SUNSET   542 PM CST


-  INDICATES NEGATIVE NUMBERS.
R  INDICATES RECORD WAS SET OR TIED.
MM INDICATES DATA IS MISSING.
T  INDICATES TRACE AMOUNT.




$$
