000
CDUS43 KTOP 280636
CLITOP


CLIMATE REPORT
NATIONAL WEATHER SERVICE TOPEKA KS
134 AM CDT SUN AUG 28 2016


...................................

...THE TOPEKA KS CLIMATE SUMMARY FOR AUGUST 27 2016...

CLIMATE NORMAL PERIOD 1981 TO 2010
CLIMATE RECORD PERIOD 1887 TO 2016


WEATHER ITEM   OBSERVED TIME   RECORD YEAR NORMAL DEPARTURE LAST
                VALUE   (LST)  VALUE       VALUE  FROM      YEAR
                                                  NORMAL
..................................................................
TEMPERATURE (F)
 YESTERDAY
  MAXIMUM         89    527 PM 108    2000  87      2       82
  MINIMUM         66    458 AM  50    1967  64      2       66
                                      1910
                                      1906
  AVERAGE         78                        76      2       74

PRECIPITATION (IN)
  YESTERDAY        0.57          1.88 1989   0.14   0.43     0.02
  MONTH TO DATE    4.51                      3.71   0.80     2.89
  SINCE JUN 1     12.26                     12.93  -0.67    18.44
  SINCE JAN 1     31.57                     26.04   5.53    33.03

SNOWFALL (IN)
  YESTERDAY        0.0           T    1919   0.0    0.0      0.0
  MONTH TO DATE    0.0                       0.0    0.0      0.0
  SINCE JAN 1      3.7                      11.3   -7.6      7.9
  SINCE JUL 1      T                         0.0    0.0      0.0
  SNOW DEPTH       0

DEGREE DAYS
 HEATING
  YESTERDAY        0                         0      0        0
  MONTH TO DATE    0                         0      0        0
  SINCE JUN 1      0                         8     -8        0
  SINCE JUL 1      0                         0      0        0

 COOLING
  YESTERDAY       13                        11      2        9
  MONTH TO DATE  347                       346      1      286
  SINCE JUN 1   1260                      1062    198     1100
  SINCE JAN 1   1352                      1188    164     1182
..................................................................


WIND (MPH)
  HIGHEST WIND SPEED    18   HIGHEST WIND DIRECTION    NW (310)
  HIGHEST GUST SPEED    24   HIGHEST GUST DIRECTION     W (270)
  AVERAGE WIND SPEED     2.9


SKY COVER
  AVERAGE SKY COVER 0.2


WEATHER CONDITIONS
 THE FOLLOWING WEATHER WAS RECORDED YESTERDAY.
  THUNDERSTORM
  HEAVY RAIN
  RAIN
  LIGHT RAIN
  FOG


RELATIVE HUMIDITY (PERCENT)
 HIGHEST   100           700 AM
 LOWEST     57           300 PM
 AVERAGE    79

..........................................................


THE TOPEKA KS CLIMATE NORMALS FOR TODAY
                         NORMAL    RECORD    YEAR
 MAXIMUM TEMPERATURE (F)   87       107      2000
 MINIMUM TEMPERATURE (F)   64        43      1891


SUNRISE AND SUNSET
AUGUST 28 2016........SUNRISE   648 AM CDT   SUNSET   758 PM CDT
AUGUST 29 2016........SUNRISE   649 AM CDT   SUNSET   757 PM CDT


-  INDICATES NEGATIVE NUMBERS.
R  INDICATES RECORD WAS SET OR TIED.
MM INDICATES DATA IS MISSING.
T  INDICATES TRACE AMOUNT.




$$
