000
CDUS43 KTOP 200633
CLITOP


CLIMATE REPORT
NATIONAL WEATHER SERVICE TOPEKA KS
132 AM CDT SUN APR 20 2014


...................................

...THE TOPEKA KS CLIMATE SUMMARY FOR APRIL 19 2014...

CLIMATE NORMAL PERIOD 1981 TO 2010
CLIMATE RECORD PERIOD 1887 TO 2014


WEATHER ITEM   OBSERVED TIME   RECORD YEAR NORMAL DEPARTURE LAST
                VALUE   (LST)  VALUE       VALUE  FROM      YEAR
                                                  NORMAL
..................................................................
TEMPERATURE (F)
 YESTERDAY
  MAXIMUM         79    342 PM  91    1987  68     11       55
  MINIMUM         48    343 AM  27    1953  45      3       33
  AVERAGE         64                        56      8       44

PRECIPITATION (IN)
  YESTERDAY        0.00          3.19 2003   0.11  -0.11     0.00
  MONTH TO DATE    1.29                      2.06  -0.77     2.16
  SINCE MAR 1      2.02                      4.55  -2.53     4.17
  SINCE JAN 1      3.68                      6.73  -3.05     6.61

SNOWFALL (IN)
  YESTERDAY        0.0           T    1993   0.0    0.0      0.0
  MONTH TO DATE    0.1                       0.3   -0.2      T
  SINCE JAN 1     23.1                      11.3   11.8     23.9
  SINCE JUL 1     27.4                      17.8    9.6     29.3
  SNOW DEPTH       0

DEGREE DAYS
 HEATING
  YESTERDAY        1                        10     -9       21
  MONTH TO DATE  257                       235     22      307
  SINCE MAR 1    967                       863    104     1071
  SINCE JUL 1   5289                      4830    459     4628

 COOLING
  YESTERDAY        0                         1     -1        0
  MONTH TO DATE    5                        12     -7        0
  SINCE MAR 1      5                        15    -10        0
  SINCE JAN 1      5                        15    -10        0
..................................................................


WIND (MPH)
  HIGHEST WIND SPEED    25   HIGHEST WIND DIRECTION     S (160)
  HIGHEST GUST SPEED    34   HIGHEST GUST DIRECTION     S (170)
  AVERAGE WIND SPEED    10.7


SKY COVER
  AVERAGE SKY COVER 0.0


WEATHER CONDITIONS
 THE FOLLOWING WEATHER WAS RECORDED YESTERDAY.
  NO SIGNIFICANT WEATHER WAS OBSERVED.


RELATIVE HUMIDITY (PERCENT)
 HIGHEST    71           200 AM
 LOWEST     28           400 PM
 AVERAGE    50

..........................................................


THE TOPEKA KS CLIMATE NORMALS FOR TODAY
                         NORMAL    RECORD    YEAR
 MAXIMUM TEMPERATURE (F)   68        94      1902
 MINIMUM TEMPERATURE (F)   45        24      1953


SUNRISE AND SUNSET
APRIL 20 2014.........SUNRISE   639 AM CDT   SUNSET   805 PM CDT
APRIL 21 2014.........SUNRISE   637 AM CDT   SUNSET   806 PM CDT


-  INDICATES NEGATIVE NUMBERS.
R  INDICATES RECORD WAS SET OR TIED.
MM INDICATES DATA IS MISSING.
T  INDICATES TRACE AMOUNT.




$$
