000
CDUS45 KCYS 270341
CLITOR


CLIMATE REPORT
NATIONAL WEATHER SERVICE CHEYENNE WY
940 PM MDT TUE MAY 26 2015


...................................

...THE TORRINGTON WY AIRPORT CLIMATE SUMMARY FOR MAY 26 2015...
VALID TODAY AS OF 0900 PM LOCAL TIME.

CLIMATE NORMAL PERIOD 1981 TO 2010
CLIMATE RECORD PERIOD 1998 TO 2015


WEATHER ITEM   OBSERVED TIME   RECORD YEAR NORMAL DEPARTURE LAST
                VALUE   (LST)  VALUE       VALUE  FROM      YEAR
                                                  NORMAL
..................................................................
TEMPERATURE (F)
 TODAY
  MAXIMUM         70    357 PM  88    2006  74     -4       79
  MINIMUM         43    505 AM  35    2007  45     -2       51
  AVERAGE         57                        60     -3       65

PRECIPITATION (IN)
  TODAY            0.04          0.21 2008   0.09  -0.05     0.00
  MONTH TO DATE    6.23                      1.87   4.36     4.85
  SINCE JAN 1     10.33                      4.88   5.45     7.59

DEGREE DAYS
 HEATING
  TODAY            8                         6      2        0
  MONTH TO DATE  362                       250    112      300
  SINCE MAR 1   1520                      1638   -118     1694
  SINCE JUL 1   6234                      6482   -248     6809

 COOLING
  TODAY            0                         1     -1        0
  MONTH TO DATE    0                         4     -4        0
  SINCE MAR 1      0                         5     -5        0
  SINCE JAN 1      0                         5     -5        0
..................................................................


WIND (MPH)
  HIGHEST WIND SPEED    17   HIGHEST WIND DIRECTION    SE (140)
  HIGHEST GUST SPEED    22   HIGHEST GUST DIRECTION    SE (130)
  AVERAGE WIND SPEED     5.9


SKY COVER
  AVERAGE SKY COVER 0.5


WEATHER CONDITIONS
 THE FOLLOWING WEATHER WAS RECORDED TODAY.
  THUNDERSTORM
  RAIN
  LIGHT RAIN
  FOG
  FOG W/VISIBILITY <= 1/4 MILE


RELATIVE HUMIDITY (PERCENT)
 HIGHEST   100           100 AM
 LOWEST     45           200 PM
 AVERAGE    73

..........................................................


THE TORRINGTON WY AIRPORT CLIMATE NORMALS FOR TOMORROW
                         NORMAL    RECORD    YEAR
 MAXIMUM TEMPERATURE (F)   74        93      2006
 MINIMUM TEMPERATURE (F)   45        37      2009


SUNRISE AND SUNSET
MAY 26 2015...........SUNRISE   527 AM MDT   SUNSET   821 PM MDT
MAY 27 2015...........SUNRISE   526 AM MDT   SUNSET   822 PM MDT


-  INDICATES NEGATIVE NUMBERS.
R  INDICATES RECORD WAS SET OR TIED.
MM INDICATES DATA IS MISSING.
T  INDICATES TRACE AMOUNT.




$$
