000
CDUS45 KCYS 010727
CLITOR


CLIMATE REPORT
NATIONAL WEATHER SERVICE CHEYENNE WY
126 AM MDT SAT AUG 1 2015


...................................

...THE TORRINGTON WY AIRPORT CLIMATE SUMMARY FOR JULY 31 2015...

CLIMATE NORMAL PERIOD 1981 TO 2010
CLIMATE RECORD PERIOD 1998 TO 2015


WEATHER ITEM   OBSERVED TIME   RECORD YEAR NORMAL DEPARTURE LAST
                VALUE   (LST)  VALUE       VALUE  FROM      YEAR
                                                  NORMAL
..................................................................
TEMPERATURE (F)
 YESTERDAY
  MAXIMUM         94    144 PM 105    2002  90      4       86
  MINIMUM         55    536 AM  48    2009  58     -3       53
  AVERAGE         75                        74      1       70

PRECIPITATION (IN)
  YESTERDAY        0.00          0.24 2005   0.06  -0.06     0.00
  MONTH TO DATE    1.92                      1.80   0.12     1.35
  SINCE JAN 1     15.43                      9.69   5.74    11.46

DEGREE DAYS
 HEATING
  YESTERDAY        0                         0      0        0
  MONTH TO DATE    8                         0      8        7
  SINCE JUN 1     11                        81    -70       85
  SINCE JUL 1      8                         6      2        7

 COOLING
  YESTERDAY       10                        10      0        5
  MONTH TO DATE  222                       282    -60      258
  SINCE JUN 1    372                       398    -26      320
  SINCE JAN 1    372                       416    -44      336
..................................................................


WIND (MPH)
  HIGHEST WIND SPEED    31   HIGHEST WIND DIRECTION     S (200)
  HIGHEST GUST SPEED    37   HIGHEST GUST DIRECTION     S (200)
  AVERAGE WIND SPEED     7.9


SKY COVER
  AVERAGE SKY COVER 0.0


WEATHER CONDITIONS
 THE FOLLOWING WEATHER WAS RECORDED YESTERDAY.
  NO SIGNIFICANT WEATHER WAS OBSERVED.


RELATIVE HUMIDITY (PERCENT)
 HIGHEST    86           500 AM
 LOWEST     24           400 PM
 AVERAGE    55

..........................................................


THE TORRINGTON WY AIRPORT CLIMATE NORMALS FOR TODAY
                         NORMAL    RECORD    YEAR
 MAXIMUM TEMPERATURE (F)   90        99      2011
 MINIMUM TEMPERATURE (F)   58        47      2009


SUNRISE AND SUNSET
AUGUST  1 2015........SUNRISE   550 AM MDT   SUNSET   816 PM MDT
AUGUST  2 2015........SUNRISE   551 AM MDT   SUNSET   814 PM MDT


-  INDICATES NEGATIVE NUMBERS.
R  INDICATES RECORD WAS SET OR TIED.
MM INDICATES DATA IS MISSING.
T  INDICATES TRACE AMOUNT.




$$
