000
CDUS45 KCYS 242232
CLITOR


CLIMATE REPORT
NATIONAL WEATHER SERVICE CHEYENNE WY
331 PM MST SAT JAN 24 2015


...................................

...THE TORRINGTON WY AIRPORT CLIMATE SUMMARY FOR JANUARY 24 2015...
VALID AS OF 0300 PM LOCAL TIME.

CLIMATE NORMAL PERIOD 1981 TO 2010
CLIMATE RECORD PERIOD 1998 TO 2015


WEATHER ITEM   OBSERVED TIME   RECORD YEAR NORMAL DEPARTURE LAST
                VALUE   (LST)  VALUE       VALUE  FROM      YEAR
                                                  NORMAL
..................................................................
TEMPERATURE (F)
 TODAY
  MAXIMUM         48    159 PM  63    2005  43      5       53
  MINIMUM         25    238 AM -11    2008  15     10       24
  AVERAGE         37                        29      8       39

PRECIPITATION (IN)
  TODAY            0.00          0.04 2012   0.01  -0.01     0.00
                                      2009
  MONTH TO DATE    0.01                      0.20  -0.19     0.14
  SINCE JAN 1      0.01                      0.20  -0.19     0.14

DEGREE DAYS
 HEATING
  TODAY           28                        36     -8       26
  MONTH TO DATE  838                       887    -49      829
  SINCE DEC 1   2022                      2060    -38     2026
  SINCE JUL 1   3554                      3643    -89     3595

 COOLING
  TODAY            0                         0      0        0
  MONTH TO DATE    0                         0      0        0
  SINCE DEC 1      0                         0      0        0
  SINCE JAN 1      0                         0      0        0
..................................................................


WIND (MPH)
  HIGHEST WIND SPEED    29   HIGHEST WIND DIRECTION     W (280)
  HIGHEST GUST SPEED    40   HIGHEST GUST DIRECTION     W (280)
  AVERAGE WIND SPEED    14.7


SKY COVER
  AVERAGE SKY COVER 0.3


WEATHER CONDITIONS
 THE FOLLOWING WEATHER WAS RECORDED TODAY.
  NO SIGNIFICANT WEATHER WAS OBSERVED.


RELATIVE HUMIDITY (PERCENT)
 HIGHEST    75          1200 AM
 LOWEST     36           200 PM
 AVERAGE    56

..........................................................


THE TORRINGTON WY AIRPORT CLIMATE NORMALS FOR TOMORROW
                         NORMAL    RECORD    YEAR
 MAXIMUM TEMPERATURE (F)   43        59      2013
 MINIMUM TEMPERATURE (F)   15        -6      1999


SUNRISE AND SUNSET
JANUARY 24 2015.......SUNRISE   717 AM MST   SUNSET   501 PM MST
JANUARY 25 2015.......SUNRISE   716 AM MST   SUNSET   502 PM MST


-  INDICATES NEGATIVE NUMBERS.
R  INDICATES RECORD WAS SET OR TIED.
MM INDICATES DATA IS MISSING.
T  INDICATES TRACE AMOUNT.




$$
