000
CDUS45 KCYS 240734
CLITOR


CLIMATE REPORT
NATIONAL WEATHER SERVICE CHEYENNE WY
130 AM MDT TUE MAY 24 2016


...................................

...THE TORRINGTON WY AIRPORT CLIMATE SUMMARY FOR MAY 23 2016...

CLIMATE NORMAL PERIOD 1981 TO 2010
CLIMATE RECORD PERIOD 1998 TO 2016


WEATHER ITEM   OBSERVED TIME   RECORD YEAR NORMAL DEPARTURE LAST
                VALUE   (LST)  VALUE       VALUE  FROM      YEAR
                                                  NORMAL
..................................................................
TEMPERATURE (F)
 YESTERDAY
  MAXIMUM         73    155 PM  86    2003  73      0       63
  MINIMUM         44   1149 PM  35    2002  44      0       44
  AVERAGE         59                        59      0       54

PRECIPITATION (IN)
  YESTERDAY        0.00          1.17 2008   0.09  -0.09     0.42
  MONTH TO DATE    2.06                      1.59   0.47     5.17
  SINCE JAN 1      7.50                      4.60   2.90     9.27

DEGREE DAYS
 HEATING
  YESTERDAY        6                         7     -1       11
  MONTH TO DATE  266                       231     35      337
  SINCE MAR 1   1510                      1619   -109     1495
  SINCE JUL 1   5827                      6463   -636     6209

 COOLING
  YESTERDAY        0                         1     -1        0
  MONTH TO DATE    0                         1     -1        0
  SINCE MAR 1      0                         2     -2        0
  SINCE JAN 1      0                         2     -2        0
..................................................................


WIND (MPH)
  HIGHEST WIND SPEED    28   HIGHEST WIND DIRECTION     S (170)
  HIGHEST GUST SPEED    37   HIGHEST GUST DIRECTION     S (160)
  AVERAGE WIND SPEED    12.3


SKY COVER
  AVERAGE SKY COVER 0.3


WEATHER CONDITIONS
 THE FOLLOWING WEATHER WAS RECORDED YESTERDAY.
  NO SIGNIFICANT WEATHER WAS OBSERVED.


RELATIVE HUMIDITY (PERCENT)
 HIGHEST    82          1100 PM
 LOWEST     15           100 PM
 AVERAGE    49

..........................................................


THE TORRINGTON WY AIRPORT CLIMATE NORMALS FOR TODAY
                         NORMAL    RECORD    YEAR
 MAXIMUM TEMPERATURE (F)   73        84      2013
 MINIMUM TEMPERATURE (F)   45        32      2002


SUNRISE AND SUNSET
MAY 24 2016...........SUNRISE   528 AM MDT   SUNSET   820 PM MDT
MAY 25 2016...........SUNRISE   527 AM MDT   SUNSET   821 PM MDT


-  INDICATES NEGATIVE NUMBERS.
R  INDICATES RECORD WAS SET OR TIED.
MM INDICATES DATA IS MISSING.
T  INDICATES TRACE AMOUNT.




$$
