000
CDUS42 KTBW 232121
CLITPA


CLIMATE REPORT
NATIONAL WEATHER SERVICE TAMPA BAY FL
516 PM EDT WED JUL 23 2014


...................................

...THE TAMPA CLIMATE SUMMARY FOR JULY 23 2014...
VALID TODAY AS OF 0500 PM LOCAL TIME.

CLIMATE NORMAL PERIOD 1981 TO 2010
CLIMATE RECORD PERIOD 1890 TO 2014


WEATHER ITEM   OBSERVED TIME   RECORD YEAR NORMAL DEPARTURE LAST
                VALUE   (LST)  VALUE       VALUE  FROM      YEAR
                                                  NORMAL
..................................................................
TEMPERATURE (F)
 TODAY
  MAXIMUM         91    310 PM  95    1959  90      1       88
  MINIMUM         77    519 AM  68    1921  76      1       76
  AVERAGE         84                        83      1       82

PRECIPITATION (IN)
  TODAY            0.00          2.52 1899   0.21  -0.21     0.53
  MONTH TO DATE   12.43                      5.28   7.15     5.29
  SINCE JUN 1     14.20                     11.96   2.24    16.59
  SINCE JAN 1     33.53                     24.16   9.37    25.71

DEGREE DAYS
 HEATING
  TODAY            0                         0      0        0
  MONTH TO DATE    0                         0      0        0
  SINCE JUN 1      0                         0      0        0
  SINCE JUL 1      0                         0      0        0

 COOLING
  TODAY           19                        18      1       17
  MONTH TO DATE  405                       414     -9      398
  SINCE JUN 1    931                       930      1      921
  SINCE JAN 1   1754                      1807    -53     1896
..................................................................


WIND (MPH)
  RESULTANT WIND SPEED   3   RESULTANT WIND DIRECTION  SW (220)
  HIGHEST WIND SPEED    12   HIGHEST WIND DIRECTION     W (270)
  HIGHEST GUST SPEED    16   HIGHEST GUST DIRECTION     W (260)
  AVERAGE WIND SPEED     4.9


SKY COVER
  POSSIBLE SUNSHINE  MM
  AVERAGE SKY COVER 0.5


WEATHER CONDITIONS
 THE FOLLOWING WEATHER WAS RECORDED TODAY.
  NO SIGNIFICANT WEATHER WAS OBSERVED.


RELATIVE HUMIDITY (PERCENT)
 HIGHEST    85           100 AM
 LOWEST     56           300 PM

..........................................................


THE TAMPA CLIMATE NORMALS FOR TOMORROW
                         NORMAL    RECORD    YEAR
 MAXIMUM TEMPERATURE (F)   90        96      1987
                                             1961
 MINIMUM TEMPERATURE (F)   76        65      1913
                                             1890


SUNRISE AND SUNSET
JULY 23 2014..........SUNRISE   648 AM EDT   SUNSET   825 PM EDT
JULY 24 2014..........SUNRISE   648 AM EDT   SUNSET   825 PM EDT


-  INDICATES NEGATIVE NUMBERS.
R  INDICATES RECORD WAS SET OR TIED.
MM INDICATES DATA IS MISSING.
T  INDICATES TRACE AMOUNT.




$$


&&
------------------------------------------------------------------
******************** SUPPLEMENTAL DATA ***************************

...RUSKIN                HIGH 92    LOW 74    PCPN 0.08
...SARASOTA/BRADENTON    HIGH 92    LOW 75    PCPN 0.00
...LAKELAND              HIGH 93    LOW 72    PCPN 0.10
...ST. PETERSBURG        HIGH 91    LOW 80    PCPN 0.00
...GULF WATER TEMPERATURE AT CLEARWATER BEACH 90.
