000
CDUS42 KTBW 212215
CLITPA


CLIMATE REPORT
NATIONAL WEATHER SERVICE TAMPA BAY FL
513 PM EST SUN DEC 21 2014


...................................

...THE TAMPA CLIMATE SUMMARY FOR DECEMBER 21 2014...
VALID TODAY AS OF 0500 PM LOCAL TIME.

CLIMATE NORMAL PERIOD 1981 TO 2010
CLIMATE RECORD PERIOD 1890 TO 2014


WEATHER ITEM   OBSERVED TIME   RECORD YEAR NORMAL DEPARTURE LAST
                VALUE   (LST)  VALUE       VALUE  FROM      YEAR
                                                  NORMAL
..................................................................
TEMPERATURE (F)
 TODAY
  MAXIMUM         78    115 PM  85    1990  71      7       84
  MINIMUM         64    642 AM  24    1901  53     11       68
  AVERAGE         71                        62      9       76

PRECIPITATION (IN)
  TODAY            0.32          1.64 1972   0.09   0.23     0.00
  MONTH TO DATE    0.50                      1.68  -1.18     0.25
  SINCE DEC 1      0.50                      1.68  -1.18     0.25
  SINCE JAN 1     56.80                     45.51  11.29    51.92

DEGREE DAYS
 HEATING
  TODAY            0                         5     -5        0
  MONTH TO DATE   81                        83     -2       27
  SINCE DEC 1     81                        83     -2       27
  SINCE JUL 1    169                       127     42       57

 COOLING
  TODAY            6                         2      4       11
  MONTH TO DATE   50                        58     -8      115
  SINCE DEC 1     50                        58     -8      115
  SINCE JAN 1   3475                      3588   -113     3851
..................................................................


WIND (MPH)
  RESULTANT WIND SPEED   2   RESULTANT WIND DIRECTION  SE (130)
  HIGHEST WIND SPEED    14   HIGHEST WIND DIRECTION     S (160)
  HIGHEST GUST SPEED    19   HIGHEST GUST DIRECTION    SE (150)
  AVERAGE WIND SPEED     3.7


SKY COVER
  POSSIBLE SUNSHINE  MM
  AVERAGE SKY COVER 0.8


WEATHER CONDITIONS
 THE FOLLOWING WEATHER WAS RECORDED TODAY.
  THUNDERSTORM
  LIGHT RAIN
  FOG
  HAZE


RELATIVE HUMIDITY (PERCENT)
 HIGHEST    78           400 AM
 LOWEST     60           100 PM

..........................................................


THE TAMPA CLIMATE NORMALS FOR TOMORROW
                         NORMAL    RECORD    YEAR
 MAXIMUM TEMPERATURE (F)   71        85      1990
 MINIMUM TEMPERATURE (F)   53        30      1901


SUNRISE AND SUNSET
DECEMBER 21 2014......SUNRISE   717 AM EST   SUNSET   539 PM EST
DECEMBER 22 2014......SUNRISE   718 AM EST   SUNSET   540 PM EST


-  INDICATES NEGATIVE NUMBERS.
R  INDICATES RECORD WAS SET OR TIED.
MM INDICATES DATA IS MISSING.
T  INDICATES TRACE AMOUNT.




$$


&&
------------------------------------------------------------------
******************** SUPPLEMENTAL DATA ***************************

...RUSKIN                HIGH 79    LOW 61    PCPN 0.00
...SARASOTA/BRADENTON    HIGH 77    LOW 52    PCPN    T
...LAKELAND              HIGH 77    LOW 54    PCPN 0.00
...ST. PETERSBURG        HIGH 76    LOW 60    PCPN    T
...GULF WATER TEMPERATURE AT CLEARWATER BEACH 64
