000
CDUS42 KTBW 282126
CLITPA


CLIMATE REPORT
NATIONAL WEATHER SERVICE TAMPA BAY FL
524 PM EDT SAT MAY 28 2016


...................................

...THE TAMPA CLIMATE SUMMARY FOR MAY 28 2016...
VALID TODAY AS OF 0500 PM LOCAL TIME.

CLIMATE NORMAL PERIOD 1981 TO 2010
CLIMATE RECORD PERIOD 1890 TO 2016


WEATHER ITEM   OBSERVED TIME   RECORD YEAR NORMAL DEPARTURE LAST
                VALUE   (LST)  VALUE       VALUE  FROM      YEAR
                                                  NORMAL
..................................................................
TEMPERATURE (F)
 TODAY
  MAXIMUM         89    318 PM  97    1989  89      0       90
  MINIMUM         73    549 AM  59    1934  73      0       73
  AVERAGE         81                        81      0       82

PRECIPITATION (IN)
  TODAY            0.00          1.60 2014   0.09  -0.09     0.00
  MONTH TO DATE    3.76                      1.79   1.97     5.72
  SINCE MAR 1      7.19                      6.85   0.34    11.57
  SINCE JAN 1     15.90                     11.89   4.01    19.87

DEGREE DAYS
 HEATING
  TODAY            0                         0      0        0
  MONTH TO DATE    0                         0      0        0
  SINCE MAR 1     15                        67    -52       12
  SINCE JUL 1    323                       538   -215      467

 COOLING
  TODAY           16                        16      0       17
  MONTH TO DATE  381                       370     11      440
  SINCE MAR 1    890                       717    173     1105
  SINCE JAN 1    968                       830    138     1172
..................................................................


WIND (MPH)
  RESULTANT WIND SPEED   0   RESULTANT WIND DIRECTION  NW (320)
  HIGHEST WIND SPEED    15   HIGHEST WIND DIRECTION     W (270)
  HIGHEST GUST SPEED    22   HIGHEST GUST DIRECTION     W (280)
  AVERAGE WIND SPEED     6.0


SKY COVER
  POSSIBLE SUNSHINE  MM
  AVERAGE SKY COVER 0.3


WEATHER CONDITIONS
 THE FOLLOWING WEATHER WAS RECORDED TODAY.
  NO SIGNIFICANT WEATHER WAS OBSERVED.


RELATIVE HUMIDITY (PERCENT)
 HIGHEST    84           400 AM
 LOWEST     50          1100 AM

..........................................................


THE TAMPA CLIMATE NORMALS FOR TOMORROW
                         NORMAL    RECORD    YEAR
 MAXIMUM TEMPERATURE (F)   89        96      2006
 MINIMUM TEMPERATURE (F)   73        64      1968


SUNRISE AND SUNSET
MAY 28 2016...........SUNRISE   635 AM EDT   SUNSET   820 PM EDT
MAY 29 2016...........SUNRISE   635 AM EDT   SUNSET   821 PM EDT


-  INDICATES NEGATIVE NUMBERS.
R  INDICATES RECORD WAS SET OR TIED.
MM INDICATES DATA IS MISSING.
T  INDICATES TRACE AMOUNT.




$$


&&
------------------------------------------------------------------
******************** SUPPLEMENTAL DATA ***************************

...RUSKIN                HIGH 89    LOW 70    PCPN 0.00
...SARASOTA/BRADENTON    HIGH 89    LOW 73    PCPN TRACE
...LAKELAND              HIGH 90    LOW 67    PCPN 0.06
...ST. PETERSBURG        HIGH 89    LOW 76    PCPN 0.00
...GULF WATER TEMPERATURE AT CLEARWATER BEACH 83 DEGREES
