000
CDUS42 KTBW 182110
CLITPA


CLIMATE REPORT
NATIONAL WEATHER SERVICE TAMPA BAY FL
510 PM EDT WED OCT 18 2017


...................................

...THE TAMPA CLIMATE SUMMARY FOR OCTOBER 18 2017...
VALID TODAY AS OF 0500 PM LOCAL TIME.

CLIMATE NORMAL PERIOD 1981 TO 2010
CLIMATE RECORD PERIOD 1890 TO 2017


WEATHER ITEM   OBSERVED TIME   RECORD YEAR NORMAL DEPARTURE LAST
                VALUE   (LST)  VALUE       VALUE  FROM      YEAR
                                                  NORMAL
..................................................................
TEMPERATURE (F)
 TODAY
  MAXIMUM         85    132 PM  90    1989  84      1       89
                                      1985
  MINIMUM         69    429 AM  47    1977  68      1       71
  AVERAGE         77                        76      1       80

PRECIPITATION (IN)
  TODAY            0.00          2.49 1968   0.07  -0.07     0.00
  MONTH TO DATE    2.71                      1.55   1.16     1.55
  SINCE SEP 1      9.37                      7.85   1.52     5.69
  SINCE JAN 1     42.99                     41.57   1.42    52.12

DEGREE DAYS
 HEATING
  TODAY            0                         0      0        0
  MONTH TO DATE    0                         0      0        0
  SINCE SEP 1      0                         0      0        0
  SINCE JUL 1      0                         0      0        0

 COOLING
  TODAY           12                        11      1       15
  MONTH TO DATE  320                       230     90      281
  SINCE SEP 1    878                       731    147      851
  SINCE JAN 1   3960                      3246    714     3637
..................................................................


WIND (MPH)
  RESULTANT WIND SPEED   9   RESULTANT WIND DIRECTION  NE (40)
  HIGHEST WIND SPEED    16   HIGHEST WIND DIRECTION    NE (50)
  HIGHEST GUST SPEED    24   HIGHEST GUST DIRECTION     E (80)
  AVERAGE WIND SPEED     9.1


SKY COVER
  POSSIBLE SUNSHINE  MM
  AVERAGE SKY COVER 0.6


WEATHER CONDITIONS
 THE FOLLOWING WEATHER WAS RECORDED TODAY.
  NO SIGNIFICANT WEATHER WAS OBSERVED.


RELATIVE HUMIDITY (PERCENT)
 HIGHEST    90           500 AM
 LOWEST     58           400 PM

..........................................................


THE TAMPA CLIMATE NORMALS FOR TOMORROW
                         NORMAL    RECORD    YEAR
 MAXIMUM TEMPERATURE (F)   84        89      2007
                                             1993
                                             1987
 MINIMUM TEMPERATURE (F)   67        48      2009


SUNRISE AND SUNSET
OCTOBER 18 2017.......SUNRISE   732 AM EDT   SUNSET   658 PM EDT
OCTOBER 19 2017.......SUNRISE   733 AM EDT   SUNSET   657 PM EDT


-  INDICATES NEGATIVE NUMBERS.
R  INDICATES RECORD WAS SET OR TIED.
MM INDICATES DATA IS MISSING.
T  INDICATES TRACE AMOUNT.




$$


&&
------------------------------------------------------------------
******************** SUPPLEMENTAL DATA ***************************

...RUSKIN                HIGH 85    LOW 69    PCPN TRACE
...SARASOTA/BRADENTON    HIGH 88    LOW 70    PCPN TRACE
...LAKELAND*             HIGH 84    LOW 69    PCPN 0.00
...ST. PETERSBURG        HIGH 80    LOW 69    PCPN 0.00
...GULF WATER TEMPERATURE AT CLEARWATER BEACH 80 DEGREES

*LAKELAND DATA IS FROM 4:30 PM TUESDAY TO 4:30 PM WEDNESDAY
AND MAY REFLECT YESTERDAYS RAINFALL AND HIGH TEMPERATURE.
