000
CDUS42 KTBW 242217
CLITPA


CLIMATE REPORT
NATIONAL WEATHER SERVICE TAMPA BAY FL
512 PM EST MON NOV 24 2014


...................................

...THE TAMPA CLIMATE SUMMARY FOR NOVEMBER 24 2014...
VALID TODAY AS OF 0500 PM LOCAL TIME.

CLIMATE NORMAL PERIOD 1981 TO 2010
CLIMATE RECORD PERIOD 1890 TO 2014


WEATHER ITEM   OBSERVED TIME   RECORD YEAR NORMAL DEPARTURE LAST
                VALUE   (LST)  VALUE       VALUE  FROM      YEAR
                                                  NORMAL
..................................................................
TEMPERATURE (F)
 TODAY
  MAXIMUM         80    202 PM  88    1958  76      4       70
  MINIMUM         70    344 AM  31    1970  59     11       58
  AVERAGE         75                        67      8       64

PRECIPITATION (IN)
  TODAY            0.00          3.11 1953   0.05  -0.05     0.00
  MONTH TO DATE    1.48                      1.19   0.29     0.77
  SINCE SEP 1     12.57                      9.75   2.82     8.96
  SINCE JAN 1     52.52                     43.47   9.05    51.48

DEGREE DAYS
 HEATING
  TODAY            0                         2     -2        1
  MONTH TO DATE   63                        28     35        6
  SINCE SEP 1     63                        32     31        6
  SINCE JUL 1     63                        32     31        6

 COOLING
  TODAY           10                         4      6        0
  MONTH TO DATE   64                       141    -77      183
  SINCE SEP 1    897                       992    -95     1087
  SINCE JAN 1   3414                      3507    -93     3724
..................................................................


WIND (MPH)
  RESULTANT WIND SPEED   8   RESULTANT WIND DIRECTION   S (180)
  HIGHEST WIND SPEED    16   HIGHEST WIND DIRECTION     S (180)
  HIGHEST GUST SPEED    21   HIGHEST GUST DIRECTION     S (180)
  AVERAGE WIND SPEED     8.2


SKY COVER
  POSSIBLE SUNSHINE  MM
  AVERAGE SKY COVER 0.6


WEATHER CONDITIONS
 THE FOLLOWING WEATHER WAS RECORDED TODAY.
  FOG
  FOG W/VISIBILITY <= 1/4 MILE


RELATIVE HUMIDITY (PERCENT)
 HIGHEST    93          1200 AM
 LOWEST     74          1200 PM

..........................................................


THE TAMPA CLIMATE NORMALS FOR TOMORROW
                         NORMAL    RECORD    YEAR
 MAXIMUM TEMPERATURE (F)   76        87      1958
 MINIMUM TEMPERATURE (F)   58        23      1970


SUNRISE AND SUNSET
NOVEMBER 24 2014......SUNRISE   659 AM EST   SUNSET   535 PM EST
NOVEMBER 25 2014......SUNRISE   659 AM EST   SUNSET   535 PM EST


-  INDICATES NEGATIVE NUMBERS.
R  INDICATES RECORD WAS SET OR TIED.
MM INDICATES DATA IS MISSING.
T  INDICATES TRACE AMOUNT.




$$


&&
------------------------------------------------------------------
******************** SUPPLEMENTAL DATA ***************************

...RUSKIN                HIGH 85    LOW 72    PCPN 0.00
...SARASOTA/BRADENTON    HIGH 80    LOW 72    PCPN 0.00
...LAKELAND              HIGH 86    LOW 63    PCPN 0.00
...ST. PETERSBURG        HIGH 80    LOW 70    PCPN 0.00
...GULF WATER TEMPERATURE AT CLEARWATER BEACH 65
