000
CDUS42 KTBW 242118
CLITPA


CLIMATE REPORT
NATIONAL WEATHER SERVICE TAMPA BAY FL
514 PM EDT FRI OCT 24 2014


...................................

...THE TAMPA CLIMATE SUMMARY FOR OCTOBER 24 2014...
VALID TODAY AS OF 0500 PM LOCAL TIME.

CLIMATE NORMAL PERIOD 1981 TO 2010
CLIMATE RECORD PERIOD 1890 TO 2014


WEATHER ITEM   OBSERVED TIME   RECORD YEAR NORMAL DEPARTURE LAST
                VALUE   (LST)  VALUE       VALUE  FROM      YEAR
                                                  NORMAL
..................................................................
TEMPERATURE (F)
 TODAY
  MAXIMUM         81    342 PM  90    2010  83     -2       73
                                      1951
  MINIMUM         61    601 AM  44    1891  66     -5       62
  AVERAGE         71                        74     -3       68

PRECIPITATION (IN)
  TODAY            0.00          2.87 1921   0.06  -0.06     0.00
  MONTH TO DATE    1.52                      1.90  -0.38     0.82
  SINCE SEP 1     11.09                      8.20   2.89     8.19
  SINCE JAN 1     51.04                     41.92   9.12    50.71

DEGREE DAYS
 HEATING
  TODAY            0                         0      0        0
  MONTH TO DATE    0                         0      0        0
  SINCE SEP 1      0                         0      0        0
  SINCE JUL 1      0                         0      0        0

 COOLING
  TODAY            6                         9     -3        3
  MONTH TO DATE  291                       290      1      335
  SINCE SEP 1    780                       791    -11      850
  SINCE JAN 1   3297                      3306     -9     3487
..................................................................


WIND (MPH)
  RESULTANT WIND SPEED   6   RESULTANT WIND DIRECTION  NE (50)
  HIGHEST WIND SPEED    13   HIGHEST WIND DIRECTION     N (10)
  HIGHEST GUST SPEED    18   HIGHEST GUST DIRECTION    NE (30)
  AVERAGE WIND SPEED     6.4


SKY COVER
  POSSIBLE SUNSHINE  MM
  AVERAGE SKY COVER 0.2


WEATHER CONDITIONS
 THE FOLLOWING WEATHER WAS RECORDED TODAY.
  NO SIGNIFICANT WEATHER WAS OBSERVED.


RELATIVE HUMIDITY (PERCENT)
 HIGHEST    84           600 AM
 LOWEST     42           100 PM

..........................................................


THE TAMPA CLIMATE NORMALS FOR TOMORROW
                         NORMAL    RECORD    YEAR
 MAXIMUM TEMPERATURE (F)   82        89      1919
 MINIMUM TEMPERATURE (F)   66        46      1909
                                             1903


SUNRISE AND SUNSET
OCTOBER 24 2014.......SUNRISE   736 AM EDT   SUNSET   652 PM EDT
OCTOBER 25 2014.......SUNRISE   737 AM EDT   SUNSET   651 PM EDT


-  INDICATES NEGATIVE NUMBERS.
R  INDICATES RECORD WAS SET OR TIED.
MM INDICATES DATA IS MISSING.
T  INDICATES TRACE AMOUNT.




$$


&&
------------------------------------------------------------------
******************** SUPPLEMENTAL DATA ***************************

...RUSKIN                HIGH 82    LOW 60    PCPN 0.00
...SARASOTA/BRADENTON    HIGH 82    LOW 62    PCPN 0.00
...LAKELAND              HIGH 85    LOW 60    PCPN 0.00
...ST. PETERSBURG        HIGH 80    LOW 68    PCPN 0.00

...GULF WATER TEMPERATURE AT CLEARWATER BEACH 76
