000
CDUS42 KTBW 222231
CLITPA


CLIMATE REPORT
NATIONAL WEATHER SERVICE TAMPA BAY FL
530 PM EST WED FEB 22 2017


...................................

...THE TAMPA CLIMATE SUMMARY FOR FEBRUARY 22 2017...
VALID TODAY AS OF 0500 PM LOCAL TIME.

CLIMATE NORMAL PERIOD 1981 TO 2010
CLIMATE RECORD PERIOD 1890 TO 2017


WEATHER ITEM   OBSERVED TIME   RECORD YEAR NORMAL DEPARTURE LAST
                VALUE   (LST)  VALUE       VALUE  FROM      YEAR
                                                  NORMAL
..................................................................
TEMPERATURE (F)
 TODAY
  MAXIMUM         74    108 PM  85    1975  73      1       78
                                      1949
  MINIMUM         64    459 PM  32    1977  55      9       58
  AVERAGE         69                        64      5       68

PRECIPITATION (IN)
  TODAY            1.09          1.66 1904   0.10   0.99     0.13
  MONTH TO DATE    1.97                      2.25  -0.28     1.69
  SINCE DEC 1      3.30                      6.95  -3.65     8.36
  SINCE JAN 1      2.87                      4.48  -1.61     7.87

DEGREE DAYS
 HEATING
  TODAY            0                         3     -3        0
  MONTH TO DATE   13                        89    -76       93
  SINCE DEC 1    121                       410   -289      272
  SINCE JUL 1    136                       454   -318      277

 COOLING
  TODAY            4                         2      2        3
  MONTH TO DATE   79                        44     35       36
  SINCE DEC 1    398                       174    224      341
  SINCE JAN 1    206                        94    112       66
..................................................................


WIND (MPH)
  RESULTANT WIND SPEED   8   RESULTANT WIND DIRECTION  SE (130)
  HIGHEST WIND SPEED    25   HIGHEST WIND DIRECTION    SW (210)
  HIGHEST GUST SPEED    33   HIGHEST GUST DIRECTION    SW (210)
  AVERAGE WIND SPEED     9.9


SKY COVER
  POSSIBLE SUNSHINE  MM
  AVERAGE SKY COVER 0.9


WEATHER CONDITIONS
 THE FOLLOWING WEATHER WAS RECORDED TODAY.
  THUNDERSTORM
  HEAVY RAIN
  RAIN
  LIGHT RAIN
  FOG


RELATIVE HUMIDITY (PERCENT)
 HIGHEST    93           800 AM
 LOWEST     64           100 PM

..........................................................


THE TAMPA CLIMATE NORMALS FOR TOMORROW
                         NORMAL    RECORD    YEAR
 MAXIMUM TEMPERATURE (F)   74        87      1949
 MINIMUM TEMPERATURE (F)   56        31      1978


SUNRISE AND SUNSET
FEBRUARY 22 2017......SUNRISE   701 AM EST   SUNSET   626 PM EST
FEBRUARY 23 2017......SUNRISE   700 AM EST   SUNSET   627 PM EST


-  INDICATES NEGATIVE NUMBERS.
R  INDICATES RECORD WAS SET OR TIED.
MM INDICATES DATA IS MISSING.
T  INDICATES TRACE AMOUNT.




$$


&&
------------------------------------------------------------------
******************** SUPPLEMENTAL DATA ***************************

...RUSKIN                HIGH __    LOW __    PCPN 0.00
...SARASOTA/BRADENTON    HIGH 72    LOW 64    PCPN TRACE
...LAKELAND*             HIGH 78    LOW 65    PCPN 0.17
...ST. PETERSBURG        HIGH     LOW     PCPN 0.00
...GULF WATER TEMPERATURE AT CLEARWATER BEACH M DEGREES

*LAKELAND DATA IS FROM 4:30 PM TUESDAY TO 4:30 PM WEDNESDAY
AND MAY REFLECT YESTERDAYS RAINFALL AND HIGH TEMPERATURE.
