000
CDUS42 KTBW 232121
CLITPA


CLIMATE REPORT
NATIONAL WEATHER SERVICE TAMPA BAY FL
516 PM EDT SUN APR 23 2017


...................................

...THE TAMPA CLIMATE SUMMARY FOR APRIL 23 2017...
VALID TODAY AS OF 0500 PM LOCAL TIME.

CLIMATE NORMAL PERIOD 1981 TO 2010
CLIMATE RECORD PERIOD 1890 TO 2017


WEATHER ITEM   OBSERVED TIME   RECORD YEAR NORMAL DEPARTURE LAST
                VALUE   (LST)  VALUE       VALUE  FROM      YEAR
                                                  NORMAL
..................................................................
TEMPERATURE (F)
 TODAY
  MAXIMUM         87    328 PM  91    1964  82      5       81
  MINIMUM         72    549 AM  45    1993  64      8       68
  AVERAGE         80                        73      7       75

PRECIPITATION (IN)
  TODAY            0.00          1.96 1921   0.07  -0.07     0.00
  MONTH TO DATE    0.59                      1.63  -1.04     1.51
  SINCE MAR 1      1.58                      4.66  -3.08     3.27
  SINCE JAN 1      4.54                      9.70  -5.16    11.98

DEGREE DAYS
 HEATING
  TODAY            0                         0      0        0
  MONTH TO DATE    0                         9     -9        0
  SINCE MAR 1     28                        65    -37       15
  SINCE JUL 1    164                       536   -372      323

 COOLING
  TODAY           15                         9      6       10
  MONTH TO DATE  261                       155    106      195
  SINCE MAR 1    452                       281    171      410
  SINCE JAN 1    705                       394    311      488
..................................................................


WIND (MPH)
  RESULTANT WIND SPEED   3   RESULTANT WIND DIRECTION   W (280)
  HIGHEST WIND SPEED    16   HIGHEST WIND DIRECTION     W (270)
  HIGHEST GUST SPEED    20   HIGHEST GUST DIRECTION     W (270)
  AVERAGE WIND SPEED     5.6


SKY COVER
  POSSIBLE SUNSHINE  MM
  AVERAGE SKY COVER 0.5


WEATHER CONDITIONS
 THE FOLLOWING WEATHER WAS RECORDED TODAY.
  NO SIGNIFICANT WEATHER WAS OBSERVED.


RELATIVE HUMIDITY (PERCENT)
 HIGHEST    84          1200 AM
 LOWEST     46           300 PM

..........................................................


THE TAMPA CLIMATE NORMALS FOR TOMORROW
                         NORMAL    RECORD    YEAR
 MAXIMUM TEMPERATURE (F)   83        90      2002
                                             1999
 MINIMUM TEMPERATURE (F)   65        48      1903


SUNRISE AND SUNSET
APRIL 23 2017.........SUNRISE   657 AM EDT   SUNSET   800 PM EDT
APRIL 24 2017.........SUNRISE   656 AM EDT   SUNSET   801 PM EDT


-  INDICATES NEGATIVE NUMBERS.
R  INDICATES RECORD WAS SET OR TIED.
MM INDICATES DATA IS MISSING.
T  INDICATES TRACE AMOUNT.




$$


&&
------------------------------------------------------------------
******************** SUPPLEMENTAL DATA ***************************

...RUSKIN                HIGH 88    LOW 68    PCPN 0.01
...SARASOTA/BRADENTON    HIGH 87    LOW 70    PCPN 0.00
...LAKELAND*             HIGH MM    LOW MM    PCPN MM
...ST. PETERSBURG        HIGH 88    LOW 72    PCPN 0.00
...GULF WATER TEMPERATURE AT CLEARWATER BEACH 80 DEGREES

*LAKELAND DATA IS FROM 4:30 PM SATURDAY TO 4:30 PM SUNDAY
AND MAY REFLECT YESTERDAYS RAINFALL AND HIGH TEMPERATURE.
