000
CDUS42 KTBW 272121
CLITPA


CLIMATE REPORT
NATIONAL WEATHER SERVICE TAMPA BAY FL
518 PM EDT TUE SEP 27 2016


...................................

...THE TAMPA CLIMATE SUMMARY FOR SEPTEMBER 27 2016...
VALID TODAY AS OF 0500 PM LOCAL TIME.

CLIMATE NORMAL PERIOD 1981 TO 2010
CLIMATE RECORD PERIOD 1890 TO 2016


WEATHER ITEM   OBSERVED TIME   RECORD YEAR NORMAL DEPARTURE LAST
                VALUE   (LST)  VALUE       VALUE  FROM      YEAR
                                                  NORMAL
..................................................................
TEMPERATURE (F)
 TODAY
  MAXIMUM         90    156 PM  95    1990  88      2       87
  MINIMUM         74    402 AM  59    1956  73      1       75
  AVERAGE         82                        80      2       81

PRECIPITATION (IN)
  TODAY            0.00          2.23 1997   0.16  -0.16     1.68
  MONTH TO DATE    3.70                      5.85  -2.15     5.17
  SINCE SEP 1      3.70                      5.85  -2.15     5.17
  SINCE JAN 1     50.13                     39.57  10.56    60.60

DEGREE DAYS
 HEATING
  TODAY            0                         0      0        0
  MONTH TO DATE    0                         0      0        0
  SINCE SEP 1      0                         0      0        0
  SINCE JUL 1      0                         0      0        0

 COOLING
  TODAY           17                        15      2       16
  MONTH TO DATE  518                       458     60      488
  SINCE SEP 1    518                       458     60      488
  SINCE JAN 1   3304                      2973    331     3402
..................................................................


WIND (MPH)
  RESULTANT WIND SPEED   4   RESULTANT WIND DIRECTION  SW (240)
  HIGHEST WIND SPEED    14   HIGHEST WIND DIRECTION     W (260)
  HIGHEST GUST SPEED    18   HIGHEST GUST DIRECTION     W (280)
  AVERAGE WIND SPEED     6.4


SKY COVER
  POSSIBLE SUNSHINE  MM
  AVERAGE SKY COVER 0.3


WEATHER CONDITIONS
 THE FOLLOWING WEATHER WAS RECORDED TODAY.
  THUNDERSTORM


RELATIVE HUMIDITY (PERCENT)
 HIGHEST    88           100 AM
 LOWEST     52           300 PM

..........................................................


THE TAMPA CLIMATE NORMALS FOR TOMORROW
                         NORMAL    RECORD    YEAR
 MAXIMUM TEMPERATURE (F)   88        95      1961
 MINIMUM TEMPERATURE (F)   73        62      1931


SUNRISE AND SUNSET
SEPTEMBER 27 2016.....SUNRISE   721 AM EDT   SUNSET   720 PM EDT
SEPTEMBER 28 2016.....SUNRISE   722 AM EDT   SUNSET   719 PM EDT


-  INDICATES NEGATIVE NUMBERS.
R  INDICATES RECORD WAS SET OR TIED.
MM INDICATES DATA IS MISSING.
T  INDICATES TRACE AMOUNT.




$$


&&
------------------------------------------------------------------
******************** SUPPLEMENTAL DATA ***************************

...RUSKIN                HIGH 89    LOW 70    PCPN 0.00
...SARASOTA/BRADENTON    HIGH 90    LOW 73    PCPN MSG
...LAKELAND              HIGH 91    LOW 71    PCPN 0.04
...ST. PETERSBURG        HIGH 87    LOW 77    PCPN 0.00
...GULF WATER TEMPERATURE AT CLEARWATER BEACH 87 DEGREES
