000
CDUS45 KLKN 130028
CLITPH


CLIMATE REPORT
NATIONAL WEATHER SERVICE ELKO NV
428 PM PST TUE DEC 12 2017


...................................

...THE TONOPAH AIRPORT NV CLIMATE SUMMARY FOR DECEMBER 12 2017...
VALID TODAY AS OF 0400 PM LOCAL TIME.

CLIMATE NORMAL PERIOD 1981 TO 2010
CLIMATE RECORD PERIOD 1954 TO 2017


WEATHER ITEM   OBSERVED TIME   RECORD YEAR NORMAL DEPARTURE LAST
                VALUE   (LST)  VALUE       VALUE  FROM      YEAR
                                                  NORMAL
..................................................................
TEMPERATURE (F)
 TODAY
  MAXIMUM         57    320 PM  61    2004  44     13       55
                                      1988
  MINIMUM         13    705 AM   1    1972  19     -6       28
  AVERAGE         35                        32      3       42

PRECIPITATION (IN)
  TODAY            0.00          0.27 2009   0.01  -0.01     0.00
  MONTH TO DATE    0.00                      0.13  -0.13      T
  SINCE OCT 1      0.01                      0.91  -0.90     0.20
  SINCE JAN 1      3.52                      5.06  -1.54     3.77

DEGREE DAYS
 HEATING
  TODAY           30                        33     -3       23
  MONTH TO DATE  350                       386    -36      362
  SINCE DEC 1    350                       386    -36      362
  SINCE JUL 1   1426                      1603   -177     1379

 COOLING
  TODAY            0                         0      0        0
  MONTH TO DATE    0                         0      0        0
  SINCE DEC 1      0                         0      0        0
  SINCE JAN 1   1222                       783    439     1022
..................................................................


WIND (MPH)
  HIGHEST WIND SPEED    15   HIGHEST WIND DIRECTION     N (360)
  HIGHEST GUST SPEED    18   HIGHEST GUST DIRECTION     N (10)



WEATHER CONDITIONS
 THE FOLLOWING WEATHER WAS RECORDED TODAY.
  NO SIGNIFICANT WEATHER WAS OBSERVED.


RELATIVE HUMIDITY (PERCENT)
 HIGHEST    26           700 AM
 LOWEST      9           100 PM
 AVERAGE    18

..........................................................


THE TONOPAH AIRPORT NV CLIMATE NORMALS FOR TOMORROW
                         NORMAL    RECORD    YEAR
 MAXIMUM TEMPERATURE (F)   44        62      1988
 MINIMUM TEMPERATURE (F)   19         5      1967


SUNRISE AND SUNSET
DECEMBER 12 2017......SUNRISE   655 AM PST   SUNSET   429 PM PST
DECEMBER 13 2017......SUNRISE   656 AM PST   SUNSET   429 PM PST


-  INDICATES NEGATIVE NUMBERS.
R  INDICATES RECORD WAS SET OR TIED.
MM INDICATES DATA IS MISSING.
T  INDICATES TRACE AMOUNT.




$$
