000
CDUS45 KLKN 040932
CLITPH


CLIMATE REPORT
NATIONAL WEATHER SERVICE ELKO NV
130 AM PST WED MAR 4 2015


...................................

...THE TONOPAH AIRPORT NV CLIMATE SUMMARY FOR MARCH 3 2015...

CLIMATE NORMAL PERIOD 1981 TO 2010
CLIMATE RECORD PERIOD 1954 TO 2015


WEATHER ITEM   OBSERVED TIME   RECORD YEAR NORMAL DEPARTURE LAST
                VALUE   (LST)  VALUE       VALUE  FROM      YEAR
                                                  NORMAL
..................................................................
TEMPERATURE (F)
 YESTERDAY
  MAXIMUM         43    101 PM  68    1994  54    -11       52
  MINIMUM         25    603 AM  13    1971  27     -2       31
  AVERAGE         34                        40     -6       42

PRECIPITATION (IN)
  YESTERDAY        0.01          0.91 1983   0.03  -0.02     0.00
  MONTH TO DATE    0.26                      0.07   0.19      T
  SINCE OCT 1      0.92                      2.17  -1.25     1.12
  SINCE JAN 1      0.44                      1.08  -0.64     0.66

DEGREE DAYS
 HEATING
  YESTERDAY       31                        25      6       23
  MONTH TO DATE   90                        75     15       76
  SINCE MAR 1     90                        75     15       76
  SINCE JUL 1   3212                      4117   -905     3849

 COOLING
  YESTERDAY        0                         0      0        0
  MONTH TO DATE    0                         0      0        0
  SINCE MAR 1      0                         0      0        0
  SINCE JAN 1      0                         0      0        0
..................................................................


WIND (MPH)
  HIGHEST WIND SPEED    32   HIGHEST WIND DIRECTION    NW (320)
  HIGHEST GUST SPEED    40   HIGHEST GUST DIRECTION    NW (320)
  AVERAGE WIND SPEED    15.2



WEATHER CONDITIONS
 THE FOLLOWING WEATHER WAS RECORDED YESTERDAY.
  LIGHT SNOW
  FOG


RELATIVE HUMIDITY (PERCENT)
 HIGHEST    92          1200 AM
 LOWEST     34           400 PM
 AVERAGE    63

..........................................................


THE TONOPAH AIRPORT NV CLIMATE NORMALS FOR TODAY
                         NORMAL    RECORD    YEAR
 MAXIMUM TEMPERATURE (F)   54        70      1986
 MINIMUM TEMPERATURE (F)   27         9      2006


SUNRISE AND SUNSET
MARCH  4 2015.........SUNRISE   616 AM PST   SUNSET   545 PM PST
MARCH  5 2015.........SUNRISE   615 AM PST   SUNSET   546 PM PST


-  INDICATES NEGATIVE NUMBERS.
R  INDICATES RECORD WAS SET OR TIED.
MM INDICATES DATA IS MISSING.
T  INDICATES TRACE AMOUNT.




$$
