000
CDUS45 KLKN 030932
CLITPH


CLIMATE REPORT
NATIONAL WEATHER SERVICE ELKO NV
227 AM PDT THU SEP 3 2015


...................................

...THE TONOPAH AIRPORT NV CLIMATE SUMMARY FOR SEPTEMBER 2 2015...

CLIMATE NORMAL PERIOD 1981 TO 2010
CLIMATE RECORD PERIOD 1954 TO 2015


WEATHER ITEM   OBSERVED TIME   RECORD YEAR NORMAL DEPARTURE LAST
                VALUE   (LST)  VALUE       VALUE  FROM      YEAR
                                                  NORMAL
..................................................................
TEMPERATURE (F)
 YESTERDAY
  MAXIMUM         87    304 PM  96    1959  86      1       93
  MINIMUM         51    535 AM  38    1964  52     -1       56
  AVERAGE         69                        69      0       75

PRECIPITATION (IN)
  YESTERDAY        0.00          0.26 1997   0.01  -0.01     0.00
  MONTH TO DATE    0.00                      0.03  -0.03     0.00
  SINCE OCT 1      2.88                      4.89  -2.01     3.48
  SINCE JAN 1      2.40                      3.80  -1.40     3.02

DEGREE DAYS
 HEATING
  YESTERDAY        0                         1     -1        0
  MONTH TO DATE    0                         2     -2        0
  SINCE SEP 1      0                         2     -2        0
  SINCE JUL 1      0                         8     -8        0

 COOLING
  YESTERDAY        4                         5     -1       10
  MONTH TO DATE   10                        10      0       19
  SINCE SEP 1     10                        10      0       19
  SINCE JAN 1    915                       723    192      882
..................................................................


WIND (MPH)
  HIGHEST WIND SPEED    26   HIGHEST WIND DIRECTION    SW (210)
  HIGHEST GUST SPEED    35   HIGHEST GUST DIRECTION    SW (210)
  AVERAGE WIND SPEED    11.6



WEATHER CONDITIONS
 THE FOLLOWING WEATHER WAS RECORDED YESTERDAY.
  NO SIGNIFICANT WEATHER WAS OBSERVED.


RELATIVE HUMIDITY (PERCENT)
 HIGHEST    35           600 AM
 LOWEST      6           200 PM
 AVERAGE    21

..........................................................


THE TONOPAH AIRPORT NV CLIMATE NORMALS FOR TODAY
                         NORMAL    RECORD    YEAR
 MAXIMUM TEMPERATURE (F)   86        94      2007
                                             1988
                                             1982
 MINIMUM TEMPERATURE (F)   52        39      1964


SUNRISE AND SUNSET
SEPTEMBER  3 2015.....SUNRISE   620 AM PDT   SUNSET   715 PM PDT
SEPTEMBER  4 2015.....SUNRISE   621 AM PDT   SUNSET   714 PM PDT


-  INDICATES NEGATIVE NUMBERS.
R  INDICATES RECORD WAS SET OR TIED.
MM INDICATES DATA IS MISSING.
T  INDICATES TRACE AMOUNT.




$$
