000
CDUS45 KLKN 010930
CLITPH


CLIMATE REPORT
NATIONAL WEATHER SERVICE ELKO NV
227 AM PDT WED OCT 1 2014


...................................

...THE TONOPAH AIRPORT NV CLIMATE SUMMARY FOR SEPTEMBER 30 2014...

CLIMATE NORMAL PERIOD 1981 TO 2010
CLIMATE RECORD PERIOD 1954 TO 2014


WEATHER ITEM   OBSERVED TIME   RECORD YEAR NORMAL DEPARTURE LAST
                VALUE   (LST)  VALUE       VALUE  FROM      YEAR
                                                  NORMAL
..................................................................
TEMPERATURE (F)
 YESTERDAY
  MAXIMUM         72    405 PM  90    1980  75     -3       79
  MINIMUM         41    551 AM  24    1982  43     -2       41
  AVERAGE         57                        59     -2       60

PRECIPITATION (IN)
  YESTERDAY        T             0.51 1998   0.01  -0.01     0.00
  MONTH TO DATE    0.69                      0.38   0.31     1.38
  SINCE OCT 1      4.17                      5.24  -1.07     5.25
  SINCE JAN 1      3.71                      4.15  -0.44     4.03

DEGREE DAYS
 HEATING
  YESTERDAY        8                         6      2        5
  MONTH TO DATE   43                        85    -42       97
  SINCE SEP 1     43                        85    -42       97
  SINCE JUL 1     43                        91    -48       97

 COOLING
  YESTERDAY        0                         0      0        0
  MONTH TO DATE  141                        68     73      121
  SINCE SEP 1    141                        68     73      121
  SINCE JAN 1   1004                       781    223     1042
..................................................................


WIND (MPH)
  HIGHEST WIND SPEED    18   HIGHEST WIND DIRECTION     N (340)
  HIGHEST GUST SPEED    23   HIGHEST GUST DIRECTION     N (340)
  AVERAGE WIND SPEED     8.7



WEATHER CONDITIONS
 THE FOLLOWING WEATHER WAS RECORDED YESTERDAY.
  NO SIGNIFICANT WEATHER WAS OBSERVED.


RELATIVE HUMIDITY (PERCENT)
 HIGHEST    76           300 AM
 LOWEST     17           300 PM
 AVERAGE    47

..........................................................


THE TONOPAH AIRPORT NV CLIMATE NORMALS FOR TODAY
                         NORMAL    RECORD    YEAR
 MAXIMUM TEMPERATURE (F)   75        90      1980
 MINIMUM TEMPERATURE (F)   43        28      1982


SUNRISE AND SUNSET
OCTOBER  1 2014.......SUNRISE   644 AM PDT   SUNSET   631 PM PDT
OCTOBER  2 2014.......SUNRISE   645 AM PDT   SUNSET   630 PM PDT


-  INDICATES NEGATIVE NUMBERS.
R  INDICATES RECORD WAS SET OR TIED.
MM INDICATES DATA IS MISSING.
T  INDICATES TRACE AMOUNT.




$$
