000
CDUS45 KLKN 280935
CLITPH


CLIMATE REPORT
NATIONAL WEATHER SERVICE ELKO NV
233 AM PDT FRI APR 28 2017


...................................

...THE TONOPAH AIRPORT NV CLIMATE SUMMARY FOR APRIL 27 2017...

CLIMATE NORMAL PERIOD 1981 TO 2010
CLIMATE RECORD PERIOD 1954 TO 2017


WEATHER ITEM   OBSERVED TIME   RECORD YEAR NORMAL DEPARTURE LAST
                VALUE   (LST)  VALUE       VALUE  FROM      YEAR
                                                  NORMAL
..................................................................
TEMPERATURE (F)
 YESTERDAY
  MAXIMUM         61    112 PM  84    1992  68     -7       57
  MINIMUM         41   1159 PM  18    1984  38      3       38
  AVERAGE         51                        53     -2       48

PRECIPITATION (IN)
  YESTERDAY        0.00          0.08 1960   0.02  -0.02     0.01
  MONTH TO DATE    0.17                      0.38  -0.21     0.29
  SINCE OCT 1      1.99                      3.05  -1.06     5.18
  SINCE JAN 1      1.46                      1.96  -0.50     1.80

DEGREE DAYS
 HEATING
  YESTERDAY       14                        12      2       17
  MONTH TO DATE  374                       431    -57      336
  SINCE MAR 1    905                      1116   -211      933
  SINCE JUL 1   4770                      5158   -388     4860

 COOLING
  YESTERDAY        0                         0      0        0
  MONTH TO DATE    0                         0      0        0
  SINCE MAR 1      0                         0      0        0
  SINCE JAN 1      0                         0      0        0
..................................................................


WIND (MPH)
  HIGHEST WIND SPEED    40   HIGHEST WIND DIRECTION     N (350)
  HIGHEST GUST SPEED    50   HIGHEST GUST DIRECTION    NW (330)
  AVERAGE WIND SPEED    23.6



WEATHER CONDITIONS
 THE FOLLOWING WEATHER WAS RECORDED YESTERDAY.
  NO SIGNIFICANT WEATHER WAS OBSERVED.


RELATIVE HUMIDITY (PERCENT)
 HIGHEST    60           300 AM
 LOWEST     13           600 PM
 AVERAGE    37

..........................................................


THE TONOPAH AIRPORT NV CLIMATE NORMALS FOR TODAY
                         NORMAL    RECORD    YEAR
 MAXIMUM TEMPERATURE (F)   68        85      1992
 MINIMUM TEMPERATURE (F)   38        20      1984


SUNRISE AND SUNSET
APRIL 28 2017.........SUNRISE   555 AM PDT   SUNSET   737 PM PDT
APRIL 29 2017.........SUNRISE   554 AM PDT   SUNSET   738 PM PDT


-  INDICATES NEGATIVE NUMBERS.
R  INDICATES RECORD WAS SET OR TIED.
MM INDICATES DATA IS MISSING.
T  INDICATES TRACE AMOUNT.




$$
