000
CDUS45 KLKN 280939
CLITPH


CLIMATE REPORT
NATIONAL WEATHER SERVICE ELKO NV
237 AM PDT MON JUL 28 2014


...................................

...THE TONOPAH AIRPORT NV CLIMATE SUMMARY FOR JULY 27 2014...

CLIMATE NORMAL PERIOD 1981 TO 2010
CLIMATE RECORD PERIOD 1954 TO 2014


WEATHER ITEM   OBSERVED TIME   RECORD YEAR NORMAL DEPARTURE LAST
                VALUE   (LST)  VALUE       VALUE  FROM      YEAR
                                                  NORMAL
..................................................................
TEMPERATURE (F)
 YESTERDAY
  MAXIMUM         91   1234 PM 100    2006  93     -2       75
  MINIMUM         69    550 AM  44    1965  58     11       60
  AVERAGE         80                        75      5       68

PRECIPITATION (IN)
  YESTERDAY        0.00          0.45 2013   0.01  -0.01     0.45
  MONTH TO DATE    1.08                      0.37   0.71     0.89
  SINCE OCT 1      2.46                      4.27  -1.81     3.06
  SINCE JAN 1      2.00                      3.18  -1.18     1.84

DEGREE DAYS
 HEATING
  YESTERDAY        0                         0      0        0
  MONTH TO DATE    0                         0      0        0
  SINCE JUN 1     15                        50    -35        3
  SINCE JUL 1      0                         0      0        0

 COOLING
  YESTERDAY       15                        10      5        3
  MONTH TO DATE  365                       258    107      363
  SINCE JUN 1    581                       403    178      615
  SINCE JAN 1    615                       430    185      638
..................................................................


WIND (MPH)
  HIGHEST WIND SPEED    38   HIGHEST WIND DIRECTION    SE (140)
  HIGHEST GUST SPEED    45   HIGHEST GUST DIRECTION    SE (140)
  AVERAGE WIND SPEED    10.4



WEATHER CONDITIONS
 THE FOLLOWING WEATHER WAS RECORDED YESTERDAY.
  NO SIGNIFICANT WEATHER WAS OBSERVED.


RELATIVE HUMIDITY (PERCENT)
 HIGHEST    36           500 AM
 LOWEST     16          1200 AM
 AVERAGE    26

..........................................................


THE TONOPAH AIRPORT NV CLIMATE NORMALS FOR TODAY
                         NORMAL    RECORD    YEAR
 MAXIMUM TEMPERATURE (F)   92       100      1995
 MINIMUM TEMPERATURE (F)   58        47      1965


SUNRISE AND SUNSET
JULY 28 2014..........SUNRISE   548 AM PDT   SUNSET   801 PM PDT
JULY 29 2014..........SUNRISE   549 AM PDT   SUNSET   800 PM PDT


-  INDICATES NEGATIVE NUMBERS.
R  INDICATES RECORD WAS SET OR TIED.
MM INDICATES DATA IS MISSING.
T  INDICATES TRACE AMOUNT.




$$
