049
CDUS45 KLKN 200039
CLITPH


CLIMATE REPORT
NATIONAL WEATHER SERVICE ELKO NV
438 PM PST MON FEB 19 2018


...................................

...THE TONOPAH AIRPORT NV CLIMATE SUMMARY FOR FEBRUARY 19 2018...
VALID TODAY AS OF 0400 PM LOCAL TIME.

CLIMATE NORMAL PERIOD 1981 TO 2010
CLIMATE RECORD PERIOD 1954 TO 2018


WEATHER ITEM   OBSERVED TIME   RECORD YEAR NORMAL DEPARTURE LAST
                VALUE   (LST)  VALUE       VALUE  FROM      YEAR
                                                  NORMAL
..................................................................
TEMPERATURE (F)
 TODAY
  MAXIMUM         31    143 PM  70    1995  50    -19       49
  MINIMUM         20    644 AM   8    1956  25     -5       34
  AVERAGE         26                        38    -12       42

PRECIPITATION (IN)
  TODAY            T             0.27 1962   0.02  -0.02     0.00
  MONTH TO DATE    0.02                      0.33  -0.31     0.61
  SINCE OCT 1      0.48                      1.91  -1.43     1.50
  SINCE JAN 1      0.47                      0.82  -0.35     0.97

DEGREE DAYS
 HEATING
  TODAY           39                        27     12       23
  MONTH TO DATE  467                       554    -87      436
  SINCE DEC 1   2156                      2588   -432     2570
  SINCE JUL 1   3232                      3805   -573     3587

 COOLING
  TODAY            0                         0      0        0
  MONTH TO DATE    0                         0      0        0
  SINCE DEC 1      0                         0      0        0
  SINCE JAN 1      0                         0      0        0
..................................................................


WIND (MPH)
  HIGHEST WIND SPEED    35   HIGHEST WIND DIRECTION    NW (320)
  HIGHEST GUST SPEED    42   HIGHEST GUST DIRECTION    NW (300)



WEATHER CONDITIONS
 THE FOLLOWING WEATHER WAS RECORDED TODAY.
  NO SIGNIFICANT WEATHER WAS OBSERVED.


RELATIVE HUMIDITY (PERCENT)
 HIGHEST    62           500 AM
 LOWEST     24           300 PM
 AVERAGE    43

..........................................................


THE TONOPAH AIRPORT NV CLIMATE NORMALS FOR TOMORROW
                         NORMAL    RECORD    YEAR
 MAXIMUM TEMPERATURE (F)   51        69      1995
 MINIMUM TEMPERATURE (F)   25         9      1962


SUNRISE AND SUNSET
FEBRUARY 19 2018......SUNRISE   633 AM PST   SUNSET   531 PM PST
FEBRUARY 20 2018......SUNRISE   632 AM PST   SUNSET   533 PM PST


-  INDICATES NEGATIVE NUMBERS.
R  INDICATES RECORD WAS SET OR TIED.
MM INDICATES DATA IS MISSING.
T  INDICATES TRACE AMOUNT.




$$
