000
CDUS44 KMRX 270915 RRA
CLITRI

CLIMATE REPORT
NATIONAL WEATHER SERVICE MORRISTOWN TN
414 AM EST TUE JAN 27 2015


...................................

...THE TRI-CITIES CLIMATE SUMMARY FOR JANUARY 26 2015...

CLIMATE NORMAL PERIOD 1981 TO 2010
CLIMATE RECORD PERIOD 1934 TO 2015


WEATHER ITEM   OBSERVED TIME   RECORD YEAR NORMAL DEPARTURE LAST
                VALUE   (LST)  VALUE       VALUE  FROM      YEAR
                                                  NORMAL
..................................................................
TEMPERATURE (F)
 YESTERDAY
  MAXIMUM         44    131 AM  75    1950  46     -2       52
  MINIMUM         30   1159 PM   7    1987  25      5        9
                                      1948
                                      1940
  AVERAGE         37                        36      1       31

PRECIPITATION (IN)
  YESTERDAY        0.16          1.90 1996   0.10   0.06     0.00
  MONTH TO DATE    2.24                      2.81  -0.57     1.69
  SINCE DEC 1      5.27                      6.18  -0.91     8.03
  SINCE JAN 1      2.24                      2.81  -0.57     1.69

SNOWFALL (IN)
  YESTERDAY        T                         0.2   -0.2      0.0
  MONTH TO DATE    0.3                       4.0   -3.7      2.1
  SINCE DEC 1      0.3                       6.4   -6.1      2.1
  SINCE JUL 1      1.5                       6.7   -5.2      3.5
  SNOW DEPTH       0

DEGREE DAYS
 HEATING
  YESTERDAY       28                        30     -2       34
  MONTH TO DATE  753                       780    -27      903
  SINCE DEC 1   1484                      1623   -139     1643
  SINCE JUL 1   2467                      2509    -42     2534

 COOLING
  YESTERDAY        0                         0      0        0
  MONTH TO DATE    0                         0      0        0
  SINCE DEC 1      0                         0      0        0
  SINCE JAN 1      0                         0      0        0
..................................................................


WIND (MPH)
  HIGHEST WIND SPEED    18   HIGHEST WIND DIRECTION     W (260)
  HIGHEST GUST SPEED    23   HIGHEST GUST DIRECTION     W (250)
  AVERAGE WIND SPEED     9.9


SKY COVER
  POSSIBLE SUNSHINE  MM
  AVERAGE SKY COVER 1.0


WEATHER CONDITIONS
 THE FOLLOWING WEATHER WAS RECORDED YESTERDAY.
  LIGHT RAIN
  LIGHT SNOW
  FOG


RELATIVE HUMIDITY (PERCENT)
 HIGHEST   100           600 AM
 LOWEST     75           200 PM
 AVERAGE    88

..........................................................


THE TRI-CITIES      ASOS CLIMATE NORMALS FOR TODAY
                         NORMAL    RECORD    YEAR
 MAXIMUM TEMPERATURE (F)   46        67      1999
 MINIMUM TEMPERATURE (F)   25         0      1987
                                             1940


SUNRISE AND SUNSET
JANUARY 27 2015.......SUNRISE   735 AM EST   SUNSET   550 PM EST
JANUARY 28 2015.......SUNRISE   734 AM EST   SUNSET   551 PM EST


-  INDICATES NEGATIVE NUMBERS.
R  INDICATES RECORD WAS SET OR TIED.
MM INDICATES DATA IS MISSING.
T  INDICATES TRACE AMOUNT.




$$
