000
CDUS44 KMRX 232209
CLITRI


CLIMATE REPORT
NATIONAL WEATHER SERVICE MORRISTOWN TN
508 PM EST FRI FEB 23 2018


...................................

...THE TRI-CITIES      ASOS CLIMATE SUMMARY FOR FEBRUARY 23 2018...
VALID TODAY AS OF 0500 PM LOCAL TIME.

CLIMATE NORMAL PERIOD 1981 TO 2010
CLIMATE RECORD PERIOD 1937 TO 2018


WEATHER ITEM   OBSERVED TIME   RECORD YEAR NORMAL DEPARTURE LAST
                VALUE   (LST)  VALUE       VALUE  FROM      YEAR
                                                  NORMAL
..................................................................
TEMPERATURE (F)
 TODAY
  MAXIMUM         80R   331 PM  79    1996  52     28       73
                                      1943
  MINIMUM         49    747 AM   6    1978  30     19       42
  AVERAGE         65                        41     24       58

PRECIPITATION (IN)
  TODAY            0.00          1.47 1984   0.12  -0.12     0.00
  MONTH TO DATE    6.46                      2.86   3.60     1.43
  SINCE DEC 1      9.79                      9.60   0.19     9.34
  SINCE JAN 1      8.03                      6.23   1.80     3.98

SNOWFALL (IN)
  TODAY            0.0                       0.1   -0.1      0.0
  MONTH TO DATE    0.9                       2.8   -1.9       T
  SINCE DEC 1      4.7                       9.9   -5.2      4.0
  SINCE JUL 1      4.7                      10.2   -5.5      4.0
  SNOW DEPTH       0

DEGREE DAYS
 HEATING
  TODAY            0                        24    -24        7
  MONTH TO DATE  384                       612   -228      454
  SINCE DEC 1   2218                      2380   -162     1865
  SINCE JUL 1   2997                      3266   -269     2484

 COOLING
  TODAY            0                         0      0        0
  MONTH TO DATE    9                         0      9        0
  SINCE DEC 1      9                         0      9        0
  SINCE JAN 1      9                         0      9        0
..................................................................


WIND (MPH)
  HIGHEST WIND SPEED    16   HIGHEST WIND DIRECTION    SW (220)
  HIGHEST GUST SPEED    20   HIGHEST GUST DIRECTION    SW (220)
  AVERAGE WIND SPEED     2.4


SKY COVER
  POSSIBLE SUNSHINE  MM
  AVERAGE SKY COVER 0.3


WEATHER CONDITIONS
 THE FOLLOWING WEATHER WAS RECORDED TODAY.
  FOG


RELATIVE HUMIDITY (PERCENT)
 HIGHEST   100           200 AM
 LOWEST     45           200 PM
 AVERAGE    73

..........................................................


THE TRI-CITIES      ASOS CLIMATE NORMALS FOR TOMORROW
                         NORMAL    RECORD    YEAR
 MAXIMUM TEMPERATURE (F)   53        77      2017
 MINIMUM TEMPERATURE (F)   30         4      1967


SUNRISE AND SUNSET
FEBRUARY 23 2018......SUNRISE   708 AM EST   SUNSET   618 PM EST
FEBRUARY 24 2018......SUNRISE   707 AM EST   SUNSET   619 PM EST


-  INDICATES NEGATIVE NUMBERS.
R  INDICATES RECORD WAS SET OR TIED.
MM INDICATES DATA IS MISSING.
T  INDICATES TRACE AMOUNT.




$$
