000
CDUS44 KMRX 021216
CLITRI

CLIMATE REPORT NATIONAL WEATHER SERVICE MORRISTOWN TN
815 AM EDT TUE SEP 2 2014

...................................

...THE TRI-CITIES  CLIMATE SUMMARY FOR SEPTEMBER 1 2014...

CLIMATE NORMAL PERIOD 1981 TO 2010
CLIMATE RECORD PERIOD 1934 TO 2014


WEATHER ITEM   OBSERVED TIME   RECORD YEAR NORMAL DEPARTURE LAST
                VALUE   (LST)  VALUE       VALUE  FROM      YEAR
                                                  NORMAL
..................................................................
TEMPERATURE (F)
 YESTERDAY
  MAXIMUM         89    346 PM  98    1953  84      5       83
  MINIMUM         68    623 AM  47    1999  60      8       68
  AVERAGE         79                        72      7       76

PRECIPITATION (IN)
  YESTERDAY        T             1.80 1982   0.11  -0.11     0.32
  MONTH TO DATE    T                         0.11  -0.11     0.32
  SINCE SEP 1      T                         0.11  -0.11     0.32
  SINCE JAN 1     25.04                     29.56  -4.52    45.19

SNOWFALL (IN)
  YESTERDAY        0.0                       0.0    0.0      0.0
  MONTH TO DATE    0.0                       0.0    0.0      0.0
  SINCE SEP 1      0.0                       0.0    0.0      0.0
  SINCE JUL 1      0.0                       0.0    0.0      0.0
  SNOW DEPTH       0

DEGREE DAYS
 HEATING
  YESTERDAY        0                         0      0        0
  MONTH TO DATE    0                         0      0        0
  SINCE SEP 1      0                         0      0        0
  SINCE JUL 1      0                         1     -1        0

 COOLING
  YESTERDAY       14                         7      7       11
  MONTH TO DATE   14                         7      7       11
  SINCE SEP 1     14                         7      7       11
  SINCE JAN 1    971                       859    112      869
..................................................................


WIND (MPH)
  HIGHEST WIND SPEED    15   HIGHEST WIND DIRECTION    SW (230)
  HIGHEST GUST SPEED    20   HIGHEST GUST DIRECTION    SW (240)
  AVERAGE WIND SPEED     3.6


SKY COVER
  POSSIBLE SUNSHINE  MM
  AVERAGE SKY COVER  MM


WEATHER CONDITIONS
 THE FOLLOWING WEATHER WAS RECORDED YESTERDAY.
  FOG


RELATIVE HUMIDITY (PERCENT)
 HIGHEST    97           500 AM
 LOWEST     43           400 PM
 AVERAGE    70

..........................................................


THE TRI-CITIES      ASOS CLIMATE NORMALS FOR TODAY
                         NORMAL    RECORD    YEAR
 MAXIMUM TEMPERATURE (F)   83        96      1943
 MINIMUM TEMPERATURE (F)   60        45      1967


SUNRISE AND SUNSET
SEPTEMBER  2 2014.....SUNRISE   702 AM EDT   SUNSET   756 PM EDT
SEPTEMBER  3 2014.....SUNRISE   702 AM EDT   SUNSET   755 PM EDT


-  INDICATES NEGATIVE NUMBERS.
R  INDICATES RECORD WAS SET OR TIED.
MM INDICATES DATA IS MISSING.
T  INDICATES TRACE AMOUNT.

&&

THE LOW TEMERATUURE THIS MORNING WAS 67.
THERE HAS BEEN NO PRECIPITATION SINCE MIDNIGHT.


$$
