000
CDUS44 KMRX 250832
CLITRI


CLIMATE REPORT
NATIONAL WEATHER SERVICE MORRISTOWN TN
432 AM EDT MON SEP 25 2017


...................................

...THE TRI-CITIES      ASOS CLIMATE SUMMARY FOR SEPTEMBER 24 2017...

CLIMATE NORMAL PERIOD 1981 TO 2010
CLIMATE RECORD PERIOD 1934 TO 2017


WEATHER ITEM   OBSERVED TIME   RECORD YEAR NORMAL DEPARTURE LAST
                VALUE   (LST)  VALUE       VALUE  FROM      YEAR
                                                  NORMAL
..................................................................
TEMPERATURE (F)
 YESTERDAY
  MAXIMUM         89    346 PM  92    2007  76     13       89
  MINIMUM         56    532 AM  34    1983  52      4       59
  AVERAGE         73                        64      9       74

PRECIPITATION (IN)
  YESTERDAY        0.00          0.81 1965   0.09  -0.09     0.00
  MONTH TO DATE    0.99                      2.46  -1.47     1.97
  SINCE SEP 1      0.99                      2.46  -1.47     1.97
  SINCE JAN 1     35.80                     31.91   3.89    26.13

SNOWFALL (IN)
  YESTERDAY        0.0                       0.0    0.0      0.0
  MONTH TO DATE    0.0                       0.0    0.0      0.0
  SINCE SEP 1      0.0                       0.0    0.0      0.0
  SINCE JUL 1      0.0                       0.0    0.0      0.0
  SNOW DEPTH       0

DEGREE DAYS
 HEATING
  YESTERDAY        0                         3     -3        0
  MONTH TO DATE   32                        26      6        0
  SINCE SEP 1     32                        26      6        0
  SINCE JUL 1     32                        27      5        0

 COOLING
  YESTERDAY        8                         2      6        9
  MONTH TO DATE   87                       106    -19      213
  SINCE SEP 1     87                       106    -19      213
  SINCE JAN 1   1041                       958     83     1446
..................................................................


WIND (MPH)
  HIGHEST WIND SPEED     7   HIGHEST WIND DIRECTION     N (340)
  HIGHEST GUST SPEED    11   HIGHEST GUST DIRECTION    SE (150)
  AVERAGE WIND SPEED     1.5


SKY COVER
  POSSIBLE SUNSHINE  MM
  AVERAGE SKY COVER 0.3


WEATHER CONDITIONS
 THE FOLLOWING WEATHER WAS RECORDED YESTERDAY.
  NO SIGNIFICANT WEATHER WAS OBSERVED.


RELATIVE HUMIDITY (PERCENT)
 HIGHEST   100           300 AM
 LOWEST     36           300 PM
 AVERAGE    68

..........................................................


THE TRI-CITIES      ASOS CLIMATE NORMALS FOR TODAY
                         NORMAL    RECORD    YEAR
 MAXIMUM TEMPERATURE (F)   76        91      2007
 MINIMUM TEMPERATURE (F)   51        38      1950


SUNRISE AND SUNSET
SEPTEMBER 25 2017.....SUNRISE   720 AM EDT   SUNSET   722 PM EDT
SEPTEMBER 26 2017.....SUNRISE   721 AM EDT   SUNSET   720 PM EDT


-  INDICATES NEGATIVE NUMBERS.
R  INDICATES RECORD WAS SET OR TIED.
MM INDICATES DATA IS MISSING.
T  INDICATES TRACE AMOUNT.




$$
