000
CDUS44 KMRX 250831
CLITRI

CLIMATE REPORT
NATIONAL WEATHER SERVICE MORRISTOWN TN
428 AM EDT SAT OCT 25 2014


...................................

...THE TRI-CITIES      ASOS CLIMATE SUMMARY FOR OCTOBER 24 2014...

CLIMATE NORMAL PERIOD 1981 TO 2010
CLIMATE RECORD PERIOD 1934 TO 2014


WEATHER ITEM   OBSERVED TIME   RECORD YEAR NORMAL DEPARTURE LAST
                VALUE   (LST)  VALUE       VALUE  FROM      YEAR
                                                  NORMAL
..................................................................
TEMPERATURE (F)
 YESTERDAY
  MAXIMUM         65    412 PM  84    1963  67     -2       53
  MINIMUM         37    651 AM  27    2006  41     -4       28
  AVERAGE         51                        54     -3       41

PRECIPITATION (IN)
  YESTERDAY        0.00          0.96 1971   0.07  -0.07     0.02
  MONTH TO DATE    5.68                      1.57   4.11     0.63
  SINCE SEP 1      7.10                      4.56   2.54     2.48
  SINCE JAN 1     32.14                     34.01  -1.87    47.35

SNOWFALL (IN)
  YESTERDAY        0.0                       0.0    0.0      0.0
  MONTH TO DATE    0.0                       0.0    0.0      0.0
  SINCE SEP 1      0.0                       0.0    0.0      0.0
  SINCE JUL 1      0.0                       0.0    0.0      0.0
  SNOW DEPTH       0

DEGREE DAYS
 HEATING
  YESTERDAY       14                        11      3       24
  MONTH TO DATE  168                       195    -27      142
  SINCE SEP 1    179                       247    -68      161
  SINCE JUL 1    179                       248    -69      161

 COOLING
  YESTERDAY        0                         0      0        0
  MONTH TO DATE    9                         9      0       25
  SINCE SEP 1    184                       125     59      145
  SINCE JAN 1   1141                       977    164     1003
..................................................................


WIND (MPH)
  HIGHEST WIND SPEED     7   HIGHEST WIND DIRECTION     W (260)
  HIGHEST GUST SPEED    10   HIGHEST GUST DIRECTION     W (270)
  AVERAGE WIND SPEED     1.2


SKY COVER
  POSSIBLE SUNSHINE  MM
  AVERAGE SKY COVER  MM


WEATHER CONDITIONS
 THE FOLLOWING WEATHER WAS RECORDED YESTERDAY.
  FOG
  FOG W/VISIBILITY <= 1/4 MILE


RELATIVE HUMIDITY (PERCENT)
 HIGHEST   100           200 AM
 LOWEST     37           400 PM
 AVERAGE    69

..........................................................


THE TRI-CITIES      ASOS CLIMATE NORMALS FOR TODAY
                         NORMAL    RECORD    YEAR
 MAXIMUM TEMPERATURE (F)   67        81      2012
                                             1991
 MINIMUM TEMPERATURE (F)   40        24      2006


SUNRISE AND SUNSET
OCTOBER 25 2014.......SUNRISE   746 AM EDT   SUNSET   641 PM EDT
OCTOBER 26 2014.......SUNRISE   747 AM EDT   SUNSET   640 PM EDT


-  INDICATES NEGATIVE NUMBERS.
R  INDICATES RECORD WAS SET OR TIED.
MM INDICATES DATA IS MISSING.
T  INDICATES TRACE AMOUNT.




$$
