000
CDUS46 KSGX 170117
CLITRM


CLIMATE REPORT
NATIONAL WEATHER SERVICE SAN DIEGO, CA
517 PM PST TUE JAN 16 2018


...................................

...THE THERMAL AIRPORT CA CLIMATE SUMMARY FOR JANUARY 16 2018...
VALID TODAY AS OF 0500 PM LOCAL TIME.

CLIMATE NORMAL PERIOD 1981 TO 2010
CLIMATE RECORD PERIOD 1950 TO 2018


WEATHER ITEM   OBSERVED TIME   RECORD YEAR NORMAL DEPARTURE LAST
                VALUE   (LST)  VALUE       VALUE  FROM      YEAR
                                                  NORMAL
..................................................................
TEMPERATURE (F)
 TODAY
  MAXIMUM         79    330 PM  88    1976  72      7       70
  MINIMUM         47    707 AM  25    2013  38      9       42
  AVERAGE         63                        55      8       56

PRECIPITATION (IN)
  TODAY            0.00          2.27 1993   0.02  -0.02     0.00
  MONTH TO DATE    0.41                      0.36   0.05     0.63
  SINCE OCT 1      0.41                      1.17  -0.76     2.31
  SINCE JAN 1      0.41                      0.36   0.05     0.63

DEGREE DAYS
 HEATING
  TODAY            2                        10     -8        9
  MONTH TO DATE   56                       175   -119      157
  SINCE DEC 1    301                       546   -245      463
  SINCE JUL 1    318                       713   -395      581

 COOLING
  TODAY            0                         0      0        0
  MONTH TO DATE    0                         0      0        0
  SINCE DEC 1      0                         1     -1        2
  SINCE JAN 1      0                         0      0        0
..................................................................


WIND (MPH)
  RESULTANT WIND SPEED   1   RESULTANT WIND DIRECTION  NW (300)
  HIGHEST WIND SPEED     9   HIGHEST WIND DIRECTION     W (270)
  HIGHEST GUST SPEED    11   HIGHEST GUST DIRECTION     W (260)
  AVERAGE WIND SPEED     3.5


SKY COVER
  POSSIBLE SUNSHINE  MM
  AVERAGE SKY COVER 0.0


WEATHER CONDITIONS
 THE FOLLOWING WEATHER WAS RECORDED TODAY.
  NO SIGNIFICANT WEATHER WAS OBSERVED.


RELATIVE HUMIDITY (PERCENT)
 HIGHEST    86           700 AM
 LOWEST     21           300 PM
 AVERAGE    54

..........................................................


THE THERMAL AIRPORT CA CLIMATE NORMALS FOR TOMORROW
                         NORMAL    RECORD    YEAR
 MAXIMUM TEMPERATURE (F)   72        87      1976
 MINIMUM TEMPERATURE (F)   38        17      2007


SUNRISE AND SUNSET
JANUARY 16 2018.......SUNRISE   649 AM PST   SUNSET   500 PM PST
JANUARY 17 2018.......SUNRISE   648 AM PST   SUNSET   501 PM PST


-  INDICATES NEGATIVE NUMBERS.
R  INDICATES RECORD WAS SET OR TIED.
MM INDICATES DATA IS MISSING.
T  INDICATES TRACE AMOUNT.




$$
