000
CDUS46 KSGX 240023
CLITRM


CLIMATE REPORT
NATIONAL WEATHER SERVICE SAN DIEGO, CA
523 PM PDT THU OCT 23 2014


...................................

...THE THERMAL AIRPORT CA CLIMATE SUMMARY FOR OCTOBER 23 2014...
VALID TODAY AS OF 0500 PM LOCAL TIME.

CLIMATE NORMAL PERIOD 1981 TO 2010
CLIMATE RECORD PERIOD 1950 TO 2014


WEATHER ITEM   OBSERVED TIME   RECORD YEAR NORMAL DEPARTURE LAST
                VALUE   (LST)  VALUE       VALUE  FROM      YEAR
                                                  NORMAL
..................................................................
TEMPERATURE (F)
 TODAY
  MAXIMUM         95    157 PM 105    2003  88      7       94
                                      1959
  MINIMUM         54    613 AM  33    1996  52      2       49
  AVERAGE         75                        70      5       72

PRECIPITATION (IN)
  TODAY            0.00          0.19 1992   0.01  -0.01     0.00
  MONTH TO DATE    T                         0.17  -0.17      T
  SINCE JUL 1      0.45                      0.74  -0.29     1.39
  SINCE JAN 1      0.53                      2.56  -2.03     1.83

SNOWFALL (IN)
  TODAY            0.0
  MONTH TO DATE    0.0
  SINCE JAN 1      0.0
  SINCE JUL 1      0.0
  SNOW DEPTH       0

DEGREE DAYS
 HEATING
  TODAY            0                         1     -1        0
  MONTH TO DATE    0                         1     -1        5
  SINCE SEP 1      0                         1     -1        5
  SINCE JUL 1      0                         1     -1        5

 COOLING
  TODAY           10                         6      4        7
  MONTH TO DATE  292                       217     75      125
  SINCE SEP 1    975                       782    193      737
  SINCE JAN 1   4172                      3615    557     4021
..................................................................


WIND (MPH)
  RESULTANT WIND SPEED   1   RESULTANT WIND DIRECTION   E (110)
  HIGHEST WIND SPEED    13   HIGHEST WIND DIRECTION    SE (150)
  HIGHEST GUST SPEED    16   HIGHEST GUST DIRECTION    SE (150)
  AVERAGE WIND SPEED     4.0


SKY COVER
  POSSIBLE SUNSHINE  MM
  AVERAGE SKY COVER 0.0


WEATHER CONDITIONS
 THE FOLLOWING WEATHER WAS RECORDED TODAY.
  HAZE


RELATIVE HUMIDITY (PERCENT)
 HIGHEST    64           100 AM
 LOWEST     16          1100 AM
 AVERAGE    40

..........................................................


THE THERMAL AIRPORT CA CLIMATE NORMALS FOR TOMORROW
                         NORMAL    RECORD    YEAR
 MAXIMUM TEMPERATURE (F)   88       103      2003
                                             1959
 MINIMUM TEMPERATURE (F)   52        38      1996


SUNRISE AND SUNSET
OCTOBER 23 2014.......SUNRISE   656 AM PDT   SUNSET   602 PM PDT
OCTOBER 24 2014.......SUNRISE   657 AM PDT   SUNSET   600 PM PDT


-  INDICATES NEGATIVE NUMBERS.
R  INDICATES RECORD WAS SET OR TIED.
MM INDICATES DATA IS MISSING.
T  INDICATES TRACE AMOUNT.




$$
