702
CDUS46 KSGX 101522
CLITRM


CLIMATE REPORT
NATIONAL WEATHER SERVICE SAN DIEGO, CA
722 AM PST SAT DEC 10 2016


...................................

...THE THERMAL AIRPORT CA CLIMATE SUMMARY FOR DECEMBER 9 2016...

CLIMATE NORMAL PERIOD 1981 TO 2010
CLIMATE RECORD PERIOD 1950 TO 2016


WEATHER ITEM   OBSERVED TIME   RECORD YEAR NORMAL DEPARTURE LAST
                VALUE   (LST)  VALUE       VALUE  FROM      YEAR
                                                  NORMAL
..................................................................
TEMPERATURE (F)
 YESTERDAY
  MAXIMUM         72    157 PM  88    1957  70      2       76
  MINIMUM         39    545 AM  17    1994  36      3       39
  AVERAGE         56                        53      3       58

PRECIPITATION (IN)
  YESTERDAY        0.00          1.00 1982   0.01  -0.01     0.00
  MONTH TO DATE    0.00                      0.09  -0.09     0.00
  SINCE OCT 1      0.32                      0.55  -0.23     0.41
  SINCE JAN 1      2.16                      2.94  -0.78     2.01

DEGREE DAYS
 HEATING
  YESTERDAY        9                        12     -3        7
  MONTH TO DATE   88                       100    -12       90
  SINCE DEC 1     88                       100    -12       90
  SINCE JUL 1    206                       267    -61      289

 COOLING
  YESTERDAY        0                         0      0        0
  MONTH TO DATE    0                         0      0        0
  SINCE DEC 1      0                         0      0        0
  SINCE JAN 1   4334                      3686    648     4241
..................................................................


WIND (MPH)
  RESULTANT WIND SPEED   2   RESULTANT WIND DIRECTION  NW (330)
  HIGHEST WIND SPEED     8   HIGHEST WIND DIRECTION     N (340)
  HIGHEST GUST SPEED    11   HIGHEST GUST DIRECTION     N (340)
  AVERAGE WIND SPEED     3.2


SKY COVER
  POSSIBLE SUNSHINE  MM
  AVERAGE SKY COVER 0.0


WEATHER CONDITIONS
 THE FOLLOWING WEATHER WAS RECORDED YESTERDAY.
  NO SIGNIFICANT WEATHER WAS OBSERVED.


RELATIVE HUMIDITY (PERCENT)
 HIGHEST    70           600 AM
 LOWEST     23           100 PM
 AVERAGE    47

..........................................................


THE THERMAL AIRPORT CA CLIMATE NORMALS FOR TODAY
                         NORMAL    RECORD    YEAR
 MAXIMUM TEMPERATURE (F)   70        88      1950
 MINIMUM TEMPERATURE (F)   36        21      2013


SUNRISE AND SUNSET
DECEMBER 10 2016......SUNRISE   639 AM PST   SUNSET   437 PM PST
DECEMBER 11 2016......SUNRISE   639 AM PST   SUNSET   437 PM PST


-  INDICATES NEGATIVE NUMBERS.
R  INDICATES RECORD WAS SET OR TIED.
MM INDICATES DATA IS MISSING.
T  INDICATES TRACE AMOUNT.




$$
