000
CDUS46 KSGX 251429
CLITRM


CLIMATE REPORT
NATIONAL WEATHER SERVICE SAN DIEGO, CA
728 AM PDT SUN SEP 25 2016


...................................

...THE THERMAL AIRPORT CA CLIMATE SUMMARY FOR SEPTEMBER 24 2016...

CLIMATE NORMAL PERIOD 1981 TO 2010
CLIMATE RECORD PERIOD 1950 TO 2016


WEATHER ITEM   OBSERVED TIME   RECORD YEAR NORMAL DEPARTURE LAST
                VALUE   (LST)  VALUE       VALUE  FROM      YEAR
                                                  NORMAL
..................................................................
TEMPERATURE (F)
 YESTERDAY
  MAXIMUM         99    420 PM 108    2015  99      0      108
                                      1982
  MINIMUM         55    542 AM  50    2006  63     -8       68
  AVERAGE         77                        81     -4       88

PRECIPITATION (IN)
  YESTERDAY        0.00          0.19 1997   0.00   0.00     0.00
  MONTH TO DATE    0.29                      0.19   0.10     0.03
  SINCE OCT 1      2.27                      3.15  -0.88     1.75
  SINCE JAN 1      1.84                      2.34  -0.50     1.60

DEGREE DAYS
 HEATING
  YESTERDAY        0                         0      0        0
  MONTH TO DATE    0                         0      0        0
  SINCE SEP 1      0                         0      0        0
  SINCE JUL 1      0                         0      0        0

 COOLING
  YESTERDAY       12                        16     -4       23
  MONTH TO DATE  424                       478    -54      524
  SINCE SEP 1    424                       478    -54      524
  SINCE JAN 1   3761                      3311    450     3646
..................................................................


WIND (MPH)
  RESULTANT WIND SPEED   4   RESULTANT WIND DIRECTION   N (350)
  HIGHEST WIND SPEED    13   HIGHEST WIND DIRECTION    NW (300)
  HIGHEST GUST SPEED    17   HIGHEST GUST DIRECTION     W (290)
  AVERAGE WIND SPEED     4.9


SKY COVER
  POSSIBLE SUNSHINE  MM
  AVERAGE SKY COVER 0.0


WEATHER CONDITIONS
 THE FOLLOWING WEATHER WAS RECORDED YESTERDAY.
  NO SIGNIFICANT WEATHER WAS OBSERVED.


RELATIVE HUMIDITY (PERCENT)
 HIGHEST    61           600 AM
 LOWEST      8           300 PM
 AVERAGE    35

..........................................................


THE THERMAL AIRPORT CA CLIMATE NORMALS FOR TODAY
                         NORMAL    RECORD    YEAR
 MAXIMUM TEMPERATURE (F)   99       111      1963
 MINIMUM TEMPERATURE (F)   63        48      1993


SUNRISE AND SUNSET
SEPTEMBER 25 2016.....SUNRISE   635 AM PDT   SUNSET   636 PM PDT
SEPTEMBER 26 2016.....SUNRISE   636 AM PDT   SUNSET   635 PM PDT


-  INDICATES NEGATIVE NUMBERS.
R  INDICATES RECORD WAS SET OR TIED.
MM INDICATES DATA IS MISSING.
T  INDICATES TRACE AMOUNT.




$$
