000
CDUS46 KSGX 171250
CLITRM


CLIMATE REPORT
NATIONAL WEATHER SERVICE SAN DIEGO, CA
450 AM PST FRI NOV 17 2017


...................................

...THE THERMAL AIRPORT CA CLIMATE SUMMARY FOR NOVEMBER 16 2017...

CLIMATE NORMAL PERIOD 1981 TO 2010
CLIMATE RECORD PERIOD 1950 TO 2017


WEATHER ITEM   OBSERVED TIME   RECORD YEAR NORMAL DEPARTURE LAST
                VALUE   (LST)  VALUE       VALUE  FROM      YEAR
                                                  NORMAL
..................................................................
TEMPERATURE (F)
 YESTERDAY
  MAXIMUM         83    326 PM  93    1999  79      4       82
  MINIMUM         53    605 AM  29    2000  43     10       51
  AVERAGE         68                        61      7       67

PRECIPITATION (IN)
  YESTERDAY        0.00          0.45 1972   0.01  -0.01     0.00
  MONTH TO DATE    0.00                      0.10  -0.10     0.00
  SINCE OCT 1      0.00                      0.33  -0.33     0.31
  SINCE JAN 1      3.36                      2.72   0.64     2.15

DEGREE DAYS
 HEATING
  YESTERDAY        0                         5     -5        0
  MONTH TO DATE    0                        49    -49        0
  SINCE SEP 1      0                        60    -60        0
  SINCE JUL 1      0                        60    -60        0

 COOLING
  YESTERDAY        3                         1      2        2
  MONTH TO DATE   38                        31      7       94
  SINCE SEP 1    968                       851    117      997
  SINCE JAN 1   4437                      3684    753     4334
..................................................................


WIND (MPH)
  RESULTANT WIND SPEED   1   RESULTANT WIND DIRECTION  NE (30)
  HIGHEST WIND SPEED    10   HIGHEST WIND DIRECTION     N (20)
  HIGHEST GUST SPEED    12   HIGHEST GUST DIRECTION    SE (120)
  AVERAGE WIND SPEED     3.6


SKY COVER
  POSSIBLE SUNSHINE  MM
  AVERAGE SKY COVER 0.0


WEATHER CONDITIONS
 THE FOLLOWING WEATHER WAS RECORDED YESTERDAY.
  NO SIGNIFICANT WEATHER WAS OBSERVED.


RELATIVE HUMIDITY (PERCENT)
 HIGHEST    77          1200 AM
 LOWEST     22           200 PM
 AVERAGE    50

..........................................................


THE THERMAL AIRPORT CA CLIMATE NORMALS FOR TODAY
                         NORMAL    RECORD    YEAR
 MAXIMUM TEMPERATURE (F)   78        91      2008
 MINIMUM TEMPERATURE (F)   42        27      1958


SUNRISE AND SUNSET
NOVEMBER 17 2017......SUNRISE   619 AM PST   SUNSET   440 PM PST
NOVEMBER 18 2017......SUNRISE   620 AM PST   SUNSET   440 PM PST


-  INDICATES NEGATIVE NUMBERS.
R  INDICATES RECORD WAS SET OR TIED.
MM INDICATES DATA IS MISSING.
T  INDICATES TRACE AMOUNT.




$$
