000
CDUS46 KPQR 281154
CLITTD


CLIMATE REPORT
NATIONAL WEATHER SERVICE PORTLAND OREGON
454 AM PDT WED SEP 28 2016


...................................

...THE TROUTDALE OR CLIMATE SUMMARY FOR SEPTEMBER 27 2016...

CLIMATE NORMAL PERIOD 1981 TO 2010
CLIMATE RECORD PERIOD 1948 TO 2016


WEATHER ITEM   OBSERVED TIME   RECORD YEAR NORMAL DEPARTURE LAST
                VALUE   (LST)  VALUE       VALUE  FROM      YEAR
                                                  NORMAL
..................................................................
TEMPERATURE (F)
 YESTERDAY
  MAXIMUM         75    325 PM  94    1967  72      3       72
  MINIMUM         54   1159 PM  36    1972  48      6       40
  AVERAGE         65                        60      5       56

PRECIPITATION (IN)
  YESTERDAY        0.00                      0.09  -0.09     0.00
  MONTH TO DATE    2.17                      1.60   0.57     1.18
  SINCE OCT 1     42.33                     46.72  -4.39    32.07
  SINCE JAN 1     22.51                     28.32  -5.81    17.11

DEGREE DAYS
 HEATING
  YESTERDAY        0                         6     -6        9
  MONTH TO DATE   64                        91    -27       91

 COOLING
  YESTERDAY        0                         1     -1        0
  MONTH TO DATE   17                        41    -24       33
..................................................................


WIND (MPH)
  HIGHEST WIND SPEED     8   HIGHEST WIND DIRECTION    SW (240)
  HIGHEST GUST SPEED    11   HIGHEST GUST DIRECTION    NW (320)
  AVERAGE WIND SPEED     1.8


SKY COVER
  POSSIBLE SUNSHINE  MM
  AVERAGE SKY COVER 0.5


WEATHER CONDITIONS
 THE FOLLOWING WEATHER WAS RECORDED YESTERDAY.
  NO SIGNIFICANT WEATHER WAS OBSERVED.


RELATIVE HUMIDITY (PERCENT)
 HIGHEST    93          1100 PM
 LOWEST     53           300 PM
 AVERAGE    73

..........................................................


THE TROUTDALE OR CLIMATE NORMALS FOR TODAY
                         NORMAL    RECORD    YEAR
 MAXIMUM TEMPERATURE (F)   72        88      1967
 MINIMUM TEMPERATURE (F)   47        35      1983


SUNRISE AND SUNSET
SEPTEMBER 28 2016.....SUNRISE   705 AM PDT   SUNSET   654 PM PDT
SEPTEMBER 29 2016.....SUNRISE   706 AM PDT   SUNSET   652 PM PDT


-  INDICATES NEGATIVE NUMBERS.
R  INDICATES RECORD WAS SET OR TIED.
MM INDICATES DATA IS MISSING.
T  INDICATES TRACE AMOUNT.




$$
