000
CDUS46 KPQR 201146
CLITTD


CLIMATE REPORT
NATIONAL WEATHER SERVICE PORTLAND OREGON
346 AM PST MON NOV 20 2017


...................................

...THE TROUTDALE OR CLIMATE SUMMARY FOR NOVEMBER 19 2017...

CLIMATE NORMAL PERIOD 1981 TO 2010
CLIMATE RECORD PERIOD 1948 TO 2017


WEATHER ITEM   OBSERVED TIME   RECORD YEAR NORMAL DEPARTURE LAST
                VALUE   (LST)  VALUE       VALUE  FROM      YEAR
                                                  NORMAL
..................................................................
TEMPERATURE (F)
 YESTERDAY
  MAXIMUM         48    335 PM  65    1965  51     -3       53
  MINIMUM         32    323 AM  22    2000  38     -6       45
  AVERAGE         40                        45     -5       49

PRECIPITATION (IN)
  YESTERDAY        0.28                      0.26   0.02     0.02
  MONTH TO DATE    3.47                      4.60  -1.13     3.18
  SINCE OCT 1      8.66                      8.55   0.11    14.48
  SINCE JAN 1     39.04                     37.12   1.92    36.99

DEGREE DAYS
 HEATING
  YESTERDAY       25                        20      5       16
  MONTH TO DATE  332                       340     -8      184

 COOLING
  YESTERDAY        0                         0      0        0
  MONTH TO DATE    0                         0      0        0
..................................................................


WIND (MPH)
  HIGHEST WIND SPEED    14   HIGHEST WIND DIRECTION     E (90)
  HIGHEST GUST SPEED    17   HIGHEST GUST DIRECTION     E (90)
  AVERAGE WIND SPEED     4.0


SKY COVER
  POSSIBLE SUNSHINE  MM
  AVERAGE SKY COVER 0.7


WEATHER CONDITIONS
 THE FOLLOWING WEATHER WAS RECORDED YESTERDAY.
  RAIN
  LIGHT RAIN
  FOG
  FOG W/VISIBILITY <= 1/4 MILE


RELATIVE HUMIDITY (PERCENT)
 HIGHEST   100           500 AM
 LOWEST     71          1200 PM
 AVERAGE    86

..........................................................


THE TROUTDALE OR CLIMATE NORMALS FOR TODAY
                         NORMAL    RECORD    YEAR
 MAXIMUM TEMPERATURE (F)   51        65      2002
 MINIMUM TEMPERATURE (F)   38        26      1964


SUNRISE AND SUNSET
NOVEMBER 20 2017......SUNRISE   716 AM PST   SUNSET   434 PM PST
NOVEMBER 21 2017......SUNRISE   717 AM PST   SUNSET   433 PM PST


-  INDICATES NEGATIVE NUMBERS.
R  INDICATES RECORD WAS SET OR TIED.
MM INDICATES DATA IS MISSING.
T  INDICATES TRACE AMOUNT.




$$
