000
CDUS46 KPQR 251144
CLITTD


CLIMATE REPORT
NATIONAL WEATHER SERVICE PORTLAND OREGON
344 AM PST SAT FEB 25 2017


...................................

...THE TROUTDALE OR CLIMATE SUMMARY FOR FEBRUARY 24 2017...

CLIMATE NORMAL PERIOD 1981 TO 2010
CLIMATE RECORD PERIOD 1948 TO 2017


WEATHER ITEM   OBSERVED TIME   RECORD YEAR NORMAL DEPARTURE LAST
                VALUE   (LST)  VALUE       VALUE  FROM      YEAR
                                                  NORMAL
..................................................................
TEMPERATURE (F)
 YESTERDAY
  MAXIMUM         42    601 PM  68    1986  52    -10       60
  MINIMUM         32    339 AM  17    2003  36     -4       48
  AVERAGE         37                        44     -7       54

PRECIPITATION (IN)
  YESTERDAY        0.01                      0.18  -0.17     0.00
  MONTH TO DATE    7.66                      4.36   3.30     2.89
  SINCE OCT 1     31.12                     28.94   2.18    27.21
  SINCE JAN 1     10.03                     10.54  -0.51     7.39

DEGREE DAYS
 HEATING
  YESTERDAY       28                        21      7       11
  MONTH TO DATE  562                       542     20      379

 COOLING
  YESTERDAY        0                         0      0        0
  MONTH TO DATE    0                         0      0        0
..................................................................


WIND (MPH)
  HIGHEST WIND SPEED    14   HIGHEST WIND DIRECTION     E (90)
  HIGHEST GUST SPEED    16   HIGHEST GUST DIRECTION     E (90)
  AVERAGE WIND SPEED     4.6


SKY COVER
  POSSIBLE SUNSHINE  MM
  AVERAGE SKY COVER 0.9


WEATHER CONDITIONS
 THE FOLLOWING WEATHER WAS RECORDED YESTERDAY.
  LIGHT RAIN


RELATIVE HUMIDITY (PERCENT)
 HIGHEST   100           100 AM
 LOWEST     67           600 PM
 AVERAGE    84

..........................................................


THE TROUTDALE OR CLIMATE NORMALS FOR TODAY
                         NORMAL    RECORD    YEAR
 MAXIMUM TEMPERATURE (F)   52        67      1968
 MINIMUM TEMPERATURE (F)   36        16      2003


SUNRISE AND SUNSET
FEBRUARY 25 2017......SUNRISE   654 AM PST   SUNSET   552 PM PST
FEBRUARY 26 2017......SUNRISE   653 AM PST   SUNSET   553 PM PST


-  INDICATES NEGATIVE NUMBERS.
R  INDICATES RECORD WAS SET OR TIED.
MM INDICATES DATA IS MISSING.
T  INDICATES TRACE AMOUNT.




$$
