000
CDUS46 KPQR 271155
CLITTD


CLIMATE REPORT
NATIONAL WEATHER SERVICE PORTLAND OREGON
455 AM PDT MON MAR 27 2017


...................................

...THE TROUTDALE OR CLIMATE SUMMARY FOR MARCH 26 2017...

CLIMATE NORMAL PERIOD 1981 TO 2010
CLIMATE RECORD PERIOD 1948 TO 2017


WEATHER ITEM   OBSERVED TIME   RECORD YEAR NORMAL DEPARTURE LAST
                VALUE   (LST)  VALUE       VALUE  FROM      YEAR
                                                  NORMAL
..................................................................
TEMPERATURE (F)
 YESTERDAY
  MAXIMUM         49   1153 PM  77    1994  58     -9       60
  MINIMUM         45    926 PM  29    1996  40      5       39
  AVERAGE         47                        49     -2       50

PRECIPITATION (IN)
  YESTERDAY        0.41                      0.15   0.26     0.07
  MONTH TO DATE    6.73                      3.92   2.81     4.42
  SINCE OCT 1     38.20                     33.59   4.61    32.38
  SINCE JAN 1     17.11                     15.19   1.92    12.56

DEGREE DAYS
 HEATING
  YESTERDAY       18                        16      2       15
  MONTH TO DATE  432                       467    -35      387

 COOLING
  YESTERDAY        0                         0      0        0
  MONTH TO DATE    0                         0      0        0
..................................................................


WIND (MPH)
  HIGHEST WIND SPEED    20   HIGHEST WIND DIRECTION     E (80)
  HIGHEST GUST SPEED    25   HIGHEST GUST DIRECTION     E (80)
  AVERAGE WIND SPEED     8.8


SKY COVER
  POSSIBLE SUNSHINE  MM
  AVERAGE SKY COVER 1.0


WEATHER CONDITIONS
 THE FOLLOWING WEATHER WAS RECORDED YESTERDAY.
  LIGHT RAIN
  FOG


RELATIVE HUMIDITY (PERCENT)
 HIGHEST    93           300 PM
 LOWEST     82           500 AM
 AVERAGE    88

..........................................................


THE TROUTDALE OR CLIMATE NORMALS FOR TODAY
                         NORMAL    RECORD    YEAR
 MAXIMUM TEMPERATURE (F)   59        79      1994
 MINIMUM TEMPERATURE (F)   40        29      1996


SUNRISE AND SUNSET
MARCH 27 2017.........SUNRISE   659 AM PDT   SUNSET   732 PM PDT
MARCH 28 2017.........SUNRISE   657 AM PDT   SUNSET   733 PM PDT


-  INDICATES NEGATIVE NUMBERS.
R  INDICATES RECORD WAS SET OR TIED.
MM INDICATES DATA IS MISSING.
T  INDICATES TRACE AMOUNT.




$$
