000
CDUS46 KPQR 211145
CLITTD


CLIMATE REPORT
NATIONAL WEATHER SERVICE PORTLAND OREGON
344 AM PST SUN JAN 21 2018


...................................

...THE TROUTDALE OR CLIMATE SUMMARY FOR JANUARY 20 2018...

CLIMATE NORMAL PERIOD 1981 TO 2010
CLIMATE RECORD PERIOD 1948 TO 2018


WEATHER ITEM   OBSERVED TIME   RECORD YEAR NORMAL DEPARTURE LAST
                VALUE   (LST)  VALUE       VALUE  FROM      YEAR
                                                  NORMAL
..................................................................
TEMPERATURE (F)
 YESTERDAY
  MAXIMUM         51    311 PM  55    1991  46      5       42
  MINIMUM         43    820 AM  13    1957  34      9       39
  AVERAGE         47                        40      7       41

PRECIPITATION (IN)
  YESTERDAY        0.01                      0.19  -0.18     0.10
  MONTH TO DATE    2.16                      4.24  -2.08     1.98
  SINCE OCT 1     16.50                     22.64  -6.14    23.07
  SINCE JAN 1      2.16                      4.24  -2.08     1.98

DEGREE DAYS
 HEATING
  YESTERDAY       18                        25     -7       24
  MONTH TO DATE  378                       517   -139      684

 COOLING
  YESTERDAY        0                         0      0        0
  MONTH TO DATE    0                         0      0        0
..................................................................


WIND (MPH)
  HIGHEST WIND SPEED    17   HIGHEST WIND DIRECTION     S (200)
  HIGHEST GUST SPEED    22   HIGHEST GUST DIRECTION    SW (220)
  AVERAGE WIND SPEED     7.2


SKY COVER
  POSSIBLE SUNSHINE  MM
  AVERAGE SKY COVER 0.8


WEATHER CONDITIONS
 THE FOLLOWING WEATHER WAS RECORDED YESTERDAY.
  LIGHT RAIN


RELATIVE HUMIDITY (PERCENT)
 HIGHEST    89           800 AM
 LOWEST     63           300 PM
 AVERAGE    76

..........................................................


THE TROUTDALE OR CLIMATE NORMALS FOR TODAY
                         NORMAL    RECORD    YEAR
 MAXIMUM TEMPERATURE (F)   47        58      2005
 MINIMUM TEMPERATURE (F)   34        14      1962


SUNRISE AND SUNSET
JANUARY 21 2018.......SUNRISE   742 AM PST   SUNSET   501 PM PST
JANUARY 22 2018.......SUNRISE   741 AM PST   SUNSET   502 PM PST


-  INDICATES NEGATIVE NUMBERS.
R  INDICATES RECORD WAS SET OR TIED.
MM INDICATES DATA IS MISSING.
T  INDICATES TRACE AMOUNT.




$$
