000
CDUS41 KPHI 210630
CLITTN


CLIMATE REPORT
NATIONAL WEATHER SERVICE MOUNT HOLLY NJ
229 AM EDT SUN SEP 21 2014


...................................

...THE TRENTON NJ CLIMATE SUMMARY FOR SEPTEMBER 20 2014...

CLIMATE NORMAL PERIOD 1981 TO 2010
CLIMATE RECORD PERIOD 1865 TO 2014


WEATHER ITEM   OBSERVED TIME   RECORD YEAR NORMAL DEPARTURE LAST
                VALUE   (LST)  VALUE       VALUE  FROM      YEAR
                                                  NORMAL
..................................................................
TEMPERATURE (F)
 YESTERDAY
  MAXIMUM         77    305 PM  94    1895  75      2       79
  MINIMUM         52    604 AM  37    1993  55     -3       50
  AVERAGE         65                        65      0       65

PRECIPITATION (IN)
  YESTERDAY        0.00          2.60 1989   0.16  -0.16     0.00
  MONTH TO DATE    0.71                      2.69  -1.98     0.56
  SINCE SEP 1      0.71                      2.69  -1.98     0.56
  SINCE JAN 1     32.17                     33.67  -1.50    32.91

SNOWFALL (IN)
  YESTERDAY       MM            MM      MM  MM     MM       MM
  MONTH TO DATE   MM                        MM     MM       MM
  SINCE SEP 1     MM                        MM     MM       MM
  SINCE JUL 1     MM                        MM     MM       MM
  SNOW DEPTH      MM

DEGREE DAYS
 HEATING
  YESTERDAY        0                         3     -3        0
  MONTH TO DATE   28                        19      9       47
  SINCE SEP 1     28                        19      9       47
  SINCE JUL 1     28                        22      6       47

 COOLING
  YESTERDAY        0                         2     -2        0
  MONTH TO DATE  110                        85     25       90
  SINCE SEP 1    110                        85     25       90
  SINCE JAN 1    893                       941    -48     1040
..................................................................


WIND (MPH)
  HIGHEST WIND SPEED    18   HIGHEST WIND DIRECTION     S (180)
  HIGHEST GUST SPEED    23   HIGHEST GUST DIRECTION     S (170)
  AVERAGE WIND SPEED     6.9


SKY COVER
  POSSIBLE SUNSHINE  MM
  AVERAGE SKY COVER 0.3


WEATHER CONDITIONS
 THE FOLLOWING WEATHER WAS RECORDED YESTERDAY.
  FOG


RELATIVE HUMIDITY (PERCENT)
 HIGHEST    96           300 AM
 LOWEST     47           200 PM
 AVERAGE    72

..........................................................


THE TRENTON NJ CLIMATE NORMALS FOR TODAY
                         NORMAL    RECORD    YEAR
 MAXIMUM TEMPERATURE (F)   74        96      1895
 MINIMUM TEMPERATURE (F)   54        40      1962
                                             1956


SUNRISE AND SUNSET
SEPTEMBER 21 2014.....SUNRISE   646 AM EDT   SUNSET   658 PM EDT
SEPTEMBER 22 2014.....SUNRISE   647 AM EDT   SUNSET   656 PM EDT


-  INDICATES NEGATIVE NUMBERS.
R  INDICATES RECORD WAS SET OR TIED.
MM INDICATES DATA IS MISSING.
T  INDICATES TRACE AMOUNT.




$$
