000
CDUS41 KPHI 300627
CLITTN


CLIMATE REPORT
NATIONAL WEATHER SERVICE MOUNT HOLLY NJ
227 AM EDT SUN APR 30 2017


...................................

...THE TRENTON NJ CLIMATE SUMMARY FOR APRIL 29 2017...

CLIMATE NORMAL PERIOD 1981 TO 2010
CLIMATE RECORD PERIOD 1865 TO 2017


WEATHER ITEM   OBSERVED TIME   RECORD YEAR NORMAL DEPARTURE LAST
                VALUE   (LST)  VALUE       VALUE  FROM      YEAR
                                                  NORMAL
..................................................................
TEMPERATURE (F)
 YESTERDAY
  MAXIMUM         85    256 PM  88    1974  66     19       53
                                      1888
  MINIMUM         64    552 AM  33    1992  45     19       44
  AVERAGE         75                        56     19       49

PRECIPITATION (IN)
  YESTERDAY        0.71          1.16 1958   0.09   0.62      T
  MONTH TO DATE    3.16                      3.45  -0.29     1.67
  SINCE MAR 1      7.77                      7.59   0.18     3.29
  SINCE JAN 1     12.51                     13.06  -0.55    10.49

DEGREE DAYS
 HEATING
  YESTERDAY        0                        10    -10       16
  MONTH TO DATE  255                       410   -155      392
  SINCE MAR 1   1043                      1142    -99      913
  SINCE JUL 1   4262                      4956   -694     4007

 COOLING
  YESTERDAY       10                         1      9        0
  MONTH TO DATE   31                         3     28        9
  SINCE MAR 1     31                         3     28       12
  SINCE JAN 1     31                         3     28       12
..................................................................


WIND (MPH)
  HIGHEST WIND SPEED    22   HIGHEST WIND DIRECTION     W (280)
  HIGHEST GUST SPEED    29   HIGHEST GUST DIRECTION    NW (300)
  AVERAGE WIND SPEED     6.8


SKY COVER
  POSSIBLE SUNSHINE  MM
  AVERAGE SKY COVER 0.2


WEATHER CONDITIONS
 THE FOLLOWING WEATHER WAS RECORDED YESTERDAY.
  THUNDERSTORM
  HEAVY RAIN
  RAIN
  LIGHT RAIN
  FOG


RELATIVE HUMIDITY (PERCENT)
 HIGHEST   100           600 AM
 LOWEST     43           300 PM
 AVERAGE    72

..........................................................


THE TRENTON NJ CLIMATE NORMALS FOR TODAY
                         NORMAL    RECORD    YEAR
 MAXIMUM TEMPERATURE (F)   67        90      1942
 MINIMUM TEMPERATURE (F)   46        34      1931
                                             1874


SUNRISE AND SUNSET
APRIL 30 2017.........SUNRISE   600 AM EDT   SUNSET   754 PM EDT
MAY  1 2017...........SUNRISE   558 AM EDT   SUNSET   755 PM EDT


-  INDICATES NEGATIVE NUMBERS.
R  INDICATES RECORD WAS SET OR TIED.
MM INDICATES DATA IS MISSING.
T  INDICATES TRACE AMOUNT.




$$
