000
CDUS41 KPHI 230630
CLITTN


CLIMATE REPORT
NATIONAL WEATHER SERVICE MOUNT HOLLY NJ
128 AM EST SUN NOV 23 2014


...................................

...THE TRENTON NJ CLIMATE SUMMARY FOR NOVEMBER 22 2014...

CLIMATE NORMAL PERIOD 1981 TO 2010
CLIMATE RECORD PERIOD 1865 TO 2014


WEATHER ITEM   OBSERVED TIME   RECORD YEAR NORMAL DEPARTURE LAST
                VALUE   (LST)  VALUE       VALUE  FROM      YEAR
                                                  NORMAL
..................................................................
TEMPERATURE (F)
 YESTERDAY
  MAXIMUM         43    935 PM  72    1931  52     -9       58
  MINIMUM         19    556 AM  15    1880  36    -17       48
  AVERAGE         31                        44    -13       53

PRECIPITATION (IN)
  YESTERDAY        0.00          1.73 2011   0.11  -0.11     0.02
  MONTH TO DATE    2.66                      2.31   0.35     0.62
  SINCE SEP 1      6.85                     10.76  -3.91     3.88
  SINCE JAN 1     38.31                     41.74  -3.43    36.23

SNOWFALL (IN)
  YESTERDAY       MM            MM      MM  MM     MM       MM
  MONTH TO DATE   MM                        MM     MM       MM
  SINCE SEP 1     MM                        MM     MM       MM
  SINCE JUL 1     MM                        MM     MM       MM
  SNOW DEPTH      MM

DEGREE DAYS
 HEATING
  YESTERDAY       34                        21     13       12
  MONTH TO DATE  493                       396     97      400
  SINCE SEP 1    785                       790     -5      746
  SINCE JUL 1    785                       793     -8      746

 COOLING
  YESTERDAY        0                         0      0        0
  MONTH TO DATE    0                         0      0        0
  SINCE SEP 1    147                       109     38      127
  SINCE JAN 1    930                       965    -35     1077
..................................................................


WIND (MPH)
  HIGHEST WIND SPEED    17   HIGHEST WIND DIRECTION    SW (230)
  HIGHEST GUST SPEED    26   HIGHEST GUST DIRECTION    SW (220)
  AVERAGE WIND SPEED     7.4


SKY COVER
  POSSIBLE SUNSHINE  MM
  AVERAGE SKY COVER 0.4


WEATHER CONDITIONS
 THE FOLLOWING WEATHER WAS RECORDED YESTERDAY.
  NO SIGNIFICANT WEATHER WAS OBSERVED.


RELATIVE HUMIDITY (PERCENT)
 HIGHEST    67           600 AM
 LOWEST     33           200 PM
 AVERAGE    50

..........................................................


THE TRENTON NJ CLIMATE NORMALS FOR TODAY
                         NORMAL    RECORD    YEAR
 MAXIMUM TEMPERATURE (F)   52        72      1931
 MINIMUM TEMPERATURE (F)   35        16      1880


SUNRISE AND SUNSET
NOVEMBER 23 2014......SUNRISE   654 AM EST   SUNSET   437 PM EST
NOVEMBER 24 2014......SUNRISE   655 AM EST   SUNSET   436 PM EST


-  INDICATES NEGATIVE NUMBERS.
R  INDICATES RECORD WAS SET OR TIED.
MM INDICATES DATA IS MISSING.
T  INDICATES TRACE AMOUNT.




$$
