000
CDUS41 KPHI 240545
CLITTN


CLIMATE REPORT
NATIONAL WEATHER SERVICE MOUNT HOLLY NJ
145 AM EDT TUE OCT 24 2017


...................................

...THE TRENTON NJ CLIMATE SUMMARY FOR OCTOBER 23 2017...

CLIMATE NORMAL PERIOD 1981 TO 2010
CLIMATE RECORD PERIOD 1865 TO 2017


WEATHER ITEM   OBSERVED TIME   RECORD YEAR NORMAL DEPARTURE LAST
                VALUE   (LST)  VALUE       VALUE  FROM      YEAR
                                                  NORMAL
..................................................................
TEMPERATURE (F)
 YESTERDAY
  MAXIMUM         74    306 PM  85    1947  63     11       65
  MINIMUM         57    147 AM  30    1997  42     15       43
  AVERAGE         66                        52     14       54

PRECIPITATION (IN)
  YESTERDAY        T             1.61 1893   0.15  -0.15     0.00
  MONTH TO DATE    1.40                      3.15  -1.75     1.14
  SINCE SEP 1      3.26                      7.42  -4.16     3.52
  SINCE JAN 1     34.43                     38.40  -3.97    28.32

DEGREE DAYS
 HEATING
  YESTERDAY        0                        13    -13       11
  MONTH TO DATE   83                       220   -137      144
  SINCE SEP 1    116                       282   -166      172
  SINCE JUL 1    117                       285   -168      172

 COOLING
  YESTERDAY        1                         0      1        0
  MONTH TO DATE   61                         7     54       28
  SINCE SEP 1    226                       106    120      229
  SINCE JAN 1   1146                       962    184     1380
..................................................................


WIND (MPH)
  HIGHEST WIND SPEED    18   HIGHEST WIND DIRECTION    SE (140)
  HIGHEST GUST SPEED    24   HIGHEST GUST DIRECTION     S (160)
  AVERAGE WIND SPEED     9.1


SKY COVER
  POSSIBLE SUNSHINE  MM
  AVERAGE SKY COVER 0.9


WEATHER CONDITIONS
 THE FOLLOWING WEATHER WAS RECORDED YESTERDAY.
  LIGHT RAIN
  FOG
  FOG W/VISIBILITY <= 1/4 MILE


RELATIVE HUMIDITY (PERCENT)
 HIGHEST   100           200 AM
 LOWEST     68          1100 AM
 AVERAGE    84

..........................................................


THE TRENTON NJ CLIMATE NORMALS FOR TODAY
                         NORMAL    RECORD    YEAR
 MAXIMUM TEMPERATURE (F)   62        82      2001
 MINIMUM TEMPERATURE (F)   42        29      2008
                                             1969


SUNRISE AND SUNSET
OCTOBER 24 2017.......SUNRISE   720 AM EDT   SUNSET   606 PM EDT
OCTOBER 25 2017.......SUNRISE   721 AM EDT   SUNSET   605 PM EDT


-  INDICATES NEGATIVE NUMBERS.
R  INDICATES RECORD WAS SET OR TIED.
MM INDICATES DATA IS MISSING.
T  INDICATES TRACE AMOUNT.




$$
