000
CDUS41 KPHI 172135
CLITTN


CLIMATE REPORT
NATIONAL WEATHER SERVICE MOUNT HOLLY NJ
435 PM EST WED JAN 17 2018


...................................

...THE TRENTON NJ CLIMATE SUMMARY FOR JANUARY 17 2018...
VALID TODAY AS OF 0400 PM LOCAL TIME.

CLIMATE NORMAL PERIOD 1981 TO 2010
CLIMATE RECORD PERIOD 1865 TO 2018


WEATHER ITEM   OBSERVED TIME   RECORD YEAR NORMAL DEPARTURE LAST
                VALUE   (LST)  VALUE       VALUE  FROM      YEAR
                                                  NORMAL
..................................................................
TEMPERATURE (F)
 TODAY
  MAXIMUM         35    143 AM  67    1870  39     -4       43
  MINIMUM         27    359 PM  -8    1982  23      4       38
  AVERAGE         31                        31      0       41

PRECIPITATION (IN)
  TODAY            0.05          1.30 1994   0.09  -0.04     0.45
  MONTH TO DATE    1.55                      1.80  -0.25     1.74
  SINCE DEC 1      3.14                      5.50  -2.36     4.39
  SINCE JAN 1      1.55                      1.80  -0.25     1.74

DEGREE DAYS
 HEATING
  TODAY           34                        34      0       24
  MONTH TO DATE  663                       577     86      520
  SINCE DEC 1   1630                      1496    134     1394
  SINCE JUL 1   2416                      2472    -56     2204

 COOLING
  TODAY            0                         0      0        0
  MONTH TO DATE    0                         0      0        0
  SINCE DEC 1      0                         0      0        0
  SINCE JAN 1      0                         0      0        0
..................................................................


WIND (MPH)
  HIGHEST WIND SPEED    15   HIGHEST WIND DIRECTION    NW (320)
  HIGHEST GUST SPEED    21   HIGHEST GUST DIRECTION    NW (300)
  AVERAGE WIND SPEED     6.8


SKY COVER
  POSSIBLE SUNSHINE  MM
  AVERAGE SKY COVER 0.9


WEATHER CONDITIONS
 THE FOLLOWING WEATHER WAS RECORDED TODAY.
  SNOW
  LIGHT SNOW
  FOG
  HAZE


RELATIVE HUMIDITY (PERCENT)
 HIGHEST   100           400 AM
 LOWEST     68           400 PM
 AVERAGE    84

..........................................................


THE TRENTON NJ CLIMATE NORMALS FOR TOMORROW
                         NORMAL    RECORD    YEAR
 MAXIMUM TEMPERATURE (F)   39        64      2006
                                             1990
                                             1986
 MINIMUM TEMPERATURE (F)   23        -4      1893


SUNRISE AND SUNSET
JANUARY 17 2018.......SUNRISE   719 AM EST   SUNSET   500 PM EST
JANUARY 18 2018.......SUNRISE   719 AM EST   SUNSET   501 PM EST


-  INDICATES NEGATIVE NUMBERS.
R  INDICATES RECORD WAS SET OR TIED.
MM INDICATES DATA IS MISSING.
T  INDICATES TRACE AMOUNT.




$$
