305
CDUS41 KPHI 200629
CLITTN


CLIMATE REPORT
NATIONAL WEATHER SERVICE MOUNT HOLLY NJ
127 AM EST MON FEB 20 2017


...................................

...THE TRENTON NJ CLIMATE SUMMARY FOR FEBRUARY 19 2017...

CLIMATE NORMAL PERIOD 1981 TO 2010
CLIMATE RECORD PERIOD 1865 TO 2017


WEATHER ITEM   OBSERVED TIME   RECORD YEAR NORMAL DEPARTURE LAST
                VALUE   (LST)  VALUE       VALUE  FROM      YEAR
                                                  NORMAL
..................................................................
TEMPERATURE (F)
 YESTERDAY
  MAXIMUM         69R   349 PM  68    1948  43     26       38
  MINIMUM         45   1022 PM   2    1903  26     19       19
                                      1936
  AVERAGE         57                        35     22       29

PRECIPITATION (IN)
  YESTERDAY        0.00          1.60 1898   0.09  -0.09     0.00
  MONTH TO DATE    0.99                      1.49  -0.50     2.00
  SINCE DEC 1      7.01                      8.35  -1.34     9.70
  SINCE JAN 1      4.36                      4.65  -0.29     5.29

DEGREE DAYS
 HEATING
  YESTERDAY        8                        30    -22       36
  MONTH TO DATE  517                       605    -88      620
  SINCE DEC 1   2269                      2575   -306     2143
  SINCE JUL 1   3079                      3551   -472     2889

 COOLING
  YESTERDAY        0                         0      0        0
  MONTH TO DATE    0                         0      0        0
  SINCE DEC 1      0                         0      0        2
  SINCE JAN 1      0                         0      0        0
..................................................................


WIND (MPH)
  HIGHEST WIND SPEED    16   HIGHEST WIND DIRECTION    NW (310)
  HIGHEST GUST SPEED    21   HIGHEST GUST DIRECTION     W (260)
  AVERAGE WIND SPEED     6.6


SKY COVER
  POSSIBLE SUNSHINE  MM
  AVERAGE SKY COVER 0.4


WEATHER CONDITIONS
 THE FOLLOWING WEATHER WAS RECORDED YESTERDAY.
  NO SIGNIFICANT WEATHER WAS OBSERVED.


RELATIVE HUMIDITY (PERCENT)
 HIGHEST    60          1100 PM
 LOWEST     26           300 PM
 AVERAGE    43

..........................................................


THE TRENTON NJ CLIMATE NORMALS FOR TODAY
                         NORMAL    RECORD    YEAR
 MAXIMUM TEMPERATURE (F)   43        70      1930
 MINIMUM TEMPERATURE (F)   27         0      2015


SUNRISE AND SUNSET
FEBRUARY 20 2017......SUNRISE   646 AM EST   SUNSET   541 PM EST
FEBRUARY 21 2017......SUNRISE   644 AM EST   SUNSET   542 PM EST


-  INDICATES NEGATIVE NUMBERS.
R  INDICATES RECORD WAS SET OR TIED.
MM INDICATES DATA IS MISSING.
T  INDICATES TRACE AMOUNT.




$$
