000
CDUS41 KPHI 190632
CLITTN


CLIMATE REPORT
NATIONAL WEATHER SERVICE MOUNT HOLLY NJ
231 AM EDT SAT APR 19 2014


...................................

...THE TRENTON NJ CLIMATE SUMMARY FOR APRIL 18 2014...

CLIMATE NORMAL PERIOD 1981 TO 2010
CLIMATE RECORD PERIOD 1865 TO 2014


WEATHER ITEM   OBSERVED TIME   RECORD YEAR NORMAL DEPARTURE LAST
                VALUE   (LST)  VALUE       VALUE  FROM      YEAR
                                                  NORMAL
..................................................................
TEMPERATURE (F)
 YESTERDAY
  MAXIMUM         52    410 PM  93    1976  62    -10       61
  MINIMUM         37    450 AM  29    1875  42     -5       49
  AVERAGE         45                        52     -7       55

PRECIPITATION (IN)
  YESTERDAY        0.00          1.94 1924   0.12  -0.12     0.02
  MONTH TO DATE    1.40                      2.31  -0.91     1.62
  SINCE MAR 1      4.73                      6.45  -1.72     4.21
  SINCE JAN 1     12.39                     11.92   0.47     8.83

SNOWFALL (IN)
  YESTERDAY       MM            MM      MM  MM     MM       MM
  MONTH TO DATE   MM                        MM     MM       MM
  SINCE MAR 1     MM                        MM     MM       MM
  SINCE JUL 1     MM                        MM     MM       MM
  SNOW DEPTH      MM

DEGREE DAYS
 HEATING
  YESTERDAY       20                        13      7       10
  MONTH TO DATE  254                       285    -31      241
  SINCE MAR 1   1127                      1017    110     1026
  SINCE JUL 1   5213                      4831    382     4627

 COOLING
  YESTERDAY        0                         0      0        0
  MONTH TO DATE    6                         0      6       14
  SINCE MAR 1      6                         0      6       14
  SINCE JAN 1      6                         0      6       14
..................................................................


WIND (MPH)
  HIGHEST WIND SPEED    13   HIGHEST WIND DIRECTION     E (80)
  HIGHEST GUST SPEED    19   HIGHEST GUST DIRECTION    NE (50)
  AVERAGE WIND SPEED     4.8


SKY COVER
  POSSIBLE SUNSHINE  MM
  AVERAGE SKY COVER 0.4


WEATHER CONDITIONS
 THE FOLLOWING WEATHER WAS RECORDED YESTERDAY.
  NO SIGNIFICANT WEATHER WAS OBSERVED.


RELATIVE HUMIDITY (PERCENT)
 HIGHEST    79          1100 PM
 LOWEST     41           400 PM
 AVERAGE    60

..........................................................


THE TRENTON NJ CLIMATE NORMALS FOR TODAY
                         NORMAL    RECORD    YEAR
 MAXIMUM TEMPERATURE (F)   63        90      1976
 MINIMUM TEMPERATURE (F)   42        25      1875


SUNRISE AND SUNSET
APRIL 19 2014.........SUNRISE   615 AM EDT   SUNSET   742 PM EDT
APRIL 20 2014.........SUNRISE   614 AM EDT   SUNSET   743 PM EDT


-  INDICATES NEGATIVE NUMBERS.
R  INDICATES RECORD WAS SET OR TIED.
MM INDICATES DATA IS MISSING.
T  INDICATES TRACE AMOUNT.




$$
