000
CDUS44 KTSA 232135
CLITUL

CLIMATE REPORT
NATIONAL WEATHER SERVICE TULSA OK
418 PM CDT WED AUG 23 2017


...................................

...THE TULSA OKLAHOMA CLIMATE SUMMARY FOR AUGUST 23 2017...
VALID TODAY AS OF 0400 PM LOCAL TIME.

CLIMATE NORMAL PERIOD 1981 TO 2010
CLIMATE RECORD PERIOD 1882 TO 2017


WEATHER ITEM   OBSERVED TIME   RECORD YEAR NORMAL DEPARTURE LAST
                VALUE   (LST)  VALUE       VALUE  FROM      YEAR
                                                  NORMAL
..................................................................
TEMPERATURE (F)
 TODAY
  MAXIMUM         86    238 PM 108    1936  92     -6       89
  MINIMUM         67    624 AM  51    1920  70     -3       75
  AVERAGE         77                        81     -4       82

PRECIPITATION (IN)
  TODAY            T             1.32 1930   0.09  -0.09     0.04
  MONTH TO DATE    6.07                      2.06   4.01     2.19
  SINCE JUN 1     11.07                     10.14   0.93     6.72
  SINCE JAN 1     35.00                     26.64   8.36    20.58

DEGREE DAYS
 COOLING
  TODAY           12                        16     -4       17
  MONTH TO DATE  342                       411    -69      413
  SINCE JUN 1   1328                      1345    -17     1583
  SINCE JAN 1   1615                      1579     36     1787
..................................................................


WIND (MPH)
  HIGHEST WIND SPEED    14   HIGHEST WIND DIRECTION    NE (40)
  HIGHEST GUST SPEED    18   HIGHEST GUST DIRECTION    NE (50)
  AVERAGE WIND SPEED     8.3


SKY COVER
  POSSIBLE SUNSHINE  MM
  AVERAGE SKY COVER 0.6


WEATHER CONDITIONS
 THE FOLLOWING WEATHER WAS RECORDED TODAY.
  NO SIGNIFICANT WEATHER WAS OBSERVED.


RELATIVE HUMIDITY (PERCENT)
 HIGHEST    93           600 AM
 LOWEST     43           300 PM
 AVERAGE    68

..........................................................


THE TULSA OKLAHOMA CLIMATE NORMALS FOR TOMORROW
                         NORMAL    RECORD    YEAR
 MAXIMUM TEMPERATURE (F)   92       108      2011
 MINIMUM TEMPERATURE (F)   70        53      1920


SUNRISE AND SUNSET
AUGUST 23 2017........SUNRISE   648 AM CDT   SUNSET   803 PM CDT
AUGUST 24 2017........SUNRISE   649 AM CDT   SUNSET   802 PM CDT


-  INDICATES NEGATIVE NUMBERS.
R  INDICATES RECORD WAS SET OR TIED.
MM INDICATES DATA IS MISSING.
T  INDICATES TRACE AMOUNT.




$$

&&
...........................................................

TULSA RECORD LOW MAX AND HIGH MIN TEMPERATURES FOR TOMORROW
                      RECORD        YEAR
  LOW MAXIMUM           69          1911
  HIGH MINIMUM          80          *1983
...........................................................
ALL DATA MEASURED AT THE TULSA INTERNATIONAL AIRPORT...
EXCEPT SNOWFALL...WHICH IS MEASURED AT THE NWS OFFICE.
