000
CDUS44 KTSA 260648
CLITUL

CLIMATE REPORT
NATIONAL WEATHER SERVICE TULSA OK
147 AM CDT FRI AUG 26 2016


...................................

...THE TULSA OKLAHOMA CLIMATE SUMMARY FOR AUGUST 25 2016...

CLIMATE NORMAL PERIOD 1981 TO 2010
CLIMATE RECORD PERIOD 1882 TO 2016


WEATHER ITEM   OBSERVED TIME   RECORD YEAR NORMAL DEPARTURE LAST
                VALUE   (LST)  VALUE       VALUE  FROM      YEAR
                                                  NORMAL
..................................................................
TEMPERATURE (F)
 YESTERDAY
  MAXIMUM         97    313 PM 105    1978  92      5       87
  MINIMUM         72    601 AM  56    2015  70      2       56
  AVERAGE         85                        81      4       72

PRECIPITATION (IN)
  YESTERDAY        T             2.05 1946   0.10  -0.10     0.00
  MONTH TO DATE    2.19                      2.26  -0.07     4.72
  SINCE JUN 1      6.72                     10.34  -3.62    16.21
  SINCE JAN 1     20.58                     26.84  -6.26    41.11

DEGREE DAYS
 COOLING
  YESTERDAY       20                        16      4        7
  MONTH TO DATE  457                       443     14      380
  SINCE JUN 1   1627                      1377    250     1463
  SINCE JAN 1   1831                      1611    220     1668
..................................................................


WIND (MPH)
  HIGHEST WIND SPEED    17   HIGHEST WIND DIRECTION     S (180)
  HIGHEST GUST SPEED    22   HIGHEST GUST DIRECTION    NW (310)
  AVERAGE WIND SPEED     8.4


SKY COVER
  POSSIBLE SUNSHINE  MM
  AVERAGE SKY COVER 0.6


WEATHER CONDITIONS
 THE FOLLOWING WEATHER WAS RECORDED YESTERDAY.
  THUNDERSTORM
  LIGHT RAIN


RELATIVE HUMIDITY (PERCENT)
 HIGHEST    93           600 AM
 LOWEST     42           200 PM
 AVERAGE    68

..........................................................


THE TULSA OKLAHOMA CLIMATE NORMALS FOR TODAY
                         NORMAL    RECORD    YEAR
 MAXIMUM TEMPERATURE (F)   92       109      1999
 MINIMUM TEMPERATURE (F)   70        52      1910


SUNRISE AND SUNSET
AUGUST 26 2016........SUNRISE   651 AM CDT   SUNSET   759 PM CDT
AUGUST 27 2016........SUNRISE   652 AM CDT   SUNSET   758 PM CDT


-  INDICATES NEGATIVE NUMBERS.
R  INDICATES RECORD WAS SET OR TIED.
MM INDICATES DATA IS MISSING.
T  INDICATES TRACE AMOUNT.




$$

&&
...........................................................

THE TULSA PRECIPITATION NORMALS FOR TODAY
                       NORMAL    RECORD      YEAR
  TODAY                 0.10      1.91       1987
  MONTH TO DATE         2.36
  YEAR TO DATE         26.94
...........................................................
ALL DATA MEASURED AT THE TULSA INTERNATIONAL AIRPORT...
EXCEPT SNOWFALL...WHICH IS MEASURED AT THE NWS OFFICE.
