000
CDUS44 KTSA 270723
CLITUL

CLIMATE REPORT
NATIONAL WEATHER SERVICE TULSA OK
221 AM CDT TUE JUN 27 2017


...................................

...THE TULSA OKLAHOMA CLIMATE SUMMARY FOR JUNE 26 2017...

CLIMATE NORMAL PERIOD 1981 TO 2010
CLIMATE RECORD PERIOD 1882 TO 2017


WEATHER ITEM   OBSERVED TIME   RECORD YEAR NORMAL DEPARTURE LAST
                VALUE   (LST)  VALUE       VALUE  FROM      YEAR
                                                  NORMAL
..................................................................
TEMPERATURE (F)
 YESTERDAY
  MAXIMUM         89    415 PM 105    1918  90     -1       97
  MINIMUM         66    258 AM  53    1974  70     -4       74
                                      1958
  AVERAGE         78                        80     -2       86

PRECIPITATION (IN)
  YESTERDAY        0.00          2.80 1896   0.13  -0.13     0.07
  MONTH TO DATE    1.62                      4.19  -2.57     0.72
  SINCE JUN 1      1.62                      4.19  -2.57     0.72
  SINCE JAN 1     25.55                     20.69   4.86    14.58

DEGREE DAYS
 COOLING
  YESTERDAY       13                        15     -2       21
  MONTH TO DATE  338                       315     23      456
  SINCE JUN 1    338                       315     23      456
  SINCE JAN 1    625                       549     76      660
..................................................................


WIND (MPH)
  HIGHEST WIND SPEED    15   HIGHEST WIND DIRECTION     S (190)
  HIGHEST GUST SPEED    20   HIGHEST GUST DIRECTION     S (200)
  AVERAGE WIND SPEED     6.9


SKY COVER
  POSSIBLE SUNSHINE  MM
  AVERAGE SKY COVER 0.6


WEATHER CONDITIONS
 THE FOLLOWING WEATHER WAS RECORDED YESTERDAY.
  NO SIGNIFICANT WEATHER WAS OBSERVED.


RELATIVE HUMIDITY (PERCENT)
 HIGHEST    87           300 AM
 LOWEST     34           300 PM
 AVERAGE    61

..........................................................


THE TULSA OKLAHOMA CLIMATE NORMALS FOR TODAY
                         NORMAL    RECORD    YEAR
 MAXIMUM TEMPERATURE (F)   91       106      2011
 MINIMUM TEMPERATURE (F)   71        53      1968


SUNRISE AND SUNSET
JUNE 27 2017..........SUNRISE   608 AM CDT   SUNSET   845 PM CDT
JUNE 28 2017..........SUNRISE   609 AM CDT   SUNSET   845 PM CDT


-  INDICATES NEGATIVE NUMBERS.
R  INDICATES RECORD WAS SET OR TIED.
MM INDICATES DATA IS MISSING.
T  INDICATES TRACE AMOUNT.




$$

&&
...........................................................

THE TULSA PRECIPITATION NORMALS FOR TODAY
                       NORMAL    RECORD      YEAR
  TODAY                 0.13      2.62       2007
  MONTH TO DATE         4.32
  YEAR TO DATE         20.82
...........................................................
ALL DATA MEASURED AT THE TULSA INTERNATIONAL AIRPORT...
EXCEPT SNOWFALL...WHICH IS MEASURED AT THE NWS OFFICE.
