000
CDUS44 KTSA 290648
CLITUL

CLIMATE REPORT
NATIONAL WEATHER SERVICE TULSA OK
147 AM CDT TUE JUL 29 2014


...................................

...THE TULSA OKLAHOMA CLIMATE SUMMARY FOR JULY 28 2014...

CLIMATE NORMAL PERIOD 1981 TO 2010
CLIMATE RECORD PERIOD 1882 TO 2014


WEATHER ITEM   OBSERVED TIME   RECORD YEAR NORMAL DEPARTURE LAST
                VALUE   (LST)  VALUE       VALUE  FROM      YEAR
                                                  NORMAL
..................................................................
TEMPERATURE (F)
 YESTERDAY
  MAXIMUM         90    409 PM 109    1936  94     -4       86
  MINIMUM         65    544 AM  58    2005  73     -8       67
  AVERAGE         78                        84     -6       77

PRECIPITATION (IN)
  YESTERDAY        0.00          2.72 1976   0.09  -0.09     0.00
  MONTH TO DATE    2.48                      3.08  -0.60     3.70
  SINCE JUN 1      7.15                      7.80  -0.65     5.39
  SINCE JAN 1     15.60                     24.30  -8.70    19.27

DEGREE DAYS
 COOLING
  YESTERDAY       13                        19     -6       12
  MONTH TO DATE  390                       499   -109      461
  SINCE JUN 1    793                       878    -85      892
  SINCE JAN 1   1064                      1112    -48     1084
..................................................................


WIND (MPH)
  HIGHEST WIND SPEED    17   HIGHEST WIND DIRECTION     N (360)
  HIGHEST GUST SPEED    21   HIGHEST GUST DIRECTION    NW (330)
  AVERAGE WIND SPEED     6.5


SKY COVER
  POSSIBLE SUNSHINE  MM
  AVERAGE SKY COVER 0.6


WEATHER CONDITIONS
 THE FOLLOWING WEATHER WAS RECORDED YESTERDAY.
  NO SIGNIFICANT WEATHER WAS OBSERVED.


RELATIVE HUMIDITY (PERCENT)
 HIGHEST    93          1200 AM
 LOWEST     34           400 PM
 AVERAGE    64

..........................................................


THE TULSA OKLAHOMA CLIMATE NORMALS FOR TODAY
                         NORMAL    RECORD    YEAR
 MAXIMUM TEMPERATURE (F)   94       110      1986
 MINIMUM TEMPERATURE (F)   73        60      2005
                                             1969


SUNRISE AND SUNSET
JULY 29 2014..........SUNRISE   628 AM CDT   SUNSET   831 PM CDT
JULY 30 2014..........SUNRISE   629 AM CDT   SUNSET   831 PM CDT


-  INDICATES NEGATIVE NUMBERS.
R  INDICATES RECORD WAS SET OR TIED.
MM INDICATES DATA IS MISSING.
T  INDICATES TRACE AMOUNT.




$$

&&
...........................................................

THE TULSA PRECIPITATION NORMALS FOR TODAY
                       NORMAL    RECORD      YEAR
  TODAY                 0.09      1.64       2000
  MONTH TO DATE         3.17
  YEAR TO DATE         24.39
...........................................................
ALL DATA MEASURED AT THE TULSA INTERNATIONAL AIRPORT...
EXCEPT SNOWFALL...WHICH IS MEASURED AT THE NWS OFFICE.
