000
CDUS44 KTSA 182244
CLITUL

CLIMATE REPORT
NATIONAL WEATHER SERVICE TULSA OK
427 PM CST WED JAN 18 2017


...................................

...THE TULSA OKLAHOMA CLIMATE SUMMARY FOR JANUARY 18 2017...
VALID TODAY AS OF 0400 PM LOCAL TIME.

CLIMATE NORMAL PERIOD 1981 TO 2010
CLIMATE RECORD PERIOD 1882 TO 2017


WEATHER ITEM   OBSERVED TIME   RECORD YEAR NORMAL DEPARTURE LAST
                VALUE   (LST)  VALUE       VALUE  FROM      YEAR
                                                  NORMAL
..................................................................
TEMPERATURE (F)
 TODAY
  MAXIMUM         53    259 PM  72    2015  48      5       34
                                      1951
  MINIMUM         34    729 AM -14    1930  27      7       18
  AVERAGE         44                        38      6       26

PRECIPITATION (IN)
  TODAY            0.00          1.50 1898   0.06  -0.06     0.00
  MONTH TO DATE    1.75                      0.94   0.81     0.58
  SINCE DEC 1      2.19                      3.43  -1.24     9.18
  SINCE JAN 1      1.75                      0.94   0.81     0.58

SNOWFALL (IN)
  TODAY            0.0                                       0.0
  MONTH TO DATE    0.2                                       2.5
  SINCE DEC 1      0.7                                       3.0
  SINCE JUL 1      0.7                                       3.0

DEGREE DAYS
 HEATING
  TODAY           21                        27     -6       39
  MONTH TO DATE  474                       501    -27      526
  SINCE DEC 1   1258                      1293    -35     1087
  SINCE JUL 1   1597                      1929   -332     1562
..................................................................


WIND (MPH)
  HIGHEST WIND SPEED    10   HIGHEST WIND DIRECTION     S (160)
  HIGHEST GUST SPEED    13   HIGHEST GUST DIRECTION     S (160)
  AVERAGE WIND SPEED     4.4


SKY COVER
  POSSIBLE SUNSHINE  MM
  AVERAGE SKY COVER 0.8


WEATHER CONDITIONS
 THE FOLLOWING WEATHER WAS RECORDED TODAY.
  FOG


RELATIVE HUMIDITY (PERCENT)
 HIGHEST   100           400 AM
 LOWEST     63          1200 PM
 AVERAGE    82

..........................................................


THE TULSA OKLAHOMA CLIMATE NORMALS FOR TOMORROW
                         NORMAL    RECORD    YEAR
 MAXIMUM TEMPERATURE (F)   48        75      1951
 MINIMUM TEMPERATURE (F)   27        -5      1943


SUNRISE AND SUNSET
JANUARY 18 2017.......SUNRISE   733 AM CST   SUNSET   536 PM CST
JANUARY 19 2017.......SUNRISE   732 AM CST   SUNSET   537 PM CST


-  INDICATES NEGATIVE NUMBERS.
R  INDICATES RECORD WAS SET OR TIED.
MM INDICATES DATA IS MISSING.
T  INDICATES TRACE AMOUNT.




$$

&&
...........................................................

TULSA RECORD LOW MAX AND HIGH MIN TEMPERATURES FOR TOMORROW
                      RECORD        YEAR
  LOW MAXIMUM           14          *1970
  HIGH MINIMUM          48          1954
...........................................................
ALL DATA MEASURED AT THE TULSA INTERNATIONAL AIRPORT...
EXCEPT SNOWFALL...WHICH IS MEASURED AT THE NWS OFFICE.
