000
CDUS44 KTSA 260657
CLITUL

CLIMATE REPORT
NATIONAL WEATHER SERVICE TULSA OK
147 AM CDT MON SEP 26 2016


...................................

...THE TULSA OKLAHOMA CLIMATE SUMMARY FOR SEPTEMBER 25 2016...

CLIMATE NORMAL PERIOD 1981 TO 2010
CLIMATE RECORD PERIOD 1882 TO 2016


WEATHER ITEM   OBSERVED TIME   RECORD YEAR NORMAL DEPARTURE LAST
                VALUE   (LST)  VALUE       VALUE  FROM      YEAR
                                                  NORMAL
..................................................................
TEMPERATURE (F)
 YESTERDAY
  MAXIMUM         77   1149 AM  99    1939  80     -3       88
  MINIMUM         62   1054 PM  42    2001  58      4       62
  AVERAGE         70                        69      1       75

PRECIPITATION (IN)
  YESTERDAY        0.68          2.07 1959   0.14   0.54     0.00
  MONTH TO DATE    2.31                      3.58  -1.27     2.93
  SINCE SEP 1      2.31                      3.58  -1.27     2.93
  SINCE JAN 1     23.01                     31.06  -8.05    44.48

DEGREE DAYS
 HEATING
  YESTERDAY        0                         2     -2        0
  MONTH TO DATE    0                        12    -12        0
  SINCE SEP 1      0                        12    -12        0
  SINCE JUL 1      0                        12    -12        0

 COOLING
  YESTERDAY        5                         6     -1       10
  MONTH TO DATE  361                       239    122      315
  SINCE SEP 1    361                       239    122      315
  SINCE JAN 1   2301                      1940    361     2054
..................................................................


WIND (MPH)
  HIGHEST WIND SPEED    22   HIGHEST WIND DIRECTION     N (350)
  HIGHEST GUST SPEED    27   HIGHEST GUST DIRECTION     N (340)
  AVERAGE WIND SPEED     8.1


SKY COVER
  POSSIBLE SUNSHINE  MM
  AVERAGE SKY COVER 0.9


WEATHER CONDITIONS
 THE FOLLOWING WEATHER WAS RECORDED YESTERDAY.
  HEAVY RAIN
  RAIN
  LIGHT RAIN
  FOG


RELATIVE HUMIDITY (PERCENT)
 HIGHEST   100           200 PM
 LOWEST     79          1200 AM
 AVERAGE    90

..........................................................


THE TULSA OKLAHOMA CLIMATE NORMALS FOR TODAY
                         NORMAL    RECORD    YEAR
 MAXIMUM TEMPERATURE (F)   80        96      1938
                                             1920
                                             1905
 MINIMUM TEMPERATURE (F)   58        37      1912


SUNRISE AND SUNSET
SEPTEMBER 26 2016.....SUNRISE   715 AM CDT   SUNSET   714 PM CDT
SEPTEMBER 27 2016.....SUNRISE   716 AM CDT   SUNSET   712 PM CDT


-  INDICATES NEGATIVE NUMBERS.
R  INDICATES RECORD WAS SET OR TIED.
MM INDICATES DATA IS MISSING.
T  INDICATES TRACE AMOUNT.




$$

&&
...........................................................

THE TULSA PRECIPITATION NORMALS FOR TODAY
                       NORMAL    RECORD      YEAR
  TODAY                 0.15      2.37       1996
  MONTH TO DATE         3.73
  YEAR TO DATE         31.21
...........................................................
ALL DATA MEASURED AT THE TULSA INTERNATIONAL AIRPORT...
EXCEPT SNOWFALL...WHICH IS MEASURED AT THE NWS OFFICE.
