000
CDUS44 KTSA 300712
CLITUL

CLIMATE REPORT
NATIONAL WEATHER SERVICE TULSA OK
211 AM CDT SUN APR 30 2017


...................................

...THE TULSA OKLAHOMA CLIMATE SUMMARY FOR APRIL 29 2017...

CLIMATE NORMAL PERIOD 1981 TO 2010
CLIMATE RECORD PERIOD 1882 TO 2017


WEATHER ITEM   OBSERVED TIME   RECORD YEAR NORMAL DEPARTURE LAST
                VALUE   (LST)  VALUE       VALUE  FROM      YEAR
                                                  NORMAL
..................................................................
TEMPERATURE (F)
 YESTERDAY
  MAXIMUM         65    413 AM  92    1987  75    -10       75
  MINIMUM         53   1237 PM  38    1969  54     -1       56
  AVERAGE         59                        65     -6       66

PRECIPITATION (IN)
  YESTERDAY        2.81R         1.99 1994   0.16   2.65     0.61
  MONTH TO DATE   10.43                      3.62   6.81     5.89
  SINCE MAR 1     12.20                      6.91   5.29     8.75
  SINCE JAN 1     16.80                     10.42   6.38     9.95

SNOWFALL (IN)
  YESTERDAY        0.0                                       0.0
  MONTH TO DATE    T                                         0.0
  SINCE MAR 1      T                                         0.0
  SINCE JUL 1      0.7                                       3.0

DEGREE DAYS
 HEATING
  YESTERDAY        6                         3      3        0
  MONTH TO DATE  114                       184    -70       81
  SINCE MAR 1    408                       622   -214      348
  SINCE JUL 1   2629                      3533   -904     2680

 COOLING
  YESTERDAY        0                         3     -3        1
  MONTH TO DATE   64                        50     14       39
  SINCE MAR 1    104                        61     43       48
  SINCE JAN 1    120                        62     58       54
..................................................................


WIND (MPH)
  HIGHEST WIND SPEED    43   HIGHEST WIND DIRECTION     W (280)
  HIGHEST GUST SPEED    52   HIGHEST GUST DIRECTION     W (290)
  AVERAGE WIND SPEED    11.4


SKY COVER
  POSSIBLE SUNSHINE  MM
  AVERAGE SKY COVER 0.9


WEATHER CONDITIONS
 THE FOLLOWING WEATHER WAS RECORDED YESTERDAY.
  THUNDERSTORM
  HEAVY RAIN
  RAIN
  LIGHT RAIN
  FOG


RELATIVE HUMIDITY (PERCENT)
 HIGHEST   100           800 AM
 LOWEST     93           300 AM
 AVERAGE    97

..........................................................


THE TULSA OKLAHOMA CLIMATE NORMALS FOR TODAY
                         NORMAL    RECORD    YEAR
 MAXIMUM TEMPERATURE (F)   76        91      1987
                                             1959
 MINIMUM TEMPERATURE (F)   54        35      1908


SUNRISE AND SUNSET
APRIL 30 2017.........SUNRISE   631 AM CDT   SUNSET   811 PM CDT
MAY  1 2017...........SUNRISE   630 AM CDT   SUNSET   811 PM CDT


-  INDICATES NEGATIVE NUMBERS.
R  INDICATES RECORD WAS SET OR TIED.
MM INDICATES DATA IS MISSING.
T  INDICATES TRACE AMOUNT.




$$

&&
...........................................................

THE TULSA PRECIPITATION NORMALS FOR TODAY
                       NORMAL    RECORD      YEAR
  TODAY                 0.17      3.00       1970
  MONTH TO DATE         3.79
  YEAR TO DATE         10.59
...........................................................
ALL DATA MEASURED AT THE TULSA INTERNATIONAL AIRPORT...
EXCEPT SNOWFALL...WHICH IS MEASURED AT THE NWS OFFICE.
