801
CDUS44 KTSA 042130
CLITUL

CLIMATE REPORT
NATIONAL WEATHER SERVICE TULSA OK
418 PM CDT WED MAY 4 2016


...................................

...THE TULSA OKLAHOMA CLIMATE SUMMARY FOR MAY 4 2016...
VALID TODAY AS OF 0400 PM LOCAL TIME.

CLIMATE NORMAL PERIOD 1981 TO 2010
CLIMATE RECORD PERIOD 1882 TO 2016


WEATHER ITEM   OBSERVED TIME   RECORD YEAR NORMAL DEPARTURE LAST
                VALUE   (LST)  VALUE       VALUE  FROM      YEAR
                                                  NORMAL
..................................................................
TEMPERATURE (F)
 TODAY
  MAXIMUM         78    259 PM  96    1920  77      1       83
  MINIMUM         53    547 AM  36    1954  56     -3       63
                                      1907
  AVERAGE         66                        66      0       73

PRECIPITATION (IN)
  TODAY            0.00          3.70 1898   0.19  -0.19     0.00
  MONTH TO DATE    T                         0.73  -0.73     0.00
  SINCE MAR 1      8.75                      7.81   0.94     7.81
  SINCE JAN 1      9.95                     11.32  -1.37    10.13

DEGREE DAYS
 COOLING
  TODAY            1                         3     -2        8
  MONTH TO DATE    1                        12    -11       18
  SINCE MAR 1     49                        76    -27       92
  SINCE JAN 1     55                        77    -22       92
..................................................................


WIND (MPH)
  HIGHEST WIND SPEED    23   HIGHEST WIND DIRECTION     N (350)
  HIGHEST GUST SPEED    30   HIGHEST GUST DIRECTION    NW (330)
  AVERAGE WIND SPEED    11.0


SKY COVER
  POSSIBLE SUNSHINE  MM
  AVERAGE SKY COVER 0.0


WEATHER CONDITIONS
 THE FOLLOWING WEATHER WAS RECORDED TODAY.
  NO SIGNIFICANT WEATHER WAS OBSERVED.


RELATIVE HUMIDITY (PERCENT)
 HIGHEST    83           500 AM
 LOWEST     23           300 PM
 AVERAGE    53

..........................................................


THE TULSA OKLAHOMA CLIMATE NORMALS FOR TOMORROW
                         NORMAL    RECORD    YEAR
 MAXIMUM TEMPERATURE (F)   77        92      2014
                                             1952
 MINIMUM TEMPERATURE (F)   56        36      1907


SUNRISE AND SUNSET
MAY  4 2016...........SUNRISE   627 AM CDT   SUNSET   814 PM CDT
MAY  5 2016...........SUNRISE   626 AM CDT   SUNSET   815 PM CDT


-  INDICATES NEGATIVE NUMBERS.
R  INDICATES RECORD WAS SET OR TIED.
MM INDICATES DATA IS MISSING.
T  INDICATES TRACE AMOUNT.




$$

&&
...........................................................

TULSA RECORD LOW MAX AND HIGH MIN TEMPERATURES FOR TOMORROW
                      RECORD        YEAR
  LOW MAXIMUM           51          1935
  HIGH MINIMUM          71          1964
...........................................................
ALL DATA MEASURED AT THE TULSA INTERNATIONAL AIRPORT...
EXCEPT SNOWFALL...WHICH IS MEASURED AT THE NWS OFFICE.
