000
CDUS44 KTSA 011517
CLITUL

CLIMATE REPORT
NATIONAL WEATHER SERVICE TULSA OK
912 AM CST SUN MAR 1 2015


...................................

...THE TULSA OKLAHOMA CLIMATE SUMMARY FOR MARCH 1 2015...
VALID AS OF 0900 AM LOCAL TIME.

CLIMATE NORMAL PERIOD 1981 TO 2010
CLIMATE RECORD PERIOD 1882 TO 2015


WEATHER ITEM   OBSERVED TIME   RECORD YEAR NORMAL DEPARTURE LAST
                VALUE   (LST)  VALUE       VALUE  FROM      YEAR
                                                  NORMAL
..................................................................
TEMPERATURE (F)
 TODAY
  MAXIMUM         28    759 AM  93    2006  58    -30       50
  MINIMUM         28    759 AM   9    1962  36     -8       23
  AVERAGE         28                        46    -18       37

PRECIPITATION (IN)
  TODAY            0.00          1.63 1973   0.09  -0.09      T
  MONTH TO DATE    0.00                      0.09  -0.09      T
  SINCE MAR 1      0.00                      0.09  -0.09      T
  SINCE JAN 1      2.32                      3.60  -1.28     0.45

SNOWFALL (IN)
  TODAY            0.0                                       0.0
  MONTH TO DATE    0.0                                       0.0
  SINCE MAR 1      0.0                                       0.0
  SINCE JUL 1      9.6                                      10.0

DEGREE DAYS
 HEATING
  TODAY           37                        19     18       28
  MONTH TO DATE   37                        19     18       28
  SINCE MAR 1     37                        19     18       28
  SINCE JUL 1   3052                      2930    122     3329
..................................................................


WIND (MPH)
  HIGHEST WIND SPEED     8   HIGHEST WIND DIRECTION     N (10)
  HIGHEST GUST SPEED     9   HIGHEST GUST DIRECTION     N (350)
  AVERAGE WIND SPEED     4.3


SKY COVER
  POSSIBLE SUNSHINE  MM
  AVERAGE SKY COVER 1.0


WEATHER CONDITIONS
 THE FOLLOWING WEATHER WAS RECORDED TODAY.
  FOG


RELATIVE HUMIDITY (PERCENT)
 HIGHEST    92          1200 AM
 LOWEST     92          1200 AM
 AVERAGE    92

..........................................................


THE TULSA OKLAHOMA CLIMATE NORMALS FOR TOMORROW
                         NORMAL    RECORD    YEAR
 MAXIMUM TEMPERATURE (F)   58        84      1976
 MINIMUM TEMPERATURE (F)   36         7      2014
                                             1943


SUNRISE AND SUNSET
MARCH  1 2015.........SUNRISE   654 AM CST   SUNSET   618 PM CST
MARCH  2 2015.........SUNRISE   653 AM CST   SUNSET   619 PM CST


-  INDICATES NEGATIVE NUMBERS.
R  INDICATES RECORD WAS SET OR TIED.
MM INDICATES DATA IS MISSING.
T  INDICATES TRACE AMOUNT.




$$

&&
...........................................................

HOURLY TEMPERATURE DATA
 YESTERDAY
11AM NOON  1PM  2PM  3PM  4PM  5PM  6PM  7PM  8PM  9PM 10PM 11PM
  25   25   26   26   26   27   27   28   28   28   28   28   28

 TODAY
 MID  1AM  2AM  3AM  4AM  5AM  6AM  7AM  8AM  9AM
  28   28   28   28   28   28   28   28   28   29
...........................................................
ALL DATA MEASURED AT THE TULSA INTERNATIONAL AIRPORT...
EXCEPT SNOWFALL...WHICH IS MEASURED AT THE NWS OFFICE.
