000
CDUS44 KMEG 250639
CLITUP


CLIMATE REPORT
NATIONAL WEATHER SERVICE MEMPHIS TN
138 AM CDT SAT MAR 25 2017


...................................

...THE TUPELO CLIMATE SUMMARY FOR MARCH 24 2017...

CLIMATE NORMAL PERIOD 1981 TO 2010
CLIMATE RECORD PERIOD 1930 TO 2017


WEATHER ITEM   OBSERVED TIME   RECORD YEAR NORMAL DEPARTURE LAST
                VALUE   (LST)  VALUE       VALUE  FROM      YEAR
                                                  NORMAL
..................................................................
TEMPERATURE (F)
 YESTERDAY
  MAXIMUM         75    315 PM  85    2007  68      7       67
                                      1935
  MINIMUM         65    717 AM  24    1968  44     21       48
  AVERAGE         70                        56     14       58

PRECIPITATION (IN)
  YESTERDAY        0.00          1.18 1937   0.14  -0.14     0.54
  MONTH TO DATE    2.09                      3.78  -1.69     4.42
  SINCE MAR 1      2.09                      3.78  -1.69     4.42
  SINCE JAN 1     10.56                     13.22  -2.66    11.59

SNOWFALL (IN)
  YESTERDAY        0.0           T    1940   0.0    0.0      0.0
  MONTH TO DATE    T                         0.3   -0.3      0.0
  SINCE MAR 1      T                         0.3   -0.3      0.0
  SINCE JUL 1      T                         2.1   -2.1       T
  SNOW DEPTH       0

DEGREE DAYS
 HEATING
  YESTERDAY        0                         9     -9        7
  MONTH TO DATE  285                       295    -10      184
  SINCE MAR 1    285                       295    -10      184
  SINCE JUL 1   1903                      2726   -823     2121

 COOLING
  YESTERDAY        5                         1      4        0
  MONTH TO DATE   15                         2     13       22
  SINCE MAR 1     15                         2     13       22
  SINCE JAN 1     27                         4     23       22
..................................................................


WIND (MPH)
  HIGHEST WIND SPEED    24   HIGHEST WIND DIRECTION    SE (140)
  HIGHEST GUST SPEED    32   HIGHEST GUST DIRECTION    SE (120)
  AVERAGE WIND SPEED    16.1


SKY COVER
  POSSIBLE SUNSHINE  MM
  AVERAGE SKY COVER 0.6


WEATHER CONDITIONS
 THE FOLLOWING WEATHER WAS RECORDED YESTERDAY.
  NO SIGNIFICANT WEATHER WAS OBSERVED.


RELATIVE HUMIDITY (PERCENT)
 HIGHEST    73           400 AM
 LOWEST     53           300 PM
 AVERAGE    63

..........................................................


THE TUPELO CLIMATE NORMALS FOR TODAY
                         NORMAL    RECORD    YEAR
 MAXIMUM TEMPERATURE (F)   68        86      2007
 MINIMUM TEMPERATURE (F)   45        23      1983


SUNRISE AND SUNSET
MARCH 25 2017.........SUNRISE   652 AM CDT   SUNSET   711 PM CDT
MARCH 26 2017.........SUNRISE   650 AM CDT   SUNSET   712 PM CDT


-  INDICATES NEGATIVE NUMBERS.
R  INDICATES RECORD WAS SET OR TIED.
MM INDICATES DATA IS MISSING.
T  INDICATES TRACE AMOUNT.




$$
