000
CDUS44 KMEG 280639
CLITUP


CLIMATE REPORT
NATIONAL WEATHER SERVICE MEMPHIS TN
138 AM CDT THU MAY 28 2015


...................................

...THE TUPELO CLIMATE SUMMARY FOR MAY 27 2015...

CLIMATE NORMAL PERIOD 1981 TO 2010
CLIMATE RECORD PERIOD 1930 TO 2015


WEATHER ITEM   OBSERVED TIME   RECORD YEAR NORMAL DEPARTURE LAST
                VALUE   (LST)  VALUE       VALUE  FROM      YEAR
                                                  NORMAL
..................................................................
TEMPERATURE (F)
 YESTERDAY
  MAXIMUM         82   1138 AM  95    2012  85     -3       86
                                      1964
  MINIMUM         66   1147 PM  42    1961  63      3       68
  AVERAGE         74                        74      0       77

PRECIPITATION (IN)
  YESTERDAY        1.12          1.38 1997   0.16   0.96     0.57
  MONTH TO DATE    6.76                      4.90   1.86     3.45
  SINCE MAR 1     20.92                     14.50   6.42    13.13
  SINCE JAN 1     30.08                     23.94   6.14    19.22

SNOWFALL (IN)
  YESTERDAY        0.0          MM      MM   0.0    0.0      0.0
  MONTH TO DATE    0.0                       0.0    0.0      0.0
  SINCE MAR 1      0.1                       0.3   -0.2       T
  SINCE JUL 1      7.4                       2.1    5.3      0.5
  SNOW DEPTH       0

DEGREE DAYS
 HEATING
  YESTERDAY        0                         0      0        0
  MONTH TO DATE   21                        23     -2       30
  SINCE MAR 1    435                       524    -89      635
  SINCE JUL 1   3153                      2955    198     3465

 COOLING
  YESTERDAY        9                         9      0       12
  MONTH TO DATE  190                       163     27      188
  SINCE MAR 1    266                       237     29      230
  SINCE JAN 1    266                       239     27      230
..................................................................


WIND (MPH)
  HIGHEST WIND SPEED    18   HIGHEST WIND DIRECTION    NW (330)
  HIGHEST GUST SPEED    28   HIGHEST GUST DIRECTION    NW (330)
  AVERAGE WIND SPEED     5.8


SKY COVER
  POSSIBLE SUNSHINE  MM
  AVERAGE SKY COVER 0.5


WEATHER CONDITIONS
 THE FOLLOWING WEATHER WAS RECORDED YESTERDAY.
  THUNDERSTORM
  HEAVY RAIN
  RAIN
  LIGHT RAIN
  FOG


RELATIVE HUMIDITY (PERCENT)
 HIGHEST    97           600 AM
 LOWEST     67          1200 PM
 AVERAGE    82

..........................................................


THE TUPELO CLIMATE NORMALS FOR TODAY
                         NORMAL    RECORD    YEAR
 MAXIMUM TEMPERATURE (F)   85        95      1962
                                             1941
 MINIMUM TEMPERATURE (F)   63        47      1961


SUNRISE AND SUNSET
MAY 28 2015...........SUNRISE   546 AM CDT   SUNSET   759 PM CDT
MAY 29 2015...........SUNRISE   545 AM CDT   SUNSET   800 PM CDT


-  INDICATES NEGATIVE NUMBERS.
R  INDICATES RECORD WAS SET OR TIED.
MM INDICATES DATA IS MISSING.
T  INDICATES TRACE AMOUNT.




$$
