000
CDUS44 KMEG 012146
CLITUP


CLIMATE REPORT
NATIONAL WEATHER SERVICE MEMPHIS TN
445 PM CDT FRI AUG 1 2014


...................................

...THE TUPELO CLIMATE SUMMARY FOR AUGUST 1 2014...
VALID TODAY AS OF 0400 PM LOCAL TIME.

CLIMATE NORMAL PERIOD 1981 TO 2010
CLIMATE RECORD PERIOD 1930 TO 2014


WEATHER ITEM   OBSERVED TIME   RECORD YEAR NORMAL DEPARTURE LAST
                VALUE   (LST)  VALUE       VALUE  FROM      YEAR
                                                  NORMAL
..................................................................
TEMPERATURE (F)
 TODAY
  MAXIMUM         88    232 PM 104    1935  92     -4       90
  MINIMUM         68    545 AM  61    1936  71     -3       71
  AVERAGE         78                        82     -4       81

PRECIPITATION (IN)
  TODAY            0.00          1.19 1975   0.13  -0.13     0.09
  MONTH TO DATE    0.00                      0.13  -0.13     0.09
  SINCE JUN 1     14.40                      8.55   5.85     5.07
  SINCE JAN 1     34.57                     33.15   1.42    33.50

SNOWFALL (IN)
  TODAY            0.0

DEGREE DAYS
 HEATING
  TODAY            0                         0      0        0
  MONTH TO DATE    0                         0      0        0
  SINCE JUN 1      0                         0      0        0
  SINCE JUL 1      0                         0      0        0

 COOLING
  TODAY           13                        17     -4       16
  MONTH TO DATE   13                        17     -4       16
  SINCE JUN 1    798                       922   -124      893
  SINCE JAN 1   1072                      1199   -127     1139
..................................................................


WIND (MPH)
  HIGHEST WIND SPEED    10   HIGHEST WIND DIRECTION     E (90)
  HIGHEST GUST SPEED    14   HIGHEST GUST DIRECTION     E (80)
  AVERAGE WIND SPEED     5.5


SKY COVER
  POSSIBLE SUNSHINE  MM
  AVERAGE SKY COVER 0.2


WEATHER CONDITIONS
 THE FOLLOWING WEATHER WAS RECORDED TODAY.
  FOG
  HAZE


RELATIVE HUMIDITY (PERCENT)
 HIGHEST    90          1200 AM
 LOWEST     42           200 PM
 AVERAGE    66

..........................................................


THE TUPELO CLIMATE NORMALS FOR TOMORROW
                         NORMAL    RECORD    YEAR
 MAXIMUM TEMPERATURE (F)   92       102      2011
 MINIMUM TEMPERATURE (F)   71        57      1930


SUNRISE AND SUNSET
AUGUST  1 2014........SUNRISE   606 AM CDT   SUNSET   756 PM CDT
AUGUST  2 2014........SUNRISE   607 AM CDT   SUNSET   755 PM CDT


-  INDICATES NEGATIVE NUMBERS.
R  INDICATES RECORD WAS SET OR TIED.
MM INDICATES DATA IS MISSING.
T  INDICATES TRACE AMOUNT.




$$
