000
CDUS44 KMEG 282157
CLITUP


CLIMATE REPORT
NATIONAL WEATHER SERVICE MEMPHIS TN
455 PM CDT SAT MAY 28 2016


...................................

...THE TUPELO CLIMATE SUMMARY FOR MAY 28 2016...
VALID TODAY AS OF 0400 PM LOCAL TIME.

CLIMATE NORMAL PERIOD 1981 TO 2010
CLIMATE RECORD PERIOD 1930 TO 2016


WEATHER ITEM   OBSERVED TIME   RECORD YEAR NORMAL DEPARTURE LAST
                VALUE   (LST)  VALUE       VALUE  FROM      YEAR
                                                  NORMAL
..................................................................
TEMPERATURE (F)
 TODAY
  MAXIMUM         89    130 PM  95    1962  85      4       82
                                      1941
  MINIMUM         70    535 AM  47    1961  63      7       65
  AVERAGE         80                        74      6       74

PRECIPITATION (IN)
  TODAY            T             2.37 1978   0.17  -0.17     0.00
  MONTH TO DATE    0.90                      5.07  -4.17     6.76
  SINCE MAR 1     14.64                     14.67  -0.03    20.92
  SINCE JAN 1     21.81                     24.11  -2.30    30.08

SNOWFALL (IN)
  TODAY            0.0

DEGREE DAYS
 HEATING
  TODAY            0                         0      0        0
  MONTH TO DATE   21                        23     -2       21
  SINCE MAR 1    345                       524   -179      435
  SINCE JUL 1   2282                      2955   -673     3153

 COOLING
  TODAY           15                         9      6        9
  MONTH TO DATE  153                       172    -19      199
  SINCE MAR 1    243                       246     -3      275
  SINCE JAN 1    243                       248     -5      275
..................................................................


WIND (MPH)
  HIGHEST WIND SPEED    17   HIGHEST WIND DIRECTION     S (160)
  HIGHEST GUST SPEED    22   HIGHEST GUST DIRECTION     S (170)
  AVERAGE WIND SPEED     8.8


SKY COVER
  POSSIBLE SUNSHINE  MM
  AVERAGE SKY COVER 0.1


WEATHER CONDITIONS
 THE FOLLOWING WEATHER WAS RECORDED TODAY.
  NO SIGNIFICANT WEATHER WAS OBSERVED.


RELATIVE HUMIDITY (PERCENT)
 HIGHEST    79           400 AM
 LOWEST     42           100 PM
 AVERAGE    61

..........................................................


THE TUPELO CLIMATE NORMALS FOR TOMORROW
                         NORMAL    RECORD    YEAR
 MAXIMUM TEMPERATURE (F)   85        96      1941
                                             1937
 MINIMUM TEMPERATURE (F)   63        44      1971


SUNRISE AND SUNSET
MAY 28 2016...........SUNRISE   545 AM CDT   SUNSET   800 PM CDT
MAY 29 2016...........SUNRISE   545 AM CDT   SUNSET   800 PM CDT


-  INDICATES NEGATIVE NUMBERS.
R  INDICATES RECORD WAS SET OR TIED.
MM INDICATES DATA IS MISSING.
T  INDICATES TRACE AMOUNT.




$$
