000
CDUS44 KMEG 210635
CLITUP


CLIMATE REPORT
NATIONAL WEATHER SERVICE MEMPHIS TN
134 AM CDT MON APR 21 2014


...................................

...THE TUPELO CLIMATE SUMMARY FOR APRIL 20 2014...

CLIMATE NORMAL PERIOD 1981 TO 2010
CLIMATE RECORD PERIOD 1930 TO 2014


WEATHER ITEM   OBSERVED TIME   RECORD YEAR NORMAL DEPARTURE LAST
                VALUE   (LST)  VALUE       VALUE  FROM      YEAR
                                                  NORMAL
..................................................................
TEMPERATURE (F)
 YESTERDAY
  MAXIMUM         79    437 PM  91    1987  75      4       68
  MINIMUM         47    516 AM  29    1983  52     -5       37
  AVERAGE         63                        63      0       53

PRECIPITATION (IN)
  YESTERDAY        0.00          3.66 1995   0.16  -0.16     0.00
  MONTH TO DATE    4.86                      3.08   1.78     4.49
  SINCE MAR 1      7.94                      7.90   0.04     8.82
  SINCE JAN 1     14.03                     17.34  -3.31    21.25

SNOWFALL (IN)
  YESTERDAY        0.0          MM      MM   0.0    0.0      0.0
  MONTH TO DATE    0.0                       0.0    0.0      0.0
  SINCE MAR 1      T                         0.3   -0.3       T
  SINCE JUL 1      0.5                       2.1   -1.6       T
  SNOW DEPTH       0

DEGREE DAYS
 HEATING
  YESTERDAY        2                         4     -2       12
  MONTH TO DATE  136                       117     19      121
  SINCE MAR 1    596                       472    124      636
  SINCE JUL 1   3426                      2903    523     2862

 COOLING
  YESTERDAY        0                         2     -2        0
  MONTH TO DATE   21                        31    -10       48
  SINCE MAR 1     21                        45    -24       49
  SINCE JAN 1     21                        47    -26       55
..................................................................


WIND (MPH)
  HIGHEST WIND SPEED    17   HIGHEST WIND DIRECTION     S (190)
  HIGHEST GUST SPEED    25   HIGHEST GUST DIRECTION     S (160)
  AVERAGE WIND SPEED     3.4


SKY COVER
  POSSIBLE SUNSHINE  MM
  AVERAGE SKY COVER 0.0


WEATHER CONDITIONS
 THE FOLLOWING WEATHER WAS RECORDED YESTERDAY.
  FOG


RELATIVE HUMIDITY (PERCENT)
 HIGHEST    93           500 AM
 LOWEST     30           400 PM
 AVERAGE    62

..........................................................


THE TUPELO CLIMATE NORMALS FOR TODAY
                         NORMAL    RECORD    YEAR
 MAXIMUM TEMPERATURE (F)   76        93      1987
 MINIMUM TEMPERATURE (F)   52        31      1983


SUNRISE AND SUNSET
APRIL 21 2014.........SUNRISE   617 AM CDT   SUNSET   731 PM CDT
APRIL 22 2014.........SUNRISE   615 AM CDT   SUNSET   732 PM CDT


-  INDICATES NEGATIVE NUMBERS.
R  INDICATES RECORD WAS SET OR TIED.
MM INDICATES DATA IS MISSING.
T  INDICATES TRACE AMOUNT.




$$
