000
CDUS44 KMEG 190637
CLITUP


CLIMATE REPORT
NATIONAL WEATHER SERVICE MEMPHIS TN
137 AM CDT FRI SEP 19 2014


...................................

...THE TUPELO CLIMATE SUMMARY FOR SEPTEMBER 18 2014...

CLIMATE NORMAL PERIOD 1981 TO 2010
CLIMATE RECORD PERIOD 1930 TO 2014


WEATHER ITEM   OBSERVED TIME   RECORD YEAR NORMAL DEPARTURE LAST
                VALUE   (LST)  VALUE       VALUE  FROM      YEAR
                                                  NORMAL
..................................................................
TEMPERATURE (F)
 YESTERDAY
  MAXIMUM         85    402 PM  97    1953  85      0       83
                                      1936
                                      1933
  MINIMUM         66    542 AM  46    1981  62      4       71
  AVERAGE         76                        73      3       77

PRECIPITATION (IN)
  YESTERDAY        1.09          1.24 1966   0.11   0.98     0.00
  MONTH TO DATE    2.54                      1.91   0.63      T
  SINCE SEP 1      2.54                      1.91   0.63      T
  SINCE JAN 1     38.47                     38.38   0.09    37.28

SNOWFALL (IN)
  YESTERDAY        0.0          MM      MM   0.0    0.0      0.0
  MONTH TO DATE    0.0                       0.0    0.0      0.0
  SINCE SEP 1      0.0                       0.0    0.0      0.0
  SINCE JUL 1      0.0                       0.0    0.0      0.0
  SNOW DEPTH       0

DEGREE DAYS
 HEATING
  YESTERDAY        0                         0      0        0
  MONTH TO DATE    1                         0      1        0
  SINCE SEP 1      1                         0      1        0
  SINCE JUL 1      1                         0      1        0

 COOLING
  YESTERDAY       11                         9      2       12
  MONTH TO DATE  234                       206     28      247
  SINCE SEP 1    234                       206     28      247
  SINCE JAN 1   1781                      1878    -97     1842
..................................................................


WIND (MPH)
  HIGHEST WIND SPEED    16   HIGHEST WIND DIRECTION    NE (60)
  HIGHEST GUST SPEED    23   HIGHEST GUST DIRECTION     W (290)
  AVERAGE WIND SPEED     4.4


SKY COVER
  POSSIBLE SUNSHINE  MM
  AVERAGE SKY COVER 0.3


WEATHER CONDITIONS
 THE FOLLOWING WEATHER WAS RECORDED YESTERDAY.
  THUNDERSTORM
  HEAVY RAIN
  RAIN
  LIGHT RAIN
  FOG


RELATIVE HUMIDITY (PERCENT)
 HIGHEST    93           300 AM
 LOWEST     47           100 PM
 AVERAGE    70

..........................................................


THE TUPELO CLIMATE NORMALS FOR TODAY
                         NORMAL    RECORD    YEAR
 MAXIMUM TEMPERATURE (F)   85        98      1954
                                             1936
                                             1933
 MINIMUM TEMPERATURE (F)   62        39      1981


SUNRISE AND SUNSET
SEPTEMBER 19 2014.....SUNRISE   641 AM CDT   SUNSET   656 PM CDT
SEPTEMBER 20 2014.....SUNRISE   642 AM CDT   SUNSET   655 PM CDT


-  INDICATES NEGATIVE NUMBERS.
R  INDICATES RECORD WAS SET OR TIED.
MM INDICATES DATA IS MISSING.
T  INDICATES TRACE AMOUNT.




$$
