000
CDUS45 KTWC 020732
CLITUS


CLIMATE REPORT
NATIONAL WEATHER SERVICE TUCSON AZ
1231 AM MST SUN AUG 2 2015


...................................

...THE TUCSON AZ CLIMATE SUMMARY FOR AUGUST 1 2015...

CLIMATE NORMAL PERIOD 1981 TO 2010
CLIMATE RECORD PERIOD 1895 TO 2015


WEATHER ITEM   OBSERVED TIME   RECORD YEAR NORMAL DEPARTURE LAST
                VALUE   (LST)  VALUE       VALUE  FROM      YEAR
                                                  NORMAL
..................................................................
TEMPERATURE (F)
 YESTERDAY
  MAXIMUM         99    256 PM 112    1993  98      1       93
  MINIMUM         74    626 AM  64    1935  74      0       72
  AVERAGE         87                        86      1       83

PRECIPITATION (IN)
  YESTERDAY        0.34          2.88 1935   0.09   0.25     0.43
  MONTH TO DATE    0.34                      0.09   0.25     0.43
  SINCE OCT 1     10.18                      8.00   2.18     5.52
  SINCE JAN 1      6.68                      5.61   1.07     2.47

DEGREE DAYS
 HEATING
  YESTERDAY        0                         0      0        0
  MONTH TO DATE    0                         0      0        0
  SINCE JUN 1      0                         0      0        0
  SINCE JUL 1      0                         0      0        0

 COOLING
  YESTERDAY       22                        21      1       18
  MONTH TO DATE   22                        21      1       18
  SINCE JUN 1   1436                      1298    138     1473
  SINCE JAN 1   1950                      1800    150     2076
..................................................................


WIND (MPH)
  HIGHEST WIND SPEED    30   HIGHEST WIND DIRECTION     N (350)
  HIGHEST GUST SPEED    44   HIGHEST GUST DIRECTION     N (360)
  AVERAGE WIND SPEED     8.6


SKY COVER
  POSSIBLE SUNSHINE  MM
  AVERAGE SKY COVER 0.2


WEATHER CONDITIONS
 THE FOLLOWING WEATHER WAS RECORDED YESTERDAY.
  THUNDERSTORM
  HEAVY RAIN
  RAIN
  LIGHT RAIN


RELATIVE HUMIDITY (PERCENT)
 HIGHEST    73
 LOWEST     26
 AVERAGE    50

..........................................................


THE TUCSON AZ CLIMATE NORMALS FOR TODAY
                         NORMAL    RECORD    YEAR
 MAXIMUM TEMPERATURE (F)   97       110      1918
 MINIMUM TEMPERATURE (F)   74        59      1917


SUNRISE AND SUNSET
AUGUST  2 2015........SUNRISE   539 AM MST   SUNSET   720 PM MST
AUGUST  3 2015........SUNRISE   540 AM MST   SUNSET   719 PM MST


-  INDICATES NEGATIVE NUMBERS.
R  INDICATES RECORD WAS SET OR TIED.
MM INDICATES DATA IS MISSING.
T  INDICATES TRACE AMOUNT.




$$
