000
CDUS45 KTWC 180737
CLITUS

CLIMATE REPORT
NATIONAL WEATHER SERVICE TUCSON AZ
1234 AM MST THU SEP 18 2014

...................................

...THE TUCSON AZ CLIMATE SUMMARY FOR SEPTEMBER 17 2014...

CLIMATE NORMAL PERIOD 1981 TO 2010
CLIMATE RECORD PERIOD 1895 TO 2014


WEATHER ITEM   OBSERVED TIME   RECORD YEAR NORMAL DEPARTURE LAST
                VALUE   (LST)  VALUE       VALUE  FROM      YEAR
                                                  NORMAL
..................................................................
TEMPERATURE (F)
 YESTERDAY
  MAXIMUM         82    325 PM 105    1956  95    -13      102
  MINIMUM         73    311 AM  52    1915  69      4       81
                                      1906
                                      1899
  AVERAGE         78                        82     -4       92

PRECIPITATION (IN)
  YESTERDAY        0.11          1.33 1991   0.04   0.07     0.00
  MONTH TO DATE    2.70                      0.82   1.88     0.63
  SINCE OCT 1      9.68                     11.12  -1.44     6.69
  SINCE JAN 1      6.63                      8.73  -2.10     5.48

DEGREE DAYS
 HEATING
  YESTERDAY        0                         0      0        0
  MONTH TO DATE    0                         0      0        0
  SINCE SEP 1      0                         0      0        0
  SINCE JUL 1      0                         0      0        0

 COOLING
  YESTERDAY       13                        17     -4       27
  MONTH TO DATE  318                       314      4      347
  SINCE SEP 1    318                       314      4      347
  SINCE JAN 1   3009                      2724    285     3221
..................................................................


WIND (MPH)
  HIGHEST WIND SPEED    22   HIGHEST WIND DIRECTION    SE (130)
  HIGHEST GUST SPEED    25   HIGHEST GUST DIRECTION    SE (140)
  AVERAGE WIND SPEED     8.9


SKY COVER
  POSSIBLE SUNSHINE  MM
  AVERAGE SKY COVER  MM


WEATHER CONDITIONS
THE FOLLOWING WEATHER WAS RECORDED YESTERDAY.
  LIGHT RAIN


RELATIVE HUMIDITY (PERCENT)
 HIGHEST    87
 LOWEST     57
 AVERAGE    72

..........................................................


THE TUCSON AZ CLIMATE NORMALS FOR TODAY
                         NORMAL    RECORD    YEAR
 MAXIMUM TEMPERATURE (F)   94       105      2010
                                             1956
 MINIMUM TEMPERATURE (F)   68        53      1906


SUNRISE AND SUNSET
SEPTEMBER 18 2014.....SUNRISE   609 AM MST   SUNSET   626 PM MST
SEPTEMBER 19 2014.....SUNRISE   610 AM MST   SUNSET   624 PM MST


-  INDICATES NEGATIVE NUMBERS.
R  INDICATES RECORD WAS SET OR TIED.
MM INDICATES DATA IS MISSING.
T  INDICATES TRACE AMOUNT.

$$
