000
CDUS45 KTWC 270742
CLITUS

CLIMATE REPORT
NATIONAL WEATHER SERVICE TUCSON AZ
1241 AM MST MON MAR 27 2017


...................................

...THE TUCSON AZ CLIMATE SUMMARY FOR MARCH 26 2017...

CLIMATE NORMAL PERIOD 1981 TO 2010
CLIMATE RECORD PERIOD 1895 TO 2017


WEATHER ITEM   OBSERVED TIME   RECORD YEAR NORMAL DEPARTURE LAST
                VALUE   (LST)  VALUE       VALUE  FROM      YEAR
                                                  NORMAL
..................................................................
TEMPERATURE (F)
 YESTERDAY
  MAXIMUM         79    416 PM  99    1988  77      2       84
  MINIMUM         51    656 AM  26    1913  48      3       51
  AVERAGE         65                        62      3       68

PRECIPITATION (IN)
  YESTERDAY        0.00          0.62 1989   0.03  -0.03     0.00
  MONTH TO DATE    0.00                      0.64  -0.64     0.11
  SINCE OCT 1      3.06                      4.83  -1.77     4.70
  SINCE JAN 1      1.38                      2.44  -1.06     1.82

DEGREE DAYS
 HEATING
  YESTERDAY        0                         4     -4        0
  MONTH TO DATE   37                       159   -122       43
  SINCE MAR 1     37                       159   -122       43
  SINCE JUL 1    918                      1426   -508     1171

 COOLING
  YESTERDAY        0                         1     -1        3
  MONTH TO DATE  137                        18    119       71
  SINCE MAR 1    137                        18    119       71
  SINCE JAN 1    146                        22    124      105
..................................................................


WIND (MPH)
  HIGHEST WIND SPEED    13   HIGHEST WIND DIRECTION     N (340)
  HIGHEST GUST SPEED    19   HIGHEST GUST DIRECTION     W (290)
  AVERAGE WIND SPEED     5.1


SKY COVER
  POSSIBLE SUNSHINE  MM
  AVERAGE SKY COVER 0.0


WEATHER CONDITIONS
 THE FOLLOWING WEATHER WAS RECORDED YESTERDAY.
  NO SIGNIFICANT WEATHER WAS OBSERVED.


RELATIVE HUMIDITY (PERCENT)
 HIGHEST    38
 LOWEST     12
 AVERAGE    25

..........................................................


THE TUCSON AZ CLIMATE NORMALS FOR TODAY
                         NORMAL    RECORD    YEAR
 MAXIMUM TEMPERATURE (F)   77        94      1988
 MINIMUM TEMPERATURE (F)   48        28      1913


SUNRISE AND SUNSET
MARCH 27 2017.........SUNRISE   618 AM MST   SUNSET   640 PM MST
MARCH 28 2017.........SUNRISE   617 AM MST   SUNSET   641 PM MST


-  INDICATES NEGATIVE NUMBERS.
R  INDICATES RECORD WAS SET OR TIED.
MM INDICATES DATA IS MISSING.
T  INDICATES TRACE AMOUNT.




$$
