000
CDUS45 KTWC 230732
CLITUS

CLIMATE REPORT
NATIONAL WEATHER SERVICE TUCSON AZ
1232 AM MST FRI FEB 23 2018


...................................

...THE TUCSON AZ CLIMATE SUMMARY FOR FEBRUARY 22 2018...

CLIMATE NORMAL PERIOD 1981 TO 2010
CLIMATE RECORD PERIOD 1895 TO 2018


WEATHER ITEM   OBSERVED TIME   RECORD YEAR NORMAL DEPARTURE LAST
                VALUE   (LST)  VALUE       VALUE  FROM      YEAR
                                                  NORMAL
..................................................................
TEMPERATURE (F)
 YESTERDAY
  MAXIMUM         58    519 PM  85    1991  70    -12       80
  MINIMUM         37    641 AM  20    1955  43     -6       50
  AVERAGE         48                        56     -8       65

PRECIPITATION (IN)
  YESTERDAY        0.00          0.74 1941   0.03  -0.03     0.00
  MONTH TO DATE    1.76                      0.69   1.07     0.17
  SINCE OCT 1      2.37                      4.02  -1.65     3.03
  SINCE JAN 1      1.78                      1.63   0.15     1.35

DEGREE DAYS
 HEATING
  YESTERDAY       17                         9      8        0
  MONTH TO DATE  116                       223   -107       95
  SINCE DEC 1    538                      1011   -473      728
  SINCE JUL 1    542                      1217   -675      822

 COOLING
  YESTERDAY        0                         0      0        0
  MONTH TO DATE    0                         0      0        9
  SINCE DEC 1     13                         1     12       12
  SINCE JAN 1      4                         1      3        9
..................................................................


WIND (MPH)
  HIGHEST WIND SPEED     9   HIGHEST WIND DIRECTION     W (280)
  HIGHEST GUST SPEED    14   HIGHEST GUST DIRECTION    SW (230)
  AVERAGE WIND SPEED     3.8


SKY COVER
  POSSIBLE SUNSHINE  MM
  AVERAGE SKY COVER  MM


WEATHER CONDITIONS
 THE FOLLOWING WEATHER WAS RECORDED YESTERDAY.
  NO SIGNIFICANT WEATHER WAS OBSERVED.


RELATIVE HUMIDITY (PERCENT)
 HIGHEST    MM
 LOWEST     MM
 AVERAGE    MM

..........................................................


THE TUCSON AZ CLIMATE NORMALS FOR TODAY
                         NORMAL    RECORD    YEAR
 MAXIMUM TEMPERATURE (F)   70        91      2009
 MINIMUM TEMPERATURE (F)   43        25      1975
                                             1955


SUNRISE AND SUNSET
FEBRUARY 23 2018......SUNRISE   658 AM MST   SUNSET   617 PM MST
FEBRUARY 24 2018......SUNRISE   657 AM MST   SUNSET   618 PM MST


-  INDICATES NEGATIVE NUMBERS.
R  INDICATES RECORD WAS SET OR TIED.
MM INDICATES DATA IS MISSING.
T  INDICATES TRACE AMOUNT.




$$
