000
CDUS45 KTWC 071429
CLITUS

CLIMATE REPORT
NATIONAL WEATHER SERVICE TUCSON AZ
730 AM MST TUE JUL 7 2015

...................................

...THE TUCSON AZ CLIMATE SUMMARY FOR JULY 7 2015...
VALID AS OF 0700 AM LOCAL TIME.

CLIMATE NORMAL PERIOD 1981 TO 2010
CLIMATE RECORD PERIOD 1895 TO 2015


WEATHER ITEM   OBSERVED TIME   RECORD YEAR NORMAL DEPARTURE LAST
                VALUE   (LST)  VALUE       VALUE  FROM      YEAR
                                                  NORMAL
..................................................................
TEMPERATURE (F)
 TODAY
  MINIMUM         76    438 AM  58    1938  74      2       77

PRECIPITATION (IN)
  TODAY            0.00          1.47 1974   0.05  -0.05     0.05
  MONTH TO DATE    T                         0.29  -0.29     0.30
  SINCE OCT 1      7.76                      5.95   1.81     3.96
  SINCE JAN 1      4.26                      3.56   0.70     0.91

DEGREE DAYS
 HEATING
  TODAY            0                         0      0        0

 COOLING
  TODAY           14                        23     -9       22
..................................................................


WIND (MPH)
  HIGHEST WIND SPEED    10   HIGHEST WIND DIRECTION    SE (140)
  HIGHEST GUST SPEED    13   HIGHEST GUST DIRECTION    SE (150)
  AVERAGE WIND SPEED     4.5


SKY COVER
  POSSIBLE SUNSHINE  MM
  AVERAGE SKY COVER 0.2


WEATHER CONDITIONS
 THE FOLLOWING WEATHER WAS RECORDED TODAY.
  NO SIGNIFICANT WEATHER WAS OBSERVED.


RELATIVE HUMIDITY (PERCENT)
 HIGHEST    64           600 AM

..........................................................


THE TUCSON AZ CLIMATE NORMALS FOR TOMORROW
                         NORMAL    RECORD    YEAR
 MAXIMUM TEMPERATURE (F)  101       111      1994
                                             1920
 MINIMUM TEMPERATURE (F)   74        63      1936
                                             1912


SUNRISE AND SUNSET
JULY  7 2015..........SUNRISE   524 AM MST   SUNSET   733 PM MST
JULY  8 2015..........SUNRISE   524 AM MST   SUNSET   733 PM MST


-  INDICATES NEGATIVE NUMBERS.
R  INDICATES RECORD WAS SET OR TIED.
MM INDICATES DATA IS MISSING.
T  INDICATES TRACE AMOUNT.




$$
