000
CDUS45 KTWC 280045
CLITUS

CLIMATE REPORT
NATIONAL WEATHER SERVICE TUCSON AZ
543 PM MST SAT DEC 27 2014


...................................

...THE TUCSON AZ CLIMATE SUMMARY FOR DECEMBER 27 2014...
VALID TODAY AS OF 0500 PM LOCAL TIME.

CLIMATE NORMAL PERIOD 1981 TO 2010
CLIMATE RECORD PERIOD 1895 TO 2014


WEATHER ITEM   OBSERVED TIME   RECORD YEAR NORMAL DEPARTURE LAST
                VALUE   (LST)  VALUE       VALUE  FROM      YEAR
                                                  NORMAL
..................................................................
TEMPERATURE (F)
 TODAY
  MAXIMUM         50    453 PM  82    1928  64    -14       68
  MINIMUM         28    853 AM  20    1895  39    -11       45
  AVERAGE         39                        51    -12       57

PRECIPITATION (IN)
  TODAY            0.00          0.77 1984   0.03  -0.03     0.00
  MONTH TO DATE    1.63                      0.81   0.82     0.83
  SINCE OCT 1      2.96                      2.27   0.69     3.05
  SINCE JAN 1      9.65                     11.47  -1.82     8.53

DEGREE DAYS
 HEATING
  TODAY           26                        14     12        8
  MONTH TO DATE  263                       352    -89      311
  SINCE DEC 1    263                       352    -89      311
  SINCE JUL 1    399                       558   -159      417

 COOLING
  TODAY            0                         0      0        0
  MONTH TO DATE    3                         0      3        0
  SINCE DEC 1      3                         0      3        0
  SINCE JAN 1   3619                      3146    473     3653
..................................................................


WIND (MPH)
  HIGHEST WIND SPEED     8   HIGHEST WIND DIRECTION    NW (310)
  HIGHEST GUST SPEED     8   HIGHEST GUST DIRECTION    NW (310)
  AVERAGE WIND SPEED     3.4


SKY COVER
  POSSIBLE SUNSHINE  MM
  AVERAGE SKY COVER 0.0


WEATHER CONDITIONS
 THE FOLLOWING WEATHER WAS RECORDED TODAY.
  NO SIGNIFICANT WEATHER WAS OBSERVED.


RELATIVE HUMIDITY (PERCENT)
 HIGHEST    85
 LOWEST     29
 AVERAGE    57

..........................................................


THE TUCSON AZ CLIMATE NORMALS FOR TOMORROW
                         NORMAL    RECORD    YEAR
 MAXIMUM TEMPERATURE (F)   64        82      1922
 MINIMUM TEMPERATURE (F)   39        18      1954


SUNRISE AND SUNSET
DECEMBER 27 2014......SUNRISE   723 AM MST   SUNSET   527 PM MST
DECEMBER 28 2014......SUNRISE   723 AM MST   SUNSET   527 PM MST


-  INDICATES NEGATIVE NUMBERS.
R  INDICATES RECORD WAS SET OR TIED.
MM INDICATES DATA IS MISSING.
T  INDICATES TRACE AMOUNT.




$$
