000
CDUS45 KTWC 220034
CLITUS

CLIMATE REPORT
NATIONAL WEATHER SERVICE TUCSON AZ
534 PM MST TUE FEB 21 2017


...................................

...THE TUCSON AZ CLIMATE SUMMARY FOR FEBRUARY 21 2017...
VALID TODAY AS OF 0500 PM LOCAL TIME.

CLIMATE NORMAL PERIOD 1981 TO 2010
CLIMATE RECORD PERIOD 1895 TO 2017


WEATHER ITEM   OBSERVED TIME   RECORD YEAR NORMAL DEPARTURE LAST
                VALUE   (LST)  VALUE       VALUE  FROM      YEAR
                                                  NORMAL
..................................................................
TEMPERATURE (F)
 TODAY
  MAXIMUM         77    453 PM  82    2016  69      8       82
                                      1999
                                      1982
  MINIMUM         44    619 AM  20    1955  43      1       47
  AVERAGE         61                        56      5       65

PRECIPITATION (IN)
  TODAY            0.00          0.98 1973   0.03  -0.03     0.00
  MONTH TO DATE    0.17                      0.66  -0.49     0.18
  SINCE OCT 1      3.03                      3.99  -0.96     4.59
  SINCE JAN 1      1.35                      1.60  -0.25     1.71

DEGREE DAYS
 HEATING
  TODAY            4                         9     -5        0
  MONTH TO DATE   95                       214   -119      124
  SINCE DEC 1    728                      1002   -274      915
  SINCE JUL 1    822                      1208   -386     1110

 COOLING
  TODAY            0                         0      0        0
  MONTH TO DATE    9                         0      9       23
  SINCE DEC 1     12                         1     11       23
  SINCE JAN 1      9                         1      8       23
..................................................................


WIND (MPH)
  HIGHEST WIND SPEED    12   HIGHEST WIND DIRECTION     N (360)
  HIGHEST GUST SPEED    14   HIGHEST GUST DIRECTION     N (350)
  AVERAGE WIND SPEED     4.5


SKY COVER
  POSSIBLE SUNSHINE  MM
  AVERAGE SKY COVER 0.0


WEATHER CONDITIONS
 THE FOLLOWING WEATHER WAS RECORDED TODAY.
  HAZE


RELATIVE HUMIDITY (PERCENT)
 HIGHEST    89
 LOWEST     33
 AVERAGE    61

..........................................................


THE TUCSON AZ CLIMATE NORMALS FOR TOMORROW
                         NORMAL    RECORD    YEAR
 MAXIMUM TEMPERATURE (F)   70        85      1991
 MINIMUM TEMPERATURE (F)   43        20      1955


SUNRISE AND SUNSET
FEBRUARY 21 2017......SUNRISE   700 AM MST   SUNSET   615 PM MST
FEBRUARY 22 2017......SUNRISE   659 AM MST   SUNSET   616 PM MST


-  INDICATES NEGATIVE NUMBERS.
R  INDICATES RECORD WAS SET OR TIED.
MM INDICATES DATA IS MISSING.
T  INDICATES TRACE AMOUNT.




$$
