000
CDUS45 KTWC 230027
CLITUS

CLIMATE REPORT
NATIONAL WEATHER SERVICE TUCSON AZ
527 PM MST WED NOV 22 2017


...................................

...THE TUCSON AZ CLIMATE SUMMARY FOR NOVEMBER 22 2017...
VALID TODAY AS OF 0500 PM LOCAL TIME.

CLIMATE NORMAL PERIOD 1981 TO 2010
CLIMATE RECORD PERIOD 1895 TO 2017


WEATHER ITEM   OBSERVED TIME   RECORD YEAR NORMAL DEPARTURE LAST
                VALUE   (LST)  VALUE       VALUE  FROM      YEAR
                                                  NORMAL
..................................................................
TEMPERATURE (F)
 TODAY
  MAXIMUM         86    300 PM  90    1924  71     15       69
  MINIMUM         50   1242 AM  24    1979  44      6       47
                                      1898
  AVERAGE         68                        57     11       58

PRECIPITATION (IN)
  TODAY            0.00          2.09 1931   0.02  -0.02     0.00
  MONTH TO DATE    0.09                      0.38  -0.29     0.42
  SINCE OCT 1      0.09                      1.27  -1.18     0.52
  SINCE JAN 1     10.27                     10.47  -0.20    10.65

DEGREE DAYS
 HEATING
  TODAY            0                         8     -8        7
  MONTH TO DATE    3                       108   -105       19
  SINCE SEP 1      3                       132   -129       19
  SINCE JUL 1      3                       132   -129       19

 COOLING
  TODAY            3                         0      3        0
  MONTH TO DATE   98                        25     73       69
  SINCE SEP 1   1033                       734    299      941
  SINCE JAN 1   3872                      3144    728     3651
..................................................................


WIND (MPH)
  HIGHEST WIND SPEED    21   HIGHEST WIND DIRECTION    SE (120)
  HIGHEST GUST SPEED    27   HIGHEST GUST DIRECTION    SE (120)
  AVERAGE WIND SPEED    MM


SKY COVER
  POSSIBLE SUNSHINE  MM
  AVERAGE SKY COVER  MM


WEATHER CONDITIONS
 THE FOLLOWING WEATHER WAS RECORDED TODAY.
  NO SIGNIFICANT WEATHER WAS OBSERVED.


RELATIVE HUMIDITY (PERCENT)
 HIGHEST    MM
 LOWEST     MM
 AVERAGE    MM

..........................................................


THE TUCSON AZ CLIMATE NORMALS FOR TOMORROW
                         NORMAL    RECORD    YEAR
 MAXIMUM TEMPERATURE (F)   70        87      1917
                                             1903
 MINIMUM TEMPERATURE (F)   43        25      1916
                                             1898


SUNRISE AND SUNSET
NOVEMBER 22 2017......SUNRISE   659 AM MST   SUNSET   521 PM MST
NOVEMBER 23 2017......SUNRISE   700 AM MST   SUNSET   520 PM MST


-  INDICATES NEGATIVE NUMBERS.
R  INDICATES RECORD WAS SET OR TIED.
MM INDICATES DATA IS MISSING.
T  INDICATES TRACE AMOUNT.




$$
