000
CDUS45 KTWC 280029
CLITUS

CLIMATE REPORT
NATIONAL WEATHER SERVICE TUCSON AZ
529 PM MST TUE JUN 27 2017


...................................

...THE TUCSON AZ CLIMATE SUMMARY FOR JUNE 27 2017...
VALID TODAY AS OF 0500 PM LOCAL TIME.

CLIMATE NORMAL PERIOD 1981 TO 2010
CLIMATE RECORD PERIOD 1895 TO 2017


WEATHER ITEM   OBSERVED TIME   RECORD YEAR NORMAL DEPARTURE LAST
                VALUE   (LST)  VALUE       VALUE  FROM      YEAR
                                                  NORMAL
..................................................................
TEMPERATURE (F)
 TODAY
  MAXIMUM        107    405 PM 112    2011 102      5      104
                                      1990
  MINIMUM         80    556 AM  57    1965  73      7       76
  AVERAGE         94                        87      7       90

PRECIPITATION (IN)
  TODAY            0.00          0.54 1909   0.01  -0.01     0.00
  MONTH TO DATE    T                         0.15  -0.15     0.32
  SINCE OCT 1      3.29                      5.61  -2.32     5.73
  SINCE JAN 1      1.61                      3.22  -1.61     2.85

DEGREE DAYS
 HEATING
  TODAY            0                         0      0        0
  MONTH TO DATE    0                         0      0        0
  SINCE JUN 1      0                         0      0        0
  SINCE JUL 1    952                      1511   -559     1217

 COOLING
  TODAY           29                        22      7       25
  MONTH TO DATE  671                       525    146      648
  SINCE JUN 1    671                       525    146      648
  SINCE JAN 1   1404                      1027    377     1215
..................................................................


WIND (MPH)
  HIGHEST WIND SPEED    23   HIGHEST WIND DIRECTION     W (270)
  HIGHEST GUST SPEED    30   HIGHEST GUST DIRECTION     W (280)
  AVERAGE WIND SPEED     8.7


SKY COVER
  POSSIBLE SUNSHINE  MM
  AVERAGE SKY COVER 0.0


WEATHER CONDITIONS
 THE FOLLOWING WEATHER WAS RECORDED TODAY.
  NO SIGNIFICANT WEATHER WAS OBSERVED.


RELATIVE HUMIDITY (PERCENT)
 HIGHEST    39
 LOWEST      7
 AVERAGE    23

..........................................................


THE TUCSON AZ CLIMATE NORMALS FOR TOMORROW
                         NORMAL    RECORD    YEAR
 MAXIMUM TEMPERATURE (F)  102       115      1994
 MINIMUM TEMPERATURE (F)   73        57      1941
                                             1906


SUNRISE AND SUNSET
JUNE 27 2017..........SUNRISE   520 AM MST   SUNSET   734 PM MST
JUNE 28 2017..........SUNRISE   520 AM MST   SUNSET   734 PM MST


-  INDICATES NEGATIVE NUMBERS.
R  INDICATES RECORD WAS SET OR TIED.
MM INDICATES DATA IS MISSING.
T  INDICATES TRACE AMOUNT.




$$
