000
CDUS43 KAPX 180528
CLITVC


CLIMATE REPORT
NATIONAL WEATHER SERVICE GAYLORD MI
1228 AM EST MON DEC 18 2017


...................................

...THE TRAVERSE CITY MI CLIMATE SUMMARY FOR DECEMBER 17 2017...

CLIMATE NORMAL PERIOD 1981 TO 2010
CLIMATE RECORD PERIOD 1896 TO 2017


WEATHER ITEM   OBSERVED TIME   RECORD YEAR NORMAL DEPARTURE LAST
                VALUE   (LST)  VALUE       VALUE  FROM      YEAR
                                                  NORMAL
..................................................................
TEMPERATURE (F)
 YESTERDAY
  MAXIMUM         29    453 PM  56    1913  32     -3       26
  MINIMUM         18    556 AM -10    1973  21     -3        8
  AVERAGE         24                        26     -2       17

PRECIPITATION (IN)
  YESTERDAY        0.00          0.33 1990   0.08  -0.08     0.20
  MONTH TO DATE    1.04                      1.36  -0.32     0.87
  SINCE DEC 1      1.04                      1.36  -0.32     0.87
  SINCE JAN 1     32.33                     31.92   0.41    26.04

DEGREE DAYS
 HEATING
  YESTERDAY       41                        39      2       48
  MONTH TO DATE  622                       619      3      635
  SINCE DEC 1    622                       619      3      635
  SINCE JUL 1   1916                      2238   -322     1594
..................................................................


WIND (MPH)
  HIGHEST WIND SPEED    10   HIGHEST WIND DIRECTION     E (100)
  HIGHEST GUST SPEED    14   HIGHEST GUST DIRECTION    SE (140)
  AVERAGE WIND SPEED     5.2




RELATIVE HUMIDITY (PERCENT)
 HIGHEST    88
 LOWEST     73
 AVERAGE    81

..........................................................


THE TRAVERSE CITY MI CLIMATE NORMALS FOR TODAY
                         NORMAL    RECORD    YEAR
 MAXIMUM TEMPERATURE (F)   31        49      1931
 MINIMUM TEMPERATURE (F)   20        -3      1926


SUNRISE AND SUNSET
DECEMBER 18 2017......SUNRISE   815 AM EST   SUNSET   503 PM EST
DECEMBER 19 2017......SUNRISE   815 AM EST   SUNSET   504 PM EST


-  INDICATES NEGATIVE NUMBERS.
R  INDICATES RECORD WAS SET OR TIED.
MM INDICATES DATA IS MISSING.
T  INDICATES TRACE AMOUNT.




$$
