203
CDUS43 KAPX 162127
CLITVC


CLIMATE REPORT
NATIONAL WEATHER SERVICE GAYLORD MI
526 PM EDT WED AUG 16 2017


...................................

...THE TRAVERSE CITY MI CLIMATE SUMMARY FOR AUGUST 16 2017...
VALID TODAY AS OF 0500 PM LOCAL TIME.

CLIMATE NORMAL PERIOD 1981 TO 2010
CLIMATE RECORD PERIOD 1896 TO 2017


WEATHER ITEM   OBSERVED TIME   RECORD YEAR NORMAL DEPARTURE LAST
                VALUE   (LST)  VALUE       VALUE  FROM      YEAR
                                                  NORMAL
..................................................................
TEMPERATURE (F)
 TODAY
  MAXIMUM         84    359 PM  96    1937  78      6       86
  MINIMUM         58    507 AM  38    1979  57      1       69
  AVERAGE         71                        68      3       78

PRECIPITATION (IN)
  TODAY            0.00          1.72 1987   0.10  -0.10     0.00
  MONTH TO DATE    3.92                      1.75   2.17     0.44
  SINCE JUN 1      9.54                      7.93   1.61     4.65
  SINCE JAN 1     19.51                     19.48   0.03    14.51

DEGREE DAYS
 HEATING
  TODAY            0                         1     -1        0
  MONTH TO DATE    2                        16    -14        0
  SINCE JUN 1     52                       156   -104       73
  SINCE JUL 1      5                        44    -39        9

 COOLING
  TODAY            6                         4      2       13
  MONTH TO DATE   55                        70    -15      168
  SINCE JUN 1    318                       303     15      510
  SINCE JAN 1    339                       323     16      560
..................................................................


WIND (MPH)
  RESULTANT WIND SPEED   3   RESULTANT WIND DIRECTION  SE (130)
  HIGHEST WIND SPEED    12   HIGHEST WIND DIRECTION     E (100)
  HIGHEST GUST SPEED    16   HIGHEST GUST DIRECTION     S (200)
  AVERAGE WIND SPEED     3.2


SKY COVER
  POSSIBLE SUNSHINE  MM
  AVERAGE SKY COVER 0.5


WEATHER CONDITIONS
 THE FOLLOWING WEATHER WAS RECORDED TODAY.
  NO SIGNIFICANT WEATHER WAS OBSERVED.


RELATIVE HUMIDITY (PERCENT)
 HIGHEST    93           400 AM
 LOWEST     40           400 PM
 AVERAGE    67

..........................................................




SUNRISE AND SUNSET
AUGUST 16 2017........SUNRISE   646 AM EDT   SUNSET   846 PM EDT
AUGUST 17 2017........SUNRISE   647 AM EDT   SUNSET   844 PM EDT


-  INDICATES NEGATIVE NUMBERS.
R  INDICATES RECORD WAS SET OR TIED.
MM INDICATES DATA IS MISSING.
T  INDICATES TRACE AMOUNT.




$$
