000
CDUS43 KAPX 020537
CLITVC


CLIMATE REPORT
NATIONAL WEATHER SERVICE GAYLORD MI
137 AM EDT TUE JUN 2 2015


...................................

...THE TRAVERSE CITY MI CLIMATE SUMMARY FOR JUNE 1 2015...

CLIMATE NORMAL PERIOD 1981 TO 2010
CLIMATE RECORD PERIOD 1896 TO 2015


WEATHER ITEM   OBSERVED TIME   RECORD YEAR NORMAL DEPARTURE LAST
                VALUE   (LST)  VALUE       VALUE  FROM      YEAR
                                                  NORMAL
..................................................................
TEMPERATURE (F)
 YESTERDAY
  MAXIMUM         63    507 PM 104    1934  71     -8       90
  MINIMUM         37    517 AM  29    1966  47    -10       65
  AVERAGE         50                        59     -9       78

PRECIPITATION (IN)
  YESTERDAY        0.00          1.24 1945   0.09  -0.09     0.12
  MONTH TO DATE    0.00                      0.09  -0.09     0.12
  SINCE JUN 1      0.00                      0.09  -0.09     0.12
  SINCE JAN 1      6.48                     11.64  -5.16     9.80

DEGREE DAYS
 HEATING
  YESTERDAY       15                         7      8        0
  MONTH TO DATE   15                         7      8        0
  SINCE JUN 1     15                         7      8        0
  SINCE JUL 1   7751                      7443    308     8080

 COOLING
  YESTERDAY        0                         1     -1       13
  MONTH TO DATE    0                         1     -1       13
  SINCE JUN 1      0                         1     -1       13
  SINCE JAN 1     35                        21     14       22
..................................................................


WIND (MPH)
  HIGHEST WIND SPEED    14   HIGHEST WIND DIRECTION    NE (30)
  HIGHEST GUST SPEED    19   HIGHEST GUST DIRECTION    NE (30)
  AVERAGE WIND SPEED     4.2




RELATIVE HUMIDITY (PERCENT)
 HIGHEST    92
 LOWEST     39
 AVERAGE    66

..........................................................


THE TRAVERSE CITY MI CLIMATE NORMALS FOR TODAY
                         NORMAL    RECORD    YEAR
 MAXIMUM TEMPERATURE (F)   71        99      1934
 MINIMUM TEMPERATURE (F)   48        31      1964


SUNRISE AND SUNSET
JUNE  2 2015..........SUNRISE   559 AM EDT   SUNSET   921 PM EDT
JUNE  3 2015..........SUNRISE   559 AM EDT   SUNSET   922 PM EDT


-  INDICATES NEGATIVE NUMBERS.
R  INDICATES RECORD WAS SET OR TIED.
MM INDICATES DATA IS MISSING.
T  INDICATES TRACE AMOUNT.




$$
