000
CDUS43 KAPX 022126
CLITVC


CLIMATE REPORT
NATIONAL WEATHER SERVICE GAYLORD MI
526 PM EDT WED SEP 2 2015


...................................

...THE TRAVERSE CITY MI CLIMATE SUMMARY FOR SEPTEMBER 2 2015...
VALID TODAY AS OF 0500 PM LOCAL TIME.

CLIMATE NORMAL PERIOD 1981 TO 2010
CLIMATE RECORD PERIOD 1896 TO 2015


WEATHER ITEM   OBSERVED TIME   RECORD YEAR NORMAL DEPARTURE LAST
                VALUE   (LST)  VALUE       VALUE  FROM      YEAR
                                                  NORMAL
..................................................................
TEMPERATURE (F)
 TODAY
  MAXIMUM         90    106 PM  96    1953  75     15       76
  MINIMUM         74    726 AM  33    1976  54     20       62
  AVERAGE         82                        64     18       69

PRECIPITATION (IN)
  TODAY            T             1.69 1984   0.12  -0.12     0.00
  MONTH TO DATE    T                         0.24  -0.24     0.43
  SINCE SEP 1      T                         0.24  -0.24     0.43
  SINCE JAN 1     11.65                     21.35  -9.70    17.23

DEGREE DAYS
 HEATING
  TODAY            0                         3     -3        0
  MONTH TO DATE    0                         6     -6        0
  SINCE SEP 1      0                         6     -6        0
  SINCE JUL 1     47                        75    -28       79

 COOLING
  TODAY           17                         2     15        4
  MONTH TO DATE   29                         5     24       12
  SINCE SEP 1     29                         5     24       12
  SINCE JAN 1    462                       374     88      344
..................................................................


WIND (MPH)
  RESULTANT WIND SPEED   2   RESULTANT WIND DIRECTION  SE (150)
  HIGHEST WIND SPEED    14   HIGHEST WIND DIRECTION    NW (330)
  HIGHEST GUST SPEED    18   HIGHEST GUST DIRECTION     W (260)
  AVERAGE WIND SPEED     3.7


SKY COVER
  POSSIBLE SUNSHINE  MM
  AVERAGE SKY COVER 0.5


WEATHER CONDITIONS
 THE FOLLOWING WEATHER WAS RECORDED TODAY.
  THUNDERSTORM
  FOG
  HAZE


RELATIVE HUMIDITY (PERCENT)
 HIGHEST    87           300 AM
 LOWEST     56          1200 PM
 AVERAGE    72

..........................................................




SUNRISE AND SUNSET
SEPTEMBER  2 2015.....SUNRISE   705 AM EDT   SUNSET   818 PM EDT
SEPTEMBER  3 2015.....SUNRISE   707 AM EDT   SUNSET   816 PM EDT


-  INDICATES NEGATIVE NUMBERS.
R  INDICATES RECORD WAS SET OR TIED.
MM INDICATES DATA IS MISSING.
T  INDICATES TRACE AMOUNT.




$$
