000
CDUS43 KAPX 290534
CLITVC


CLIMATE REPORT
NATIONAL WEATHER SERVICE GAYLORD MI
133 AM EDT WED JUL 29 2015


...................................

...THE TRAVERSE CITY MI CLIMATE SUMMARY FOR JULY 28 2015...

CLIMATE NORMAL PERIOD 1981 TO 2010
CLIMATE RECORD PERIOD 1896 TO 2015


WEATHER ITEM   OBSERVED TIME   RECORD YEAR NORMAL DEPARTURE LAST
                VALUE   (LST)  VALUE       VALUE  FROM      YEAR
                                                  NORMAL
..................................................................
TEMPERATURE (F)
 YESTERDAY
  MAXIMUM         93    314 PM  98    1941  80     13       66
  MINIMUM         62    550 AM  43    1978  58      4       55
  AVERAGE         78                        69      9       61

PRECIPITATION (IN)
  YESTERDAY        0.00          1.46 1969   0.10  -0.10     0.00
  MONTH TO DATE    1.07                      2.70  -1.63     2.10
  SINCE JUN 1      3.09                      5.86  -2.77     4.77
  SINCE JAN 1      9.57                     17.41  -7.84    14.45

DEGREE DAYS
 HEATING
  YESTERDAY        0                         1     -1        4
  MONTH TO DATE   28                        29     -1       49
  SINCE JUN 1    116                       141    -25      121
  SINCE JUL 1     28                        29     -1       49

 COOLING
  YESTERDAY       13                         5      8        0
  MONTH TO DATE  160                       140     20       89
  SINCE JUN 1    184                       221    -37      196
  SINCE JAN 1    219                       241    -22      205
..................................................................


WIND (MPH)
  HIGHEST WIND SPEED    14   HIGHEST WIND DIRECTION     W (260)
  HIGHEST GUST SPEED    18   HIGHEST GUST DIRECTION    SW (240)
  AVERAGE WIND SPEED     3.5




RELATIVE HUMIDITY (PERCENT)
 HIGHEST    90
 LOWEST     36
 AVERAGE    63

..........................................................


THE TRAVERSE CITY MI CLIMATE NORMALS FOR TODAY
                         NORMAL    RECORD    YEAR
 MAXIMUM TEMPERATURE (F)   80       100      1941
 MINIMUM TEMPERATURE (F)   58        43      1956


SUNRISE AND SUNSET
JULY 29 2015..........SUNRISE   625 AM EDT   SUNSET   912 PM EDT
JULY 30 2015..........SUNRISE   626 AM EDT   SUNSET   911 PM EDT


-  INDICATES NEGATIVE NUMBERS.
R  INDICATES RECORD WAS SET OR TIED.
MM INDICATES DATA IS MISSING.
T  INDICATES TRACE AMOUNT.




$$
