000
CDUS44 KJAN 222107
CLITVR


CLIMATE REPORT
NATIONAL WEATHER SERVICE JACKSON MS
406 PM CDT SUN OCT 22 2017


...................................

...THE VICKSBURG CLIMATE SUMMARY FOR OCTOBER 22 2017...
VALID TODAY AS OF 0400 PM LOCAL TIME.

CLIMATE NORMAL PERIOD 1981 TO 2010
CLIMATE RECORD PERIOD 1948 TO 2017


WEATHER ITEM   OBSERVED TIME   RECORD YEAR NORMAL DEPARTURE LAST
                VALUE   (LST)  VALUE       VALUE  FROM      YEAR
                                                  NORMAL
..................................................................
TEMPERATURE (F)
 TODAY
  MAXIMUM         76   1244 AM  89    2003  77     -1       74
  MINIMUM         61    814 AM  29    1976  50     11       35
  AVERAGE         69                        64      5       55

PRECIPITATION (IN)
  TODAY            0.22          1.83 1990   0.17   0.05     0.00
  MONTH TO DATE    0.79                      3.39  -2.60      T
  SINCE SEP 1      2.52                      6.28  -3.76     0.12
  SINCE JAN 1     51.94                     42.85   9.09    51.67

SNOWFALL (IN)
  TODAY            0.0

DEGREE DAYS
 HEATING
  TODAY            0                         4     -4       10
  MONTH TO DATE   13                        48    -35       19
  SINCE SEP 1     17                        53    -36       19
  SINCE JUL 1     17                        53    -36       19

 COOLING
  TODAY            4                         3      1        0
  MONTH TO DATE  178                        92     86      154
  SINCE SEP 1    524                       400    124      624
  SINCE JAN 1   2446                      2189    257     2871
..................................................................


WIND (MPH)
  HIGHEST WIND SPEED    24   HIGHEST WIND DIRECTION     S (160)
  HIGHEST GUST SPEED    36   HIGHEST GUST DIRECTION    NW (310)
  AVERAGE WIND SPEED     5.5


SKY COVER
  POSSIBLE SUNSHINE  MM
  AVERAGE SKY COVER 0.6


WEATHER CONDITIONS
 THE FOLLOWING WEATHER WAS RECORDED TODAY.
  THUNDERSTORM
  HEAVY RAIN
  RAIN
  LIGHT RAIN
  FOG


RELATIVE HUMIDITY (PERCENT)
 HIGHEST   100           500 AM
 LOWEST     87          1200 AM
 AVERAGE    94

..........................................................


THE VICKSBURG CLIMATE NORMALS FOR TOMORROW
                         NORMAL    RECORD    YEAR
 MAXIMUM TEMPERATURE (F)   76        88      1963
 MINIMUM TEMPERATURE (F)   50        31      1952


SUNRISE AND SUNSET
OCTOBER 22 2017.......SUNRISE   713 AM CDT   SUNSET   623 PM CDT
OCTOBER 23 2017.......SUNRISE   714 AM CDT   SUNSET   622 PM CDT


-  INDICATES NEGATIVE NUMBERS.
R  INDICATES RECORD WAS SET OR TIED.
MM INDICATES DATA IS MISSING.
T  INDICATES TRACE AMOUNT.




$$
