000
CDUS44 KJAN 232110
CLITVR


CLIMATE REPORT
NATIONAL WEATHER SERVICE JACKSON MS
408 PM CDT TUE AUG 23 2016


...................................

...THE VICKSBURG CLIMATE SUMMARY FOR AUGUST 23 2016...
VALID TODAY AS OF 0400 PM LOCAL TIME.

CLIMATE NORMAL PERIOD 1981 TO 2010
CLIMATE RECORD PERIOD 1948 TO 2016


WEATHER ITEM   OBSERVED TIME   RECORD YEAR NORMAL DEPARTURE LAST
                VALUE   (LST)  VALUE       VALUE  FROM      YEAR
                                                  NORMAL
..................................................................
TEMPERATURE (F)
 TODAY
  MAXIMUM         96    249 PM 102    2011  92      4       93
  MINIMUM         75    447 AM  52    1956  69      6       71
  AVERAGE         86                        80      6       82

PRECIPITATION (IN)
  TODAY            0.00          2.04 1979   0.15  -0.15      T
  MONTH TO DATE    5.53                      2.55   2.98     3.21
  SINCE JUN 1     14.74                     10.17   4.57    10.18
  SINCE JAN 1     50.21                     35.47  14.74    40.45

SNOWFALL (IN)
  TODAY            0.0

DEGREE DAYS
 HEATING
  TODAY            0                         0      0        0
  MONTH TO DATE    0                         0      0        0
  SINCE JUN 1      0                         0      0        0
  SINCE JUL 1      0                         0      0        0

 COOLING
  TODAY           21                        15      6       17
  MONTH TO DATE  447                       376     71      436
  SINCE JUN 1   1570                      1304    266     1513
  SINCE JAN 1   2085                      1674    411     1959
..................................................................


WIND (MPH)
  HIGHEST WIND SPEED     6   HIGHEST WIND DIRECTION     W (280)
  HIGHEST GUST SPEED     9   HIGHEST GUST DIRECTION     W (280)
  AVERAGE WIND SPEED     0.7


SKY COVER
  POSSIBLE SUNSHINE  MM
  AVERAGE SKY COVER 0.4


WEATHER CONDITIONS
 THE FOLLOWING WEATHER WAS RECORDED TODAY.
  FOG
  FOG W/VISIBILITY <= 1/4 MILE


RELATIVE HUMIDITY (PERCENT)
 HIGHEST    94          1200 AM
 LOWEST     53           100 PM
 AVERAGE    74

..........................................................


THE VICKSBURG CLIMATE NORMALS FOR TOMORROW
                         NORMAL    RECORD    YEAR
 MAXIMUM TEMPERATURE (F)   92        98      2014
                                             2011
                                             1983
 MINIMUM TEMPERATURE (F)   69        55      2009
                                             1957
                                             1956


SUNRISE AND SUNSET
AUGUST 23 2016........SUNRISE   634 AM CDT   SUNSET   739 PM CDT
AUGUST 24 2016........SUNRISE   634 AM CDT   SUNSET   738 PM CDT


-  INDICATES NEGATIVE NUMBERS.
R  INDICATES RECORD WAS SET OR TIED.
MM INDICATES DATA IS MISSING.
T  INDICATES TRACE AMOUNT.




$$
