000
CDUS44 KJAN 282213
CLITVR


CLIMATE REPORT
NATIONAL WEATHER SERVICE JACKSON MS
412 PM CST SUN DEC 28 2014


...................................

...THE VICKSBURG CLIMATE SUMMARY FOR DECEMBER 28 2014...
VALID TODAY AS OF 0400 PM LOCAL TIME.

CLIMATE NORMAL PERIOD 1981 TO 2010
CLIMATE RECORD PERIOD 1948 TO 2014


WEATHER ITEM   OBSERVED TIME   RECORD YEAR NORMAL DEPARTURE LAST
                VALUE   (LST)  VALUE       VALUE  FROM      YEAR
                                                  NORMAL
..................................................................
TEMPERATURE (F)
 TODAY
  MAXIMUM         52   1224 AM  78    1988  56     -4       47
  MINIMUM         46    359 PM  19    2010  36     10       44
  AVERAGE         49                        46      3       46

PRECIPITATION (IN)
  TODAY            0.41          2.32 1954   0.15   0.26     0.28
  MONTH TO DATE    4.38                      5.20  -0.82     4.35
  SINCE DEC 1      4.38                      5.20  -0.82     4.35
  SINCE JAN 1     58.29                     54.33   3.96    67.93

SNOWFALL (IN)
  TODAY            0.0

DEGREE DAYS
 HEATING
  TODAY           16                        19     -3       19
  MONTH TO DATE  391                       477    -86      530
  SINCE DEC 1    391                       477    -86      530
  SINCE JUL 1    929                       879     50     1060

 COOLING
  TODAY            0                         0      0        0
  MONTH TO DATE    4                         0      4       16
  SINCE DEC 1      4                         0      4       16
  SINCE JAN 1   2193                      2225    -32     2280
..................................................................


WIND (MPH)
  HIGHEST WIND SPEED    16   HIGHEST WIND DIRECTION     N (10)
  HIGHEST GUST SPEED    18   HIGHEST GUST DIRECTION    NW (330)
  AVERAGE WIND SPEED     8.7


SKY COVER
  POSSIBLE SUNSHINE  MM
  AVERAGE SKY COVER 1.0


WEATHER CONDITIONS
 THE FOLLOWING WEATHER WAS RECORDED TODAY.
  HEAVY RAIN
  RAIN
  LIGHT RAIN
  FOG


RELATIVE HUMIDITY (PERCENT)
 HIGHEST   100          1200 AM
 LOWEST     86           800 AM
 AVERAGE    93

..........................................................


THE VICKSBURG CLIMATE NORMALS FOR TOMORROW
                         NORMAL    RECORD    YEAR
 MAXIMUM TEMPERATURE (F)   56        78      1984
 MINIMUM TEMPERATURE (F)   36        18      1983


SUNRISE AND SUNSET
DECEMBER 28 2014......SUNRISE   704 AM CST   SUNSET   507 PM CST
DECEMBER 29 2014......SUNRISE   705 AM CST   SUNSET   508 PM CST


-  INDICATES NEGATIVE NUMBERS.
R  INDICATES RECORD WAS SET OR TIED.
MM INDICATES DATA IS MISSING.
T  INDICATES TRACE AMOUNT.




$$
