000
CDUS44 KJAN 290626
CLITVR


CLIMATE REPORT
NATIONAL WEATHER SERVICE JACKSON MS
123 AM CDT THU JUN 29 2017


...................................

...THE VICKSBURG CLIMATE SUMMARY FOR JUNE 28 2017...

CLIMATE NORMAL PERIOD 1981 TO 2010
CLIMATE RECORD PERIOD 1948 TO 2017


WEATHER ITEM   OBSERVED TIME   RECORD YEAR NORMAL DEPARTURE LAST
                VALUE   (LST)  VALUE       VALUE  FROM      YEAR
                                                  NORMAL
..................................................................
TEMPERATURE (F)
 YESTERDAY
  MAXIMUM         90    211 PM 102    2009  91     -1       93
  MINIMUM         67    513 AM  55    2006  70     -3       75
                                      1958
  AVERAGE         79                        81     -2       84

PRECIPITATION (IN)
  YESTERDAY        0.00          2.48 1955   0.15  -0.15     0.39
  MONTH TO DATE    7.12                      3.69   3.43     3.51
  SINCE JUN 1      7.12                      3.69   3.43     3.51
  SINCE JAN 1     34.54                     28.99   5.55    38.98

SNOWFALL (IN)
  YESTERDAY        0.0

DEGREE DAYS
 HEATING
  YESTERDAY        0                         0      0        0
  MONTH TO DATE    0                         0      0        0
  SINCE JUN 1      0                         0      0        0
  SINCE JUL 1   1490                      2351   -861     1507

 COOLING
  YESTERDAY       14                        15     -1       19
  MONTH TO DATE  361                       386    -25      483
  SINCE JUN 1    361                       386    -25      483
  SINCE JAN 1    861                       756    105      998
..................................................................


WIND (MPH)
  HIGHEST WIND SPEED    14   HIGHEST WIND DIRECTION     S (180)
  HIGHEST GUST SPEED    18   HIGHEST GUST DIRECTION     S (180)
  AVERAGE WIND SPEED     5.2


SKY COVER
  POSSIBLE SUNSHINE  MM
  AVERAGE SKY COVER 0.1


WEATHER CONDITIONS
 THE FOLLOWING WEATHER WAS RECORDED YESTERDAY.
  FOG


RELATIVE HUMIDITY (PERCENT)
 HIGHEST    97          1200 AM
 LOWEST     55          1200 PM
 AVERAGE    76

..........................................................


THE VICKSBURG CLIMATE NORMALS FOR TODAY
                         NORMAL    RECORD    YEAR
 MAXIMUM TEMPERATURE (F)   91       101      1969
 MINIMUM TEMPERATURE (F)   70        58      1974
                                             1958


SUNRISE AND SUNSET
JUNE 29 2017..........SUNRISE   600 AM CDT   SUNSET   815 PM CDT
JUNE 30 2017..........SUNRISE   601 AM CDT   SUNSET   815 PM CDT


-  INDICATES NEGATIVE NUMBERS.
R  INDICATES RECORD WAS SET OR TIED.
MM INDICATES DATA IS MISSING.
T  INDICATES TRACE AMOUNT.




$$
