000
CDUS44 KJAN 180757
CLITVR


CLIMATE REPORT
NATIONAL WEATHER SERVICE JACKSON MS
255 AM CDT THU SEP 18 2014


...................................

...THE VICKSBURG CLIMATE SUMMARY FOR SEPTEMBER 17 2014...

CLIMATE NORMAL PERIOD 1981 TO 2010
CLIMATE RECORD PERIOD 1948 TO 2014


WEATHER ITEM   OBSERVED TIME   RECORD YEAR NORMAL DEPARTURE LAST
                VALUE   (LST)  VALUE       VALUE  FROM      YEAR
                                                  NORMAL
..................................................................
TEMPERATURE (F)
 YESTERDAY
  MAXIMUM         93    356 PM  99    1980  87      6       96
  MINIMUM         65    558 AM  45    1961  63      2       65
  AVERAGE         79                        75      4       81

PRECIPITATION (IN)
  YESTERDAY        0.00          2.91 1975   0.07  -0.07     0.00
  MONTH TO DATE    0.98                      1.91  -0.93     0.78
  SINCE SEP 1      0.98                      1.91  -0.93     0.78
  SINCE JAN 1     45.22                     38.48   6.74    48.93

SNOWFALL (IN)
  YESTERDAY        0.0

DEGREE DAYS
 HEATING
  YESTERDAY        0                         0      0        0
  MONTH TO DATE    0                         0      0        0
  SINCE SEP 1      0                         0      0        0
  SINCE JUL 1      0                         0      0        0

 COOLING
  YESTERDAY       14                        10      4       16
  MONTH TO DATE  256                       202     54      274
  SINCE SEP 1    256                       202     54      274
  SINCE JAN 1   1914                      1991    -77     1981
..................................................................


WIND (MPH)
  HIGHEST WIND SPEED    10   HIGHEST WIND DIRECTION     E (80)
  HIGHEST GUST SPEED    13   HIGHEST GUST DIRECTION     E (70)
  AVERAGE WIND SPEED     1.8


SKY COVER
  POSSIBLE SUNSHINE  MM
  AVERAGE SKY COVER 0.1


WEATHER CONDITIONS
 THE FOLLOWING WEATHER WAS RECORDED YESTERDAY.
  NO SIGNIFICANT WEATHER WAS OBSERVED.


RELATIVE HUMIDITY (PERCENT)
 HIGHEST    97           300 AM
 LOWEST     41           300 PM
 AVERAGE    69

..........................................................


THE VICKSBURG CLIMATE NORMALS FOR TODAY
                         NORMAL    RECORD    YEAR
 MAXIMUM TEMPERATURE (F)   86        99      2010
 MINIMUM TEMPERATURE (F)   63        42      1981


SUNRISE AND SUNSET
SEPTEMBER 18 2014.....SUNRISE   650 AM CDT   SUNSET   706 PM CDT
SEPTEMBER 19 2014.....SUNRISE   650 AM CDT   SUNSET   705 PM CDT


-  INDICATES NEGATIVE NUMBERS.
R  INDICATES RECORD WAS SET OR TIED.
MM INDICATES DATA IS MISSING.
T  INDICATES TRACE AMOUNT.




$$
