636
CDUS44 KJAN 192112
CLITVR


CLIMATE REPORT
NATIONAL WEATHER SERVICE JACKSON MS
410 PM CDT SAT AUG 19 2017


...................................

...THE VICKSBURG CLIMATE SUMMARY FOR AUGUST 19 2017...
VALID TODAY AS OF 0400 PM LOCAL TIME.

CLIMATE NORMAL PERIOD 1981 TO 2010
CLIMATE RECORD PERIOD 1948 TO 2017


WEATHER ITEM   OBSERVED TIME   RECORD YEAR NORMAL DEPARTURE LAST
                VALUE   (LST)  VALUE       VALUE  FROM      YEAR
                                                  NORMAL
..................................................................
TEMPERATURE (F)
 TODAY
  MAXIMUM         92    123 PM 102    2000  92      0       90
  MINIMUM         75    540 AM  60    1976  70      5       76
  AVERAGE         84                        81      3       83

PRECIPITATION (IN)
  TODAY            0.16          1.13 1966   0.13   0.03     0.07
  MONTH TO DATE    5.87                      1.96   3.91     5.45
  SINCE JUN 1     18.48                      9.58   8.90    14.66
  SINCE JAN 1     45.90                     34.88  11.02    50.13

SNOWFALL (IN)
  TODAY            0.0

DEGREE DAYS
 HEATING
  TODAY            0                         0      0        0
  MONTH TO DATE    0                         0      0        0
  SINCE JUN 1      0                         0      0        0
  SINCE JUL 1      0                         0      0        0

 COOLING
  TODAY           19                        16      3       18
  MONTH TO DATE  311                       314     -3      372
  SINCE JUN 1   1251                      1242      9     1495
  SINCE JAN 1   1751                      1612    139     2010
..................................................................


WIND (MPH)
  HIGHEST WIND SPEED    13   HIGHEST WIND DIRECTION     N (360)
  HIGHEST GUST SPEED    26   HIGHEST GUST DIRECTION     N (10)
  AVERAGE WIND SPEED     1.2


SKY COVER
  POSSIBLE SUNSHINE  MM
  AVERAGE SKY COVER 0.2


WEATHER CONDITIONS
 THE FOLLOWING WEATHER WAS RECORDED TODAY.
  THUNDERSTORM
  RAIN
  LIGHT RAIN
  FOG


RELATIVE HUMIDITY (PERCENT)
 HIGHEST   100          1200 AM
 LOWEST     64          1000 AM
 AVERAGE    82

..........................................................


THE VICKSBURG CLIMATE NORMALS FOR TOMORROW
                         NORMAL    RECORD    YEAR
 MAXIMUM TEMPERATURE (F)   92       102      1999
 MINIMUM TEMPERATURE (F)   69        60      1957


SUNRISE AND SUNSET
AUGUST 19 2017........SUNRISE   631 AM CDT   SUNSET   744 PM CDT
AUGUST 20 2017........SUNRISE   632 AM CDT   SUNSET   743 PM CDT


-  INDICATES NEGATIVE NUMBERS.
R  INDICATES RECORD WAS SET OR TIED.
MM INDICATES DATA IS MISSING.
T  INDICATES TRACE AMOUNT.




$$
