000
CDUS44 KJAN 260722
CLITVR


CLIMATE REPORT
NATIONAL WEATHER SERVICE JACKSON MS
119 AM CST SUN FEB 26 2017


...................................

...THE VICKSBURG CLIMATE SUMMARY FOR FEBRUARY 25 2017...

CLIMATE NORMAL PERIOD 1981 TO 2010
CLIMATE RECORD PERIOD 1948 TO 2017


WEATHER ITEM   OBSERVED TIME   RECORD YEAR NORMAL DEPARTURE LAST
                VALUE   (LST)  VALUE       VALUE  FROM      YEAR
                                                  NORMAL
..................................................................
TEMPERATURE (F)
 YESTERDAY
  MAXIMUM         59   1205 AM  80    2000  63     -4       61
  MINIMUM         36    959 PM  22    1965  42     -6       37
  AVERAGE         48                        52     -4       49

PRECIPITATION (IN)
  YESTERDAY        0.00          2.74 2006   0.18  -0.18     0.00
  MONTH TO DATE    1.34                      4.72  -3.38     4.30
  SINCE DEC 1     11.84                     15.40  -3.56    15.55
  SINCE JAN 1      5.57                      9.79  -4.22    10.00

SNOWFALL (IN)
  YESTERDAY        0.0

DEGREE DAYS
 HEATING
  YESTERDAY       17                        13      4       16
  MONTH TO DATE  183                       394   -211      282
  SINCE DEC 1    982                      1536   -554     1145
  SINCE JUL 1   1259                      1938   -679     1334

 COOLING
  YESTERDAY        0                         0      0        0
  MONTH TO DATE   28                         0     28       11
  SINCE DEC 1     70                         9     61       74
  SINCE JAN 1     42                         3     39       12
..................................................................


WIND (MPH)
  HIGHEST WIND SPEED    17   HIGHEST WIND DIRECTION     N (20)
  HIGHEST GUST SPEED    22   HIGHEST GUST DIRECTION     N (10)
  AVERAGE WIND SPEED     6.9


SKY COVER
  POSSIBLE SUNSHINE  MM
  AVERAGE SKY COVER 0.1


WEATHER CONDITIONS
 THE FOLLOWING WEATHER WAS RECORDED YESTERDAY.
  NO SIGNIFICANT WEATHER WAS OBSERVED.


RELATIVE HUMIDITY (PERCENT)
 HIGHEST    85          1000 PM
 LOWEST     27           400 PM
 AVERAGE    56

..........................................................


THE VICKSBURG CLIMATE NORMALS FOR TODAY
                         NORMAL    RECORD    YEAR
 MAXIMUM TEMPERATURE (F)   63        82      1951
 MINIMUM TEMPERATURE (F)   42        21      1974


SUNRISE AND SUNSET
FEBRUARY 26 2017......SUNRISE   635 AM CST   SUNSET   600 PM CST
FEBRUARY 27 2017......SUNRISE   634 AM CST   SUNSET   600 PM CST


-  INDICATES NEGATIVE NUMBERS.
R  INDICATES RECORD WAS SET OR TIED.
MM INDICATES DATA IS MISSING.
T  INDICATES TRACE AMOUNT.




$$
