000
CDUS44 KJAN 252111
CLITVR


CLIMATE REPORT
NATIONAL WEATHER SERVICE JACKSON MS
409 PM CDT MON JUL 25 2016


...................................

...THE VICKSBURG CLIMATE SUMMARY FOR JULY 25 2016...
VALID TODAY AS OF 0400 PM LOCAL TIME.

CLIMATE NORMAL PERIOD 1981 TO 2010
CLIMATE RECORD PERIOD 1948 TO 2016


WEATHER ITEM   OBSERVED TIME   RECORD YEAR NORMAL DEPARTURE LAST
                VALUE   (LST)  VALUE       VALUE  FROM      YEAR
                                                  NORMAL
..................................................................
TEMPERATURE (F)
 TODAY
  MAXIMUM         96    258 PM 101    1952  92      4      100
  MINIMUM         74    529 AM  63    2009  71      3       73
  AVERAGE         85                        82      3       87

PRECIPITATION (IN)
  TODAY            0.00          2.12 1971   0.11  -0.11     0.59
  MONTH TO DATE    1.81                      2.97  -1.16     1.72
  SINCE JUN 1      5.32                      6.96  -1.64     6.97
  SINCE JAN 1     40.79                     32.26   8.53    37.24

SNOWFALL (IN)
  TODAY            0.0

DEGREE DAYS
 HEATING
  TODAY            0                         0      0        0
  MONTH TO DATE    0                         0      0        0
  SINCE JUN 1      0                         0      0        0
  SINCE JUL 1      0                         0      0        0

 COOLING
  TODAY           20                        17      3       22
  MONTH TO DATE  500                       411     89      468
  SINCE JUN 1   1019                       829    190      952
  SINCE JAN 1   1534                      1199    335     1398
..................................................................


WIND (MPH)
  HIGHEST WIND SPEED    10   HIGHEST WIND DIRECTION     E (90)
  HIGHEST GUST SPEED    13   HIGHEST GUST DIRECTION     E (100)
  AVERAGE WIND SPEED     3.7


SKY COVER
  POSSIBLE SUNSHINE  MM
  AVERAGE SKY COVER 0.1


WEATHER CONDITIONS
 THE FOLLOWING WEATHER WAS RECORDED TODAY.
  FOG


RELATIVE HUMIDITY (PERCENT)
 HIGHEST    94           200 AM
 LOWEST     49           100 PM
 AVERAGE    72

..........................................................


THE VICKSBURG CLIMATE NORMALS FOR TOMORROW
                         NORMAL    RECORD    YEAR
 MAXIMUM TEMPERATURE (F)   93       101      2008
 MINIMUM TEMPERATURE (F)   71        63      2013


SUNRISE AND SUNSET
JULY 25 2016..........SUNRISE   615 AM CDT   SUNSET   806 PM CDT
JULY 26 2016..........SUNRISE   615 AM CDT   SUNSET   806 PM CDT


-  INDICATES NEGATIVE NUMBERS.
R  INDICATES RECORD WAS SET OR TIED.
MM INDICATES DATA IS MISSING.
T  INDICATES TRACE AMOUNT.




$$
