000
CDUS44 KJAN 280727
CLITVR


CLIMATE REPORT
NATIONAL WEATHER SERVICE JACKSON MS
224 AM CDT THU MAY 28 2015


...................................

...THE VICKSBURG CLIMATE SUMMARY FOR MAY 27 2015...

CLIMATE NORMAL PERIOD 1981 TO 2010
CLIMATE RECORD PERIOD 1948 TO 2015


WEATHER ITEM   OBSERVED TIME   RECORD YEAR NORMAL DEPARTURE LAST
                VALUE   (LST)  VALUE       VALUE  FROM      YEAR
                                                  NORMAL
..................................................................
TEMPERATURE (F)
 YESTERDAY
  MAXIMUM         82    449 PM  95    1964  87     -5       84
                                      1953
  MINIMUM         68   1159 PM  45    1961  65      3       68
  AVERAGE         75                        76     -1       76

PRECIPITATION (IN)
  YESTERDAY        T             1.21 1976   0.14  -0.14     0.44
  MONTH TO DATE    8.09                      4.45   3.64     2.38
  SINCE MAR 1     18.37                     14.45   3.92    21.36
  SINCE JAN 1     29.62                     24.79   4.83    26.78

SNOWFALL (IN)
  YESTERDAY        0.0

DEGREE DAYS
 HEATING
  YESTERDAY        0                         0      0        0
  MONTH TO DATE    3                         9     -6       25
  SINCE MAR 1    264                       374   -110      481
  SINCE JUL 1   2522                      2350    172     2890

 COOLING
  YESTERDAY       10                        11     -1       11
  MONTH TO DATE  243                       208     35      190
  SINCE MAR 1    397                       317     80      303
  SINCE JAN 1    397                       326     71      310
..................................................................


WIND (MPH)
  HIGHEST WIND SPEED    12   HIGHEST WIND DIRECTION     S (180)
  HIGHEST GUST SPEED    15   HIGHEST GUST DIRECTION     S (180)
  AVERAGE WIND SPEED     3.1


SKY COVER
  POSSIBLE SUNSHINE  MM
  AVERAGE SKY COVER 0.5


WEATHER CONDITIONS
 THE FOLLOWING WEATHER WAS RECORDED YESTERDAY.
  LIGHT RAIN


RELATIVE HUMIDITY (PERCENT)
 HIGHEST    93          1200 AM
 LOWEST     62           400 PM
 AVERAGE    78

..........................................................


THE VICKSBURG CLIMATE NORMALS FOR TODAY
                         NORMAL    RECORD    YEAR
 MAXIMUM TEMPERATURE (F)   87        95      1978
                                             1964
                                             1953
 MINIMUM TEMPERATURE (F)   65        42      1961


SUNRISE AND SUNSET
MAY 28 2015...........SUNRISE   559 AM CDT   SUNSET   804 PM CDT
MAY 29 2015...........SUNRISE   559 AM CDT   SUNSET   804 PM CDT


-  INDICATES NEGATIVE NUMBERS.
R  INDICATES RECORD WAS SET OR TIED.
MM INDICATES DATA IS MISSING.
T  INDICATES TRACE AMOUNT.




$$
