000
CDUS44 KJAN 220658
CLITVR


CLIMATE REPORT
NATIONAL WEATHER SERVICE JACKSON MS
156 AM CDT TUE JUL 22 2014


...................................

...THE VICKSBURG CLIMATE SUMMARY FOR JULY 21 2014...

CLIMATE NORMAL PERIOD 1981 TO 2010
CLIMATE RECORD PERIOD 1948 TO 2014


WEATHER ITEM   OBSERVED TIME   RECORD YEAR NORMAL DEPARTURE LAST
                VALUE   (LST)  VALUE       VALUE  FROM      YEAR
                                                  NORMAL
..................................................................
TEMPERATURE (F)
 YESTERDAY
  MAXIMUM         89    347 PM 101    2000  92     -3       91
  MINIMUM         65    112 AM  61    1971  71     -6       69
  AVERAGE         77                        82     -5       80

PRECIPITATION (IN)
  YESTERDAY        0.00          1.00 1977   0.11  -0.11     0.00
  MONTH TO DATE    2.87                      2.54   0.33     1.11
  SINCE JUN 1      9.42                      6.53   2.89     6.44
  SINCE JAN 1     37.75                     31.83   5.92    41.76

SNOWFALL (IN)
  YESTERDAY        0.0

DEGREE DAYS
 HEATING
  YESTERDAY        0                         0      0        0
  MONTH TO DATE    0                         0      0        0
  SINCE JUN 1      0                         0      0        0
  SINCE JUL 1      0                         0      0        0

 COOLING
  YESTERDAY       12                        17     -5       15
  MONTH TO DATE  262                       343    -81      291
  SINCE JUN 1    686                       761    -75      732
  SINCE JAN 1   1036                      1131    -95     1062
..................................................................


WIND (MPH)
  HIGHEST WIND SPEED     8   HIGHEST WIND DIRECTION     N (20)
  HIGHEST GUST SPEED    12   HIGHEST GUST DIRECTION     N (360)
  AVERAGE WIND SPEED     3.1


SKY COVER
  POSSIBLE SUNSHINE  MM
  AVERAGE SKY COVER 0.4


WEATHER CONDITIONS
 THE FOLLOWING WEATHER WAS RECORDED YESTERDAY.
  LIGHT RAIN
  FOG


RELATIVE HUMIDITY (PERCENT)
 HIGHEST   100           100 AM
 LOWEST     53           100 PM
 AVERAGE    77

..........................................................


THE VICKSBURG CLIMATE NORMALS FOR TODAY
                         NORMAL    RECORD    YEAR
 MAXIMUM TEMPERATURE (F)   92        98      1976
                                             1960
                                             1952
 MINIMUM TEMPERATURE (F)   71        60      2007


SUNRISE AND SUNSET
JULY 22 2014..........SUNRISE   612 AM CDT   SUNSET   809 PM CDT
JULY 23 2014..........SUNRISE   613 AM CDT   SUNSET   808 PM CDT


-  INDICATES NEGATIVE NUMBERS.
R  INDICATES RECORD WAS SET OR TIED.
MM INDICATES DATA IS MISSING.
T  INDICATES TRACE AMOUNT.




$$
