000
CDUS44 KJAN 230637
CLITVR


CLIMATE REPORT
NATIONAL WEATHER SERVICE JACKSON MS
1235 AM CST SUN NOV 23 2014


...................................

...THE VICKSBURG CLIMATE SUMMARY FOR NOVEMBER 22 2014...

CLIMATE NORMAL PERIOD 1981 TO 2010
CLIMATE RECORD PERIOD 1948 TO 2014


WEATHER ITEM   OBSERVED TIME   RECORD YEAR NORMAL DEPARTURE LAST
                VALUE   (LST)  VALUE       VALUE  FROM      YEAR
                                                  NORMAL
..................................................................
TEMPERATURE (F)
 YESTERDAY
  MAXIMUM         71   1252 PM  82    2010  65      6       67
                                      1965
  MINIMUM         52    423 AM  21    1949  42     10       51
  AVERAGE         62                        54      8       59

PRECIPITATION (IN)
  YESTERDAY        T             1.41 1957   0.18  -0.18     1.22
  MONTH TO DATE    3.60                      3.39   0.21     2.06
  SINCE SEP 1      9.46                     10.95  -1.49    11.26
  SINCE JAN 1     53.70                     47.52   6.18    59.41

SNOWFALL (IN)
  YESTERDAY        0.0

DEGREE DAYS
 HEATING
  YESTERDAY        3                        12     -9        6
  MONTH TO DATE  345                       195    150      230
  SINCE SEP 1    428                       297    131      331
  SINCE JUL 1    428                       297    131      331

 COOLING
  YESTERDAY        0                         0      0        0
  MONTH TO DATE    4                        12     -8       16
  SINCE SEP 1    528                       432     96      557
  SINCE JAN 1   2186                      2221    -35     2264
..................................................................


WIND (MPH)
  HIGHEST WIND SPEED    17   HIGHEST WIND DIRECTION    SE (140)
  HIGHEST GUST SPEED    22   HIGHEST GUST DIRECTION    SE (140)
  AVERAGE WIND SPEED     8.9


SKY COVER
  POSSIBLE SUNSHINE  MM
  AVERAGE SKY COVER 0.3


WEATHER CONDITIONS
 THE FOLLOWING WEATHER WAS RECORDED YESTERDAY.
  LIGHT RAIN


RELATIVE HUMIDITY (PERCENT)
 HIGHEST    83          1200 AM
 LOWEST     52          1000 AM
 AVERAGE    68

..........................................................


THE VICKSBURG CLIMATE NORMALS FOR TODAY
                         NORMAL    RECORD    YEAR
 MAXIMUM TEMPERATURE (F)   65        85      2010
 MINIMUM TEMPERATURE (F)   42        22      1976


SUNRISE AND SUNSET
NOVEMBER 23 2014......SUNRISE   641 AM CST   SUNSET   500 PM CST
NOVEMBER 24 2014......SUNRISE   642 AM CST   SUNSET   500 PM CST


-  INDICATES NEGATIVE NUMBERS.
R  INDICATES RECORD WAS SET OR TIED.
MM INDICATES DATA IS MISSING.
T  INDICATES TRACE AMOUNT.




$$
