000
CDUS44 KJAN 261047
CLITVR


CLIMATE REPORT
NATIONAL WEATHER SERVICE JACKSON MS
445 AM CST MON JAN 26 2015


...................................

...THE VICKSBURG CLIMATE SUMMARY FOR JANUARY 25 2015...

CLIMATE NORMAL PERIOD 1981 TO 2010
CLIMATE RECORD PERIOD 1948 TO 2015


WEATHER ITEM   OBSERVED TIME   RECORD YEAR NORMAL DEPARTURE LAST
                VALUE   (LST)  VALUE       VALUE  FROM      YEAR
                                                  NORMAL
..................................................................
TEMPERATURE (F)
 YESTERDAY
  MAXIMUM         68    210 PM  80    1972  56     12       57
  MINIMUM         39    737 AM   9    1963  36      3       23
  AVERAGE         54                        46      8       40

PRECIPITATION (IN)
  YESTERDAY        0.00          2.37 2012   0.17  -0.17     0.00
  MONTH TO DATE    5.57                      3.97   1.60     2.26
  SINCE DEC 1     10.16                      9.58   0.58     6.61
  SINCE JAN 1      5.57                      3.97   1.60     2.26

SNOWFALL (IN)
  YESTERDAY        0.0

DEGREE DAYS
 HEATING
  YESTERDAY       11                        19     -8       25
  MONTH TO DATE  543                       496     47      590
  SINCE DEC 1   1005                      1031    -26     1185
  SINCE JUL 1   1543                      1433    110     1715

 COOLING
  YESTERDAY        0                         0      0        0
  MONTH TO DATE    0                         0      0        0
  SINCE DEC 1      4                         6     -2       16
  SINCE JAN 1      0                         0      0        0
..................................................................


WIND (MPH)
  HIGHEST WIND SPEED    20   HIGHEST WIND DIRECTION     W (270)
  HIGHEST GUST SPEED    28   HIGHEST GUST DIRECTION     W (260)
  AVERAGE WIND SPEED     8.1


SKY COVER
  POSSIBLE SUNSHINE  MM
  AVERAGE SKY COVER 0.2


WEATHER CONDITIONS
 THE FOLLOWING WEATHER WAS RECORDED YESTERDAY.
  NO SIGNIFICANT WEATHER WAS OBSERVED.


RELATIVE HUMIDITY (PERCENT)
 HIGHEST    86           600 AM
 LOWEST     34           400 PM
 AVERAGE    60

..........................................................


THE VICKSBURG CLIMATE NORMALS FOR TODAY
                         NORMAL    RECORD    YEAR
 MAXIMUM TEMPERATURE (F)   56        81      1952
 MINIMUM TEMPERATURE (F)   36        20      1985
                                             1963


SUNRISE AND SUNSET
JANUARY 26 2015.......SUNRISE   702 AM CST   SUNSET   532 PM CST
JANUARY 27 2015.......SUNRISE   701 AM CST   SUNSET   533 PM CST


-  INDICATES NEGATIVE NUMBERS.
R  INDICATES RECORD WAS SET OR TIED.
MM INDICATES DATA IS MISSING.
T  INDICATES TRACE AMOUNT.




$$
