397
CDUS44 KJAN 310715
CLITVR


CLIMATE REPORT
NATIONAL WEATHER SERVICE JACKSON MS
209 AM CDT TUE MAY 31 2016


...................................

...THE VICKSBURG CLIMATE SUMMARY FOR MAY 30 2016...

CLIMATE NORMAL PERIOD 1981 TO 2010
CLIMATE RECORD PERIOD 1948 TO 2016


WEATHER ITEM   OBSERVED TIME   RECORD YEAR NORMAL DEPARTURE LAST
                VALUE   (LST)  VALUE       VALUE  FROM      YEAR
                                                  NORMAL
..................................................................
TEMPERATURE (F)
 YESTERDAY
  MAXIMUM         94    240 PM  97    1977  87      7       87
                                      1951
  MINIMUM         67    352 AM  45    1984  65      2       67
  AVERAGE         81                        76      5       77

PRECIPITATION (IN)
  YESTERDAY        0.00          1.77 1998   0.12  -0.12     0.28
  MONTH TO DATE    2.84                      4.84  -2.00     8.57
  SINCE MAR 1     25.47                     14.84  10.63    18.85
  SINCE JAN 1     35.47                     25.18  10.29    30.10

SNOWFALL (IN)
  YESTERDAY        0.0

DEGREE DAYS
 HEATING
  YESTERDAY        0                         0      0        0
  MONTH TO DATE    0                         9     -9        3
  SINCE MAR 1    129                       374   -245      264
  SINCE JUL 1   1507                      2350   -843     2522

 COOLING
  YESTERDAY       16                        11      5       12
  MONTH TO DATE  272                       241     31      282
  SINCE MAR 1    488                       350    138      436
  SINCE JAN 1    500                       359    141      436
..................................................................


WIND (MPH)
  HIGHEST WIND SPEED     9   HIGHEST WIND DIRECTION     S (160)
  HIGHEST GUST SPEED    12   HIGHEST GUST DIRECTION     S (180)
  AVERAGE WIND SPEED     2.9


SKY COVER
  POSSIBLE SUNSHINE  MM
  AVERAGE SKY COVER 0.1


WEATHER CONDITIONS
 THE FOLLOWING WEATHER WAS RECORDED YESTERDAY.
  NO SIGNIFICANT WEATHER WAS OBSERVED.


RELATIVE HUMIDITY (PERCENT)
 HIGHEST    93           300 AM
 LOWEST     41           100 PM
 AVERAGE    67

..........................................................


THE VICKSBURG CLIMATE NORMALS FOR TODAY
                         NORMAL    RECORD    YEAR
 MAXIMUM TEMPERATURE (F)   88        97      1977
                                             1951
 MINIMUM TEMPERATURE (F)   65        45      1984


SUNRISE AND SUNSET
MAY 31 2016...........SUNRISE   558 AM CDT   SUNSET   806 PM CDT
JUNE  1 2016..........SUNRISE   558 AM CDT   SUNSET   807 PM CDT


-  INDICATES NEGATIVE NUMBERS.
R  INDICATES RECORD WAS SET OR TIED.
MM INDICATES DATA IS MISSING.
T  INDICATES TRACE AMOUNT.




$$
