000
CDUS44 KJAN 120754
CLITVR


CLIMATE REPORT
NATIONAL WEATHER SERVICE JACKSON MS
151 AM CST FRI FEB 12 2016


...................................

...THE VICKSBURG CLIMATE SUMMARY FOR FEBRUARY 11 2016...

CLIMATE NORMAL PERIOD 1981 TO 2010
CLIMATE RECORD PERIOD 1948 TO 2016


WEATHER ITEM   OBSERVED TIME   RECORD YEAR NORMAL DEPARTURE LAST
                VALUE   (LST)  VALUE       VALUE  FROM      YEAR
                                                  NORMAL
..................................................................
TEMPERATURE (F)
 YESTERDAY
  MAXIMUM         78    322 PM  79    1999  59     19       67
  MINIMUM         47   1153 PM  17    2011  39      8       30
                                      1981
  AVERAGE         63                        49     14       49

PRECIPITATION (IN)
  YESTERDAY        0.00          2.40 1985   0.21  -0.21     0.00
  MONTH TO DATE    0.28                      1.99  -1.71     0.43
  SINCE DEC 1     11.53                     12.67  -1.14    10.59
  SINCE JAN 1      5.98                      7.06  -1.08     6.00

SNOWFALL (IN)
  YESTERDAY        0.0

DEGREE DAYS
 HEATING
  YESTERDAY        2                        16    -14       16
  MONTH TO DATE  162                       191    -29      202
  SINCE DEC 1   1025                      1333   -308     1291
  SINCE JUL 1   1214                      1735   -521     1829

 COOLING
  YESTERDAY        0                         0      0        0
  MONTH TO DATE    5                         0      5        0
  SINCE DEC 1     68                         9     59        4
  SINCE JAN 1      6                         3      3        0
..................................................................


WIND (MPH)
  HIGHEST WIND SPEED    15   HIGHEST WIND DIRECTION     W (280)
  HIGHEST GUST SPEED    22   HIGHEST GUST DIRECTION     W (260)
  AVERAGE WIND SPEED     6.2


SKY COVER
  POSSIBLE SUNSHINE  MM
  AVERAGE SKY COVER 0.0


WEATHER CONDITIONS
 THE FOLLOWING WEATHER WAS RECORDED YESTERDAY.
  NO SIGNIFICANT WEATHER WAS OBSERVED.


RELATIVE HUMIDITY (PERCENT)
 HIGHEST    80           700 AM
 LOWEST     24           300 PM
 AVERAGE    52

..........................................................


THE VICKSBURG CLIMATE NORMALS FOR TODAY
                         NORMAL    RECORD    YEAR
 MAXIMUM TEMPERATURE (F)   59        79      1999
 MINIMUM TEMPERATURE (F)   39        15      1981


SUNRISE AND SUNSET
FEBRUARY 12 2016......SUNRISE   650 AM CST   SUNSET   547 PM CST
FEBRUARY 13 2016......SUNRISE   649 AM CST   SUNSET   548 PM CST


-  INDICATES NEGATIVE NUMBERS.
R  INDICATES RECORD WAS SET OR TIED.
MM INDICATES DATA IS MISSING.
T  INDICATES TRACE AMOUNT.




$$
