000
CDUS45 KBOI 050931
CLITWF


CLIMATE REPORT
NATIONAL WEATHER SERVICE BOISE ID
231 AM MST THU MAR 5 2015


...................................

...THE TWIN FALLS ID CLIMATE SUMMARY FOR MARCH 4 2015...

CLIMATE NORMAL PERIOD 1981 TO 2010
CLIMATE RECORD PERIOD 9999 TO 9999


WEATHER ITEM   OBSERVED TIME   NORMAL DEPARTURE LAST
                VALUE   (LST)  VALUE  FROM      YEAR
                                      NORMAL
......................................................
TEMPERATURE (F)
 YESTERDAY
  MAXIMUM         42    459 PM  49     -7       54
  MINIMUM         21    724 AM  28     -7       41
  AVERAGE         32

PRECIPITATION (IN)
  YESTERDAY        0.00          0.02  -0.02     0.13
  MONTH TO DATE    0.00          0.09  -0.09     0.57
  SINCE OCT 1      4.39          5.13  -0.74     3.28
  SINCE JAN 1      1.39          1.88  -0.49     2.81

DEGREE DAYS
 HEATING
  YESTERDAY       33            27      6       17
  MONTH TO DATE  124           109     15       74
  SINCE MAR 1    124           109     15       74
  SINCE JUL 1   3817          4676   -859     4327

 COOLING
  YESTERDAY        0             0      0        0
  MONTH TO DATE    0             0      0        0
  SINCE MAR 1      0             0      0        0
  SINCE JAN 1      0             0      0        0
......................................................


WIND (MPH)
  HIGHEST WIND SPEED    22   HIGHEST WIND DIRECTION    SW (220)
  HIGHEST GUST SPEED    27   HIGHEST GUST DIRECTION    SW (230)
  AVERAGE WIND SPEED    12.8


SKY COVER
  AVERAGE SKY COVER 0.0


WEATHER CONDITIONS
 THE FOLLOWING WEATHER WAS RECORDED YESTERDAY.
  NO SIGNIFICANT WEATHER WAS OBSERVED.


RELATIVE HUMIDITY (PERCENT)
 HIGHEST    57           600 AM
 LOWEST     23           200 PM
 AVERAGE    40

..........................................................




SUNRISE AND SUNSET
MARCH  5 2015.........SUNRISE   707 AM MST   SUNSET   632 PM MST
MARCH  6 2015.........SUNRISE   705 AM MST   SUNSET   634 PM MST


-  INDICATES NEGATIVE NUMBERS.
R  INDICATES RECORD WAS SET OR TIED.
MM INDICATES DATA IS MISSING.
T  INDICATES TRACE AMOUNT.




$$
