000
CDUS45 KBOI 270931
CLITWF


CLIMATE REPORT
NATIONAL WEATHER SERVICE BOISE ID
331 AM MDT THU AUG 27 2015


...................................

...THE TWIN FALLS ID CLIMATE SUMMARY FOR AUGUST 26 2015...

CLIMATE NORMAL PERIOD 1981 TO 2010
CLIMATE RECORD PERIOD 9999 TO 9999


WEATHER ITEM   OBSERVED TIME   NORMAL DEPARTURE LAST
                VALUE   (LST)  VALUE  FROM      YEAR
                                      NORMAL
......................................................
TEMPERATURE (F)
 YESTERDAY
  MAXIMUM         96    225 PM  86     10       77
  MINIMUM         66    602 AM  54     12       52
  AVERAGE         81

PRECIPITATION (IN)
  YESTERDAY        T             0.01  -0.01     0.00
  MONTH TO DATE    0.40          0.25   0.15     5.55
  SINCE OCT 1      8.51         10.06  -1.55    12.70
  SINCE JAN 1      5.51          6.81  -1.30    12.23

DEGREE DAYS
 HEATING
  YESTERDAY        0             1     -1        0
  MONTH TO DATE    0             4     -4       16
  SINCE JUN 1     10            97    -87       74
  SINCE JUL 1      3            10     -7       16

 COOLING
  YESTERDAY       16             6     10        0
  MONTH TO DATE  260           207     53      181
  SINCE JUN 1    818           571    247      702
  SINCE JAN 1    834           593    241      735
......................................................


WIND (MPH)
  HIGHEST WIND SPEED    24   HIGHEST WIND DIRECTION     N (360)
  HIGHEST GUST SPEED    32   HIGHEST GUST DIRECTION     N (10)
  AVERAGE WIND SPEED    11.2


SKY COVER
  AVERAGE SKY COVER 0.1


WEATHER CONDITIONS
 THE FOLLOWING WEATHER WAS RECORDED YESTERDAY.
  NO SIGNIFICANT WEATHER WAS OBSERVED.


RELATIVE HUMIDITY (PERCENT)
 HIGHEST    44          1100 PM
 LOWEST     18           600 PM
 AVERAGE    31

..........................................................




SUNRISE AND SUNSET
AUGUST 27 2015........SUNRISE   657 AM MDT   SUNSET   821 PM MDT
AUGUST 28 2015........SUNRISE   659 AM MDT   SUNSET   819 PM MDT


-  INDICATES NEGATIVE NUMBERS.
R  INDICATES RECORD WAS SET OR TIED.
MM INDICATES DATA IS MISSING.
T  INDICATES TRACE AMOUNT.




$$
