000
CDUS45 KBOI 200930
CLITWF


CLIMATE REPORT
NATIONAL WEATHER SERVICE BOISE ID
330 AM MDT SUN AUG 20 2017


...................................

...THE TWIN FALLS ID CLIMATE SUMMARY FOR AUGUST 19 2017...

CLIMATE NORMAL PERIOD 1981 TO 2010
CLIMATE RECORD PERIOD 9999 TO 9999


WEATHER ITEM   OBSERVED TIME   NORMAL DEPARTURE LAST
                VALUE   (LST)  VALUE  FROM      YEAR
                                      NORMAL
......................................................
TEMPERATURE (F)
 YESTERDAY
  MAXIMUM         86    459 PM  88     -2       83
  MINIMUM         59    555 AM  55      4       56
  AVERAGE         73

PRECIPITATION (IN)
  YESTERDAY        0.00          0.01  -0.01     0.00
  MONTH TO DATE    0.02          0.20  -0.18     0.01
  SINCE OCT 1     11.89         10.01   1.88    10.97
  SINCE JAN 1      7.39          6.76   0.63     6.59

DEGREE DAYS
 HEATING
  YESTERDAY        0             0      0        0
  MONTH TO DATE    2             0      2        1
  SINCE JUN 1     76            93    -17       75
  SINCE JUL 1      2             6     -4       22

 COOLING
  YESTERDAY        8             7      1        5
  MONTH TO DATE  163           164     -1      153
  SINCE JUN 1    640           528    112      552
  SINCE JAN 1    649           550     99      555
......................................................


WIND (MPH)
  HIGHEST WIND SPEED    16   HIGHEST WIND DIRECTION     S (190)
  HIGHEST GUST SPEED    20   HIGHEST GUST DIRECTION     S (200)
  AVERAGE WIND SPEED    10.7


SKY COVER
  AVERAGE SKY COVER 0.0


WEATHER CONDITIONS
 THE FOLLOWING WEATHER WAS RECORDED YESTERDAY.
  NO SIGNIFICANT WEATHER WAS OBSERVED.


RELATIVE HUMIDITY (PERCENT)
 HIGHEST    37           600 AM
 LOWEST     17           200 PM
 AVERAGE    27

..........................................................




SUNRISE AND SUNSET
AUGUST 20 2017........SUNRISE   651 AM MDT   SUNSET   831 PM MDT
AUGUST 21 2017........SUNRISE   652 AM MDT   SUNSET   830 PM MDT


-  INDICATES NEGATIVE NUMBERS.
R  INDICATES RECORD WAS SET OR TIED.
MM INDICATES DATA IS MISSING.
T  INDICATES TRACE AMOUNT.




$$
