000
CDUS45 KBOI 140931
CLITWF


CLIMATE REPORT
NATIONAL WEATHER SERVICE BOISE ID
331 AM MDT SUN SEP 14 2014


...................................

...THE TWIN FALLS ID CLIMATE SUMMARY FOR SEPTEMBER 13 2014...

CLIMATE NORMAL PERIOD 1981 TO 2010
CLIMATE RECORD PERIOD 9999 TO 9999


WEATHER ITEM   OBSERVED TIME   NORMAL DEPARTURE LAST
                VALUE   (LST)  VALUE  FROM      YEAR
                                      NORMAL
......................................................
TEMPERATURE (F)
 YESTERDAY
  MAXIMUM         83    455 PM  79      4       74
  MINIMUM         42    409 AM  48     -6       56
  AVERAGE         63

PRECIPITATION (IN)
  YESTERDAY        0.00          0.02  -0.02     0.01
  MONTH TO DATE    0.00          0.21  -0.21     0.71
  SINCE OCT 1     12.72         10.34   2.38     7.08
  SINCE JAN 1     12.25          7.09   5.16     3.90

DEGREE DAYS
 HEATING
  YESTERDAY        2             4     -2        0
  MONTH TO DATE   41            34      7        0
  SINCE SEP 1     41            34      7        0
  SINCE JUL 1     60            55      5        0

 COOLING
  YESTERDAY        0             2     -2        0
  MONTH TO DATE   16            44    -28       76
  SINCE SEP 1     16            44    -28       76
  SINCE JAN 1    775           661    114     1115
......................................................


WIND (MPH)
  HIGHEST WIND SPEED    14   HIGHEST WIND DIRECTION     S (190)
  HIGHEST GUST SPEED    14   HIGHEST GUST DIRECTION     S (190)
  AVERAGE WIND SPEED     5.0


SKY COVER
  AVERAGE SKY COVER 0.0


WEATHER CONDITIONS
 THE FOLLOWING WEATHER WAS RECORDED YESTERDAY.
  NO SIGNIFICANT WEATHER WAS OBSERVED.


RELATIVE HUMIDITY (PERCENT)
 HIGHEST    62           400 AM
 LOWEST     16           500 PM
 AVERAGE    39

..........................................................




SUNRISE AND SUNSET
SEPTEMBER 14 2014.....SUNRISE   717 AM MDT   SUNSET   749 PM MDT
SEPTEMBER 15 2014.....SUNRISE   718 AM MDT   SUNSET   748 PM MDT


-  INDICATES NEGATIVE NUMBERS.
R  INDICATES RECORD WAS SET OR TIED.
MM INDICATES DATA IS MISSING.
T  INDICATES TRACE AMOUNT.




$$
