000
CDUS45 KBOI 060930
CLITWF


CLIMATE REPORT
NATIONAL WEATHER SERVICE BOISE ID
330 AM MDT MON JUL 6 2015


...................................

...THE TWIN FALLS ID CLIMATE SUMMARY FOR JULY 5 2015...

CLIMATE NORMAL PERIOD 1981 TO 2010
CLIMATE RECORD PERIOD 9999 TO 9999


WEATHER ITEM   OBSERVED TIME   NORMAL DEPARTURE LAST
                VALUE   (LST)  VALUE  FROM      YEAR
                                      NORMAL
......................................................
TEMPERATURE (F)
 YESTERDAY
  MAXIMUM         87   1214 PM  87      0       95
  MINIMUM         66   1141 PM  56     10       69
  AVERAGE         77

PRECIPITATION (IN)
  YESTERDAY        T             0.01  -0.01     0.00
  MONTH TO DATE    T             0.07  -0.07     0.00
  SINCE OCT 1      7.40          9.58  -2.18     6.92
  SINCE JAN 1      4.40          6.33  -1.93     6.45

DEGREE DAYS
 HEATING
  YESTERDAY        0             0      0        0
  MONTH TO DATE    0             3     -3        0
  SINCE JUN 1      7            90    -83       58
  SINCE JUL 1      0             3     -3        0

 COOLING
  YESTERDAY       12             7      5       17
  MONTH TO DATE  101            32     69       61
  SINCE JUN 1    367           119    248      148
  SINCE JAN 1    383           141    242      181
......................................................


WIND (MPH)
  HIGHEST WIND SPEED    23   HIGHEST WIND DIRECTION     W (270)
  HIGHEST GUST SPEED    29   HIGHEST GUST DIRECTION     W (260)
  AVERAGE WIND SPEED    12.9


SKY COVER
  AVERAGE SKY COVER 0.2


WEATHER CONDITIONS
 THE FOLLOWING WEATHER WAS RECORDED YESTERDAY.
  NO SIGNIFICANT WEATHER WAS OBSERVED.


RELATIVE HUMIDITY (PERCENT)
 HIGHEST    53          1000 PM
 LOWEST     27           200 PM
 AVERAGE    40

..........................................................




SUNRISE AND SUNSET
JULY  6 2015..........SUNRISE   607 AM MDT   SUNSET   918 PM MDT
JULY  7 2015..........SUNRISE   608 AM MDT   SUNSET   917 PM MDT


-  INDICATES NEGATIVE NUMBERS.
R  INDICATES RECORD WAS SET OR TIED.
MM INDICATES DATA IS MISSING.
T  INDICATES TRACE AMOUNT.




$$
