000
CDUS45 KBOI 160931
CLITWF


CLIMATE REPORT
NATIONAL WEATHER SERVICE BOISE ID
231 AM MST TUE JAN 16 2018


...................................

...THE TWIN FALLS ID CLIMATE SUMMARY FOR JANUARY 15 2018...

CLIMATE NORMAL PERIOD 1981 TO 2010
CLIMATE RECORD PERIOD 9999 TO 9999


WEATHER ITEM   OBSERVED TIME   NORMAL DEPARTURE LAST
                VALUE   (LST)  VALUE  FROM      YEAR
                                      NORMAL
......................................................
TEMPERATURE (F)
 YESTERDAY
  MAXIMUM         44    300 PM  38      6       16
  MINIMUM         26    839 AM  22      4        5
  AVERAGE         35

PRECIPITATION (IN)
  YESTERDAY        0.00          0.02  -0.02      T
  MONTH TO DATE    0.64          0.61   0.03     0.78
  SINCE OCT 1      3.20          3.86  -0.66     5.28
  SINCE JAN 1      0.64          0.61   0.03     0.78

DEGREE DAYS
 HEATING
  YESTERDAY       30            35     -5       54
  MONTH TO DATE  459           539    -80      682
  SINCE DEC 1   1610          1668    -58     1940
  SINCE JUL 1   3144          3106     38     3242

 COOLING
  YESTERDAY        0             0      0        0
  MONTH TO DATE    0             0      0        0
  SINCE DEC 1      0             0      0        0
  SINCE JAN 1      0             0      0        0
......................................................


WIND (MPH)
  HIGHEST WIND SPEED    21   HIGHEST WIND DIRECTION     E (70)
  HIGHEST GUST SPEED    27   HIGHEST GUST DIRECTION     E (70)
  AVERAGE WIND SPEED    11.3


SKY COVER
  AVERAGE SKY COVER 0.0


WEATHER CONDITIONS
 THE FOLLOWING WEATHER WAS RECORDED YESTERDAY.
  FOG


RELATIVE HUMIDITY (PERCENT)
 HIGHEST   100           100 AM
 LOWEST     70           200 PM
 AVERAGE    85

..........................................................




SUNRISE AND SUNSET
JANUARY 16 2018.......SUNRISE   804 AM MST   SUNSET   532 PM MST
JANUARY 17 2018.......SUNRISE   804 AM MST   SUNSET   533 PM MST


-  INDICATES NEGATIVE NUMBERS.
R  INDICATES RECORD WAS SET OR TIED.
MM INDICATES DATA IS MISSING.
T  INDICATES TRACE AMOUNT.




$$
