000
CDUS45 KBOI 240931
CLITWF


CLIMATE REPORT
NATIONAL WEATHER SERVICE BOISE ID
330 AM MDT SUN JUL 24 2016


...................................

...THE TWIN FALLS ID CLIMATE SUMMARY FOR JULY 23 2016...

CLIMATE NORMAL PERIOD 1981 TO 2010
CLIMATE RECORD PERIOD 9999 TO 9999


WEATHER ITEM   OBSERVED TIME   NORMAL DEPARTURE LAST
                VALUE   (LST)  VALUE  FROM      YEAR
                                      NORMAL
......................................................
TEMPERATURE (F)
 YESTERDAY
  MAXIMUM         84    432 PM  91     -7       82
  MINIMUM         58    542 AM  59     -1       59
  AVERAGE         71

PRECIPITATION (IN)
  YESTERDAY        0.00          0.00   0.00     0.02
  MONTH TO DATE    0.15          0.22  -0.07     0.63
  SINCE OCT 1     10.96          9.73   1.23     8.03
  SINCE JAN 1      6.58          6.48   0.10     5.03

DEGREE DAYS
 HEATING
  YESTERDAY        0             0      0        0
  MONTH TO DATE   21             3     18        0
  SINCE JUN 1     74            90    -16        7
  SINCE JUL 1     21             3     18        0

 COOLING
  YESTERDAY        6            10     -4        6
  MONTH TO DATE  148           196    -48      239
  SINCE JUN 1    289           283      6      505
  SINCE JAN 1    292           305    -13      521
......................................................


WIND (MPH)
  HIGHEST WIND SPEED    21   HIGHEST WIND DIRECTION     W (270)
  HIGHEST GUST SPEED    29   HIGHEST GUST DIRECTION     W (260)
  AVERAGE WIND SPEED    13.2


SKY COVER
  AVERAGE SKY COVER 0.0


WEATHER CONDITIONS
 THE FOLLOWING WEATHER WAS RECORDED YESTERDAY.
  NO SIGNIFICANT WEATHER WAS OBSERVED.


RELATIVE HUMIDITY (PERCENT)
 HIGHEST    46           300 AM
 LOWEST     14           400 PM
 AVERAGE    30

..........................................................




SUNRISE AND SUNSET
JULY 24 2016..........SUNRISE   623 AM MDT   SUNSET   906 PM MDT
JULY 25 2016..........SUNRISE   624 AM MDT   SUNSET   905 PM MDT


-  INDICATES NEGATIVE NUMBERS.
R  INDICATES RECORD WAS SET OR TIED.
MM INDICATES DATA IS MISSING.
T  INDICATES TRACE AMOUNT.




$$
