000
CDUS44 KSHV 192245
CLITXK


CLIMATE REPORT
NATIONAL WEATHER SERVICE SHREVEPORT, LA
444 PM CST FRI JAN 19 2018


...................................

...THE TEXARKANA CLIMATE SUMMARY FOR JANUARY 19 2018...
VALID TODAY AS OF 0400 PM LOCAL TIME.

CLIMATE NORMAL PERIOD 1981 TO 2010
CLIMATE RECORD PERIOD 1896 TO 2018


WEATHER ITEM   OBSERVED TIME   RECORD YEAR NORMAL DEPARTURE LAST
                VALUE   (LST)  VALUE       VALUE  FROM      YEAR
                                                  NORMAL
..................................................................
TEMPERATURE (F)
 TODAY
  MAXIMUM         50    330 PM  80    1952  54     -4       56
  MINIMUM         31    138 AM   2    1940  34     -3       48
  AVERAGE         41                        44     -3       52

PRECIPITATION (IN)
  TODAY            0.00          3.90 1935   0.10  -0.10      T
  MONTH TO DATE    2.05                      2.08  -0.03     3.94
  SINCE DEC 1      8.64                      7.13   1.51    10.36
  SINCE JAN 1      2.05                      2.08  -0.03     3.94

SNOWFALL (IN)
  TODAY            0.0
  MONTH TO DATE    T
  SINCE DEC 1      T
  SINCE JUL 1      T
  SNOW DEPTH       0

DEGREE DAYS
 HEATING
  TODAY           24                        21      3       13
  MONTH TO DATE  569                       412    157      291
  SINCE DEC 1   1163                      1021    142      796
  SINCE JUL 1   1519                      1479     40     1030

 COOLING
  TODAY            0                         0      0        0
  MONTH TO DATE    0                         0      0       14
  SINCE DEC 1      2                         3     -1       21
  SINCE JAN 1      0                         0      0       14
..................................................................


WIND (MPH)
  HIGHEST WIND SPEED    14   HIGHEST WIND DIRECTION    SW (210)
  HIGHEST GUST SPEED    16   HIGHEST GUST DIRECTION    SW (210)
  AVERAGE WIND SPEED     8.5


SKY COVER
  POSSIBLE SUNSHINE  MM
  AVERAGE SKY COVER 0.9


WEATHER CONDITIONS
 THE FOLLOWING WEATHER WAS RECORDED TODAY.
  NO SIGNIFICANT WEATHER WAS OBSERVED.


RELATIVE HUMIDITY (PERCENT)
 HIGHEST    54           100 AM
 LOWEST     31           100 PM
 AVERAGE    43

..........................................................


THE TEXARKANA CLIMATE NORMALS FOR TOMORROW
                         NORMAL    RECORD    YEAR
 MAXIMUM TEMPERATURE (F)   54        80      1954
 MINIMUM TEMPERATURE (F)   34        11      1985


SUNRISE AND SUNSET
JANUARY 19 2018.......SUNRISE   719 AM CST   SUNSET   535 PM CST
JANUARY 20 2018.......SUNRISE   718 AM CST   SUNSET   536 PM CST


-  INDICATES NEGATIVE NUMBERS.
R  INDICATES RECORD WAS SET OR TIED.
MM INDICATES DATA IS MISSING.
T  INDICATES TRACE AMOUNT.




$$
