000
CDUS44 KSHV 012232
CLITXK


CLIMATE REPORT
NATIONAL WEATHER SERVICE SHREVEPORT, LA
431 PM CST SUN FEB 1 2015


...................................

...THE TEXARKANA CLIMATE SUMMARY FOR FEBRUARY 1 2015...
VALID TODAY AS OF 0400 PM LOCAL TIME.

CLIMATE NORMAL PERIOD 1981 TO 2010
CLIMATE RECORD PERIOD 1896 TO 2015


WEATHER ITEM   OBSERVED TIME   RECORD YEAR NORMAL DEPARTURE LAST
                VALUE   (LST)  VALUE       VALUE  FROM      YEAR
                                                  NORMAL
..................................................................
TEMPERATURE (F)
 TODAY
  MAXIMUM         58   1239 PM  83    1989  56      2       64
  MINIMUM         50    107 AM   5    1951  35     15       44
  AVERAGE         54                        45      9       54

PRECIPITATION (IN)
  TODAY            0.50          3.48 1950   0.12   0.38     0.74
  MONTH TO DATE    0.50                      0.12   0.38     0.74
  SINCE DEC 1      7.42                      8.57  -1.15     7.30
  SINCE JAN 1      4.74                      3.52   1.22     1.47

SNOWFALL (IN)
  TODAY            0.0
  MONTH TO DATE    0.0
  SINCE DEC 1      T
  SINCE JUL 1      T
  SNOW DEPTH       0

DEGREE DAYS
 HEATING
  TODAY           11                        20     -9       11
  MONTH TO DATE   11                        20     -9       11
  SINCE DEC 1   1232                      1284    -52     1386
  SINCE JUL 1   1742                      1742      0     1911

 COOLING
  TODAY            0                         0      0        0
  MONTH TO DATE    0                         0      0        0
  SINCE DEC 1      1                         4     -3        2
  SINCE JAN 1      0                         1     -1        0
..................................................................


WIND (MPH)
  HIGHEST WIND SPEED    25   HIGHEST WIND DIRECTION    NW (310)
  HIGHEST GUST SPEED    35   HIGHEST GUST DIRECTION    NW (310)
  AVERAGE WIND SPEED    14.5


SKY COVER
  POSSIBLE SUNSHINE  MM
  AVERAGE SKY COVER 1.0


WEATHER CONDITIONS
 THE FOLLOWING WEATHER WAS RECORDED TODAY.
  HEAVY RAIN
  RAIN
  LIGHT RAIN
  FOG


RELATIVE HUMIDITY (PERCENT)
 HIGHEST   100           700 AM
 LOWEST     59           400 PM
 AVERAGE    80

..........................................................


THE TEXARKANA CLIMATE NORMALS FOR TOMORROW
                         NORMAL    RECORD    YEAR
 MAXIMUM TEMPERATURE (F)   56        80      1995
 MINIMUM TEMPERATURE (F)   35        -3      1951


SUNRISE AND SUNSET
FEBRUARY  1 2015......SUNRISE   712 AM CST   SUNSET   547 PM CST
FEBRUARY  2 2015......SUNRISE   711 AM CST   SUNSET   548 PM CST


-  INDICATES NEGATIVE NUMBERS.
R  INDICATES RECORD WAS SET OR TIED.
MM INDICATES DATA IS MISSING.
T  INDICATES TRACE AMOUNT.




$$
