000
CDUS44 KSHV 250745
CLITXK


CLIMATE REPORT
NATIONAL WEATHER SERVICE SHREVEPORT, LA
245 AM CDT MON MAY 25 2015


...................................

...THE TEXARKANA CLIMATE SUMMARY FOR MAY 24 2015...

CLIMATE NORMAL PERIOD 1981 TO 2010
CLIMATE RECORD PERIOD 1896 TO 2015


WEATHER ITEM   OBSERVED TIME   RECORD YEAR NORMAL DEPARTURE LAST
                VALUE   (LST)  VALUE       VALUE  FROM      YEAR
                                                  NORMAL
..................................................................
TEMPERATURE (F)
 YESTERDAY
  MAXIMUM         78    351 PM  95    1939  84     -6       82
  MINIMUM         70   1159 PM  47    1935  63      7       66
  AVERAGE         74                        74      0       74

PRECIPITATION (IN)
  YESTERDAY        0.13          1.27 1959   0.15  -0.02      T
  MONTH TO DATE    5.95                      4.07   1.88     3.25
  SINCE DEC 1     33.82                     24.65   9.17    19.43
  SINCE JAN 1     31.14                     19.60  11.54    13.60

SNOWFALL (IN)
  YESTERDAY        0.0
  MONTH TO DATE    0.0
  SINCE MAR 1      1.0
  SINCE JUL 1      5.2
  SNOW DEPTH       0

DEGREE DAYS
 HEATING
  YESTERDAY        0                         0      0        0
  MONTH TO DATE    8                        12     -4       34
  SINCE MAR 1    430                       421      9      572
  SINCE JUL 1   2811                      2615    196     3040

 COOLING
  YESTERDAY        9                         9      0        9
  MONTH TO DATE  165                       154     11      146
  SINCE MAR 1    262                       247     15      224
  SINCE JAN 1    262                       251     11      224
..................................................................


WIND (MPH)
  HIGHEST WIND SPEED    25   HIGHEST WIND DIRECTION     S (180)
  HIGHEST GUST SPEED    33   HIGHEST GUST DIRECTION     S (170)
  AVERAGE WIND SPEED    11.6


SKY COVER
  POSSIBLE SUNSHINE  MM
  AVERAGE SKY COVER 0.6


WEATHER CONDITIONS
 THE FOLLOWING WEATHER WAS RECORDED YESTERDAY.
  THUNDERSTORM
  HEAVY RAIN
  RAIN
  LIGHT RAIN
  FOG


RELATIVE HUMIDITY (PERCENT)
 HIGHEST    97          1100 PM
 LOWEST     74           400 PM
 AVERAGE    86

..........................................................


THE TEXARKANA CLIMATE NORMALS FOR TODAY
                         NORMAL    RECORD    YEAR
 MAXIMUM TEMPERATURE (F)   84        95      1902
 MINIMUM TEMPERATURE (F)   64        50      1935


SUNRISE AND SUNSET
MAY 25 2015...........SUNRISE   610 AM CDT   SUNSET   816 PM CDT
MAY 26 2015...........SUNRISE   609 AM CDT   SUNSET   817 PM CDT


-  INDICATES NEGATIVE NUMBERS.
R  INDICATES RECORD WAS SET OR TIED.
MM INDICATES DATA IS MISSING.
T  INDICATES TRACE AMOUNT.




$$
