000
CDUS44 KSHV 110838
CLITXK


CLIMATE REPORT
NATIONAL WEATHER SERVICE SHREVEPORT, LA
237 AM CST THU FEB 11 2016


...................................

...THE TEXARKANA CLIMATE SUMMARY FOR FEBRUARY 10 2016...

CLIMATE NORMAL PERIOD 1981 TO 2010
CLIMATE RECORD PERIOD 1896 TO 2016


WEATHER ITEM   OBSERVED TIME   RECORD YEAR NORMAL DEPARTURE LAST
                VALUE   (LST)  VALUE       VALUE  FROM      YEAR
                                                  NORMAL
..................................................................
TEMPERATURE (F)
 YESTERDAY
  MAXIMUM         62    517 PM  81    1922  58      4       59
  MINIMUM         30    741 AM  16    1947  37     -7       35
  AVERAGE         46                        47     -1       47

PRECIPITATION (IN)
  YESTERDAY        0.00          1.06 2006   0.14  -0.14     0.00
  MONTH TO DATE    0.01                      1.28  -1.27     0.52
  SINCE DEC 1      7.94                      9.73  -1.79     7.44
  SINCE JAN 1      1.96                      4.68  -2.72     4.76

SNOWFALL (IN)
  YESTERDAY        0.0
  MONTH TO DATE    0.0
  SINCE DEC 1      0.0
  SINCE JUL 1      0.0
  SNOW DEPTH       0

DEGREE DAYS
 HEATING
  YESTERDAY       19                        18      1       18
  MONTH TO DATE  172                       189    -17      185
  SINCE DEC 1   1173                      1453   -280     1406
  SINCE JUL 1   1457                      1911   -454     1916

 COOLING
  YESTERDAY        0                         0      0        0
  MONTH TO DATE    0                         0      0        0
  SINCE DEC 1     14                         4     10        1
  SINCE JAN 1      1                         1      0        0
..................................................................


WIND (MPH)
  HIGHEST WIND SPEED    20   HIGHEST WIND DIRECTION    SW (220)
  HIGHEST GUST SPEED    25   HIGHEST GUST DIRECTION     W (250)
  AVERAGE WIND SPEED     7.8


SKY COVER
  POSSIBLE SUNSHINE  MM
  AVERAGE SKY COVER 0.0


WEATHER CONDITIONS
 THE FOLLOWING WEATHER WAS RECORDED YESTERDAY.
  NO SIGNIFICANT WEATHER WAS OBSERVED.


RELATIVE HUMIDITY (PERCENT)
 HIGHEST    61           800 AM
 LOWEST     25           200 PM
 AVERAGE    43

..........................................................


THE TEXARKANA CLIMATE NORMALS FOR TODAY
                         NORMAL    RECORD    YEAR
 MAXIMUM TEMPERATURE (F)   58        84      1922
 MINIMUM TEMPERATURE (F)   37        13      1981


SUNRISE AND SUNSET
FEBRUARY 11 2016......SUNRISE   704 AM CST   SUNSET   557 PM CST
FEBRUARY 12 2016......SUNRISE   703 AM CST   SUNSET   558 PM CST


-  INDICATES NEGATIVE NUMBERS.
R  INDICATES RECORD WAS SET OR TIED.
MM INDICATES DATA IS MISSING.
T  INDICATES TRACE AMOUNT.




$$
