000
CDUS44 KSHV 200835
CLITXK


CLIMATE REPORT
NATIONAL WEATHER SERVICE SHREVEPORT, LA
235 AM CST SAT DEC 20 2014


...................................

...THE TEXARKANA CLIMATE SUMMARY FOR DECEMBER 19 2014...

CLIMATE NORMAL PERIOD 1981 TO 2010
CLIMATE RECORD PERIOD 1896 TO 2014


WEATHER ITEM   OBSERVED TIME   RECORD YEAR NORMAL DEPARTURE LAST
                VALUE   (LST)  VALUE       VALUE  FROM      YEAR
                                                  NORMAL
..................................................................
TEMPERATURE (F)
 YESTERDAY
  MAXIMUM         47    434 PM  75    1978  54     -7       69
  MINIMUM         42    925 AM   9    1929  35      7       47
  AVERAGE         45                        45      0       58

PRECIPITATION (IN)
  YESTERDAY        T             0.91 1973   0.16  -0.16     0.00
  MONTH TO DATE    1.61                      3.32  -1.71     3.18
  SINCE DEC 1      1.61                      3.32  -1.71     3.18
  SINCE JAN 1     34.17                     47.92 -13.75    42.69

SNOWFALL (IN)
  YESTERDAY       MM
  MONTH TO DATE    0.0
  SINCE DEC 1      0.0
  SINCE JUL 1      T
  SNOW DEPTH       0

DEGREE DAYS
 HEATING
  YESTERDAY       20                        20      0        7
  MONTH TO DATE  299                       354    -55      388
  SINCE DEC 1    299                       354    -55      388
  SINCE JUL 1    809                       812     -3      913

 COOLING
  YESTERDAY        0                         0      0        0
  MONTH TO DATE    1                         0      1        0
  SINCE DEC 1      1                         0      1        0
  SINCE JAN 1   2134                      2204    -70     2352
..................................................................


WIND (MPH)
  HIGHEST WIND SPEED    13   HIGHEST WIND DIRECTION    NE (40)
  HIGHEST GUST SPEED    17   HIGHEST GUST DIRECTION     E (70)
  AVERAGE WIND SPEED     6.9


SKY COVER
  POSSIBLE SUNSHINE  MM
  AVERAGE SKY COVER 1.0


WEATHER CONDITIONS
 THE FOLLOWING WEATHER WAS RECORDED YESTERDAY.
  LIGHT RAIN
  FOG


RELATIVE HUMIDITY (PERCENT)
 HIGHEST   100           300 AM
 LOWEST     86           100 PM
 AVERAGE    93

..........................................................


THE TEXARKANA CLIMATE NORMALS FOR TODAY
                         NORMAL    RECORD    YEAR
 MAXIMUM TEMPERATURE (F)   54        78      1967
 MINIMUM TEMPERATURE (F)   35        12      1929


SUNRISE AND SUNSET
DECEMBER 20 2014......SUNRISE   716 AM CST   SUNSET   512 PM CST
DECEMBER 21 2014......SUNRISE   716 AM CST   SUNSET   512 PM CST


-  INDICATES NEGATIVE NUMBERS.
R  INDICATES RECORD WAS SET OR TIED.
MM INDICATES DATA IS MISSING.
T  INDICATES TRACE AMOUNT.




$$
