000
CDUS44 KSHV 270750
CLITYR


CLIMATE REPORT
NATIONAL WEATHER SERVICE SHREVEPORT, LA
250 AM CDT THU APR 27 2017


...................................

...THE TYLER CLIMATE SUMMARY FOR APRIL 26 2017...

CLIMATE NORMAL PERIOD 1981 TO 2010
CLIMATE RECORD PERIOD 1896 TO 2017


WEATHER ITEM   OBSERVED TIME   RECORD YEAR NORMAL DEPARTURE LAST
                VALUE   (LST)  VALUE       VALUE  FROM      YEAR
                                                  NORMAL
..................................................................
TEMPERATURE (F)
 YESTERDAY
  MAXIMUM         83   1146 AM  91    1925  78      5       87
  MINIMUM         50   1156 PM  38    1910  58     -8       73
  AVERAGE         67                        68     -1       80

PRECIPITATION (IN)
  YESTERDAY        0.28          3.52 1915   0.12   0.16     0.00
  MONTH TO DATE    2.04                      2.66  -0.62     5.27
  SINCE DEC 1     14.73                     17.89  -3.16    27.28
  SINCE JAN 1     12.08                     13.65  -1.57    17.51

SNOWFALL (IN)
  YESTERDAY        0.0
  MONTH TO DATE    0.0
  SINCE MAR 1      0.0
  SINCE JUL 1      T
  SNOW DEPTH       0

DEGREE DAYS
 HEATING
  YESTERDAY        0                         1     -1        0
  MONTH TO DATE   29                        93    -64       31
  SINCE MAR 1    158                       366   -208      146
  SINCE JUL 1   1241                      2258  -1017     1455

 COOLING
  YESTERDAY        2                         4     -2       15
  MONTH TO DATE  122                        61     61       92
  SINCE MAR 1    230                        82    148      139
  SINCE JAN 1    304                        94    210      149
..................................................................


WIND (MPH)
  HIGHEST WIND SPEED    29   HIGHEST WIND DIRECTION     W (270)
  HIGHEST GUST SPEED    42   HIGHEST GUST DIRECTION     W (290)
  AVERAGE WIND SPEED    13.5


SKY COVER
  POSSIBLE SUNSHINE  MM
  AVERAGE SKY COVER 0.8


WEATHER CONDITIONS
 THE FOLLOWING WEATHER WAS RECORDED YESTERDAY.
  THUNDERSTORM
  HEAVY RAIN
  RAIN
  LIGHT RAIN
  FOG


RELATIVE HUMIDITY (PERCENT)
 HIGHEST    89          1100 PM
 LOWEST     69          1200 PM
 AVERAGE    79

..........................................................


THE TYLER CLIMATE NORMALS FOR TODAY
                         NORMAL    RECORD    YEAR
 MAXIMUM TEMPERATURE (F)   78        92      1987
 MINIMUM TEMPERATURE (F)   58        41      1967


SUNRISE AND SUNSET
APRIL 27 2017.........SUNRISE   639 AM CDT   SUNSET   800 PM CDT
APRIL 28 2017.........SUNRISE   638 AM CDT   SUNSET   801 PM CDT


-  INDICATES NEGATIVE NUMBERS.
R  INDICATES RECORD WAS SET OR TIED.
MM INDICATES DATA IS MISSING.
T  INDICATES TRACE AMOUNT.




$$
