000
CDUS44 KSHV 280755
CLITYR


CLIMATE REPORT
NATIONAL WEATHER SERVICE SHREVEPORT, LA
254 AM CDT TUE JUL 28 2015


...................................

...THE TYLER CLIMATE SUMMARY FOR JULY 27 2015...

CLIMATE NORMAL PERIOD 1981 TO 2010
CLIMATE RECORD PERIOD 1896 TO 2015


WEATHER ITEM   OBSERVED TIME   RECORD YEAR NORMAL DEPARTURE LAST
                VALUE   (LST)  VALUE       VALUE  FROM      YEAR
                                                  NORMAL
..................................................................
TEMPERATURE (F)
 YESTERDAY
  MAXIMUM        100    226 PM 105    2011  94      6       96
  MINIMUM         77    550 AM  65    2004  74      3       78
  AVERAGE         89                        84      5       87

PRECIPITATION (IN)
  YESTERDAY        0.00          7.88 1979   0.05  -0.05     0.00
  MONTH TO DATE    0.04                      2.39  -2.35     1.51
  SINCE DEC 1     39.97                     30.39   9.58    21.39
  SINCE JAN 1     38.50                     26.15  12.35    18.37

SNOWFALL (IN)
  YESTERDAY        0.0
  MONTH TO DATE    0.0
  SINCE JUN 1      0.0
  SINCE JUL 1      0.0
  SNOW DEPTH       0

DEGREE DAYS
 HEATING
  YESTERDAY        0                         0      0        0
  MONTH TO DATE    0                         0      0        0
  SINCE JUN 1      0                         0      0        0
  SINCE JUL 1      0                         0      0        0

 COOLING
  YESTERDAY       24                        19      5       22
  MONTH TO DATE  579                       482     97      450
  SINCE JUN 1   1082                       915    167      918
  SINCE JAN 1   1544                      1284    260     1311
..................................................................


WIND (MPH)
  HIGHEST WIND SPEED    13   HIGHEST WIND DIRECTION    SW (210)
  HIGHEST GUST SPEED    17   HIGHEST GUST DIRECTION     S (180)
  AVERAGE WIND SPEED     6.7


SKY COVER
  POSSIBLE SUNSHINE  MM
  AVERAGE SKY COVER 0.1


WEATHER CONDITIONS
 THE FOLLOWING WEATHER WAS RECORDED YESTERDAY.
  NO SIGNIFICANT WEATHER WAS OBSERVED.


RELATIVE HUMIDITY (PERCENT)
 HIGHEST    79           400 AM
 LOWEST     38           300 PM
 AVERAGE    59

..........................................................


THE TYLER CLIMATE NORMALS FOR TODAY
                         NORMAL    RECORD    YEAR
 MAXIMUM TEMPERATURE (F)   94       105      1944
 MINIMUM TEMPERATURE (F)   74        62      1994


SUNRISE AND SUNSET
JULY 28 2015..........SUNRISE   633 AM CDT   SUNSET   822 PM CDT
JULY 29 2015..........SUNRISE   634 AM CDT   SUNSET   822 PM CDT


-  INDICATES NEGATIVE NUMBERS.
R  INDICATES RECORD WAS SET OR TIED.
MM INDICATES DATA IS MISSING.
T  INDICATES TRACE AMOUNT.




$$
