000
CDUS44 KSHV 220900
CLITYR


CLIMATE REPORT
NATIONAL WEATHER SERVICE SHREVEPORT, LA
300 AM CST SUN JAN 22 2017


...................................

...THE TYLER CLIMATE SUMMARY FOR JANUARY 21 2017...

CLIMATE NORMAL PERIOD 1981 TO 2010
CLIMATE RECORD PERIOD 1896 TO 2017


WEATHER ITEM   OBSERVED TIME   RECORD YEAR NORMAL DEPARTURE LAST
                VALUE   (LST)  VALUE       VALUE  FROM      YEAR
                                                  NORMAL
..................................................................
TEMPERATURE (F)
 YESTERDAY
  MAXIMUM         69    421 PM  81    1986  56     13       53
  MINIMUM         50    455 AM  11    1985  37     13       38
  AVERAGE         60                        46     14       46

PRECIPITATION (IN)
  YESTERDAY        0.03          2.20 1926   0.10  -0.07     0.54
  MONTH TO DATE    5.54                      2.05   3.49     1.43
  SINCE DEC 1      8.19                      6.29   1.90    11.20
  SINCE JAN 1      5.54                      2.05   3.49     1.43

SNOWFALL (IN)
  YESTERDAY        0.0
  MONTH TO DATE    T
  SINCE DEC 1      T
  SINCE JUL 1      T
  SNOW DEPTH       0

DEGREE DAYS
 HEATING
  YESTERDAY        5                        19    -14       19
  MONTH TO DATE  252                       399   -147      382
  SINCE DEC 1    664                       926   -262      699
  SINCE JUL 1    795                      1300   -505      892

 COOLING
  YESTERDAY        0                         0      0        0
  MONTH TO DATE   19                         0     19        0
  SINCE DEC 1     41                         6     35       27
  SINCE JAN 1     19                         0     19        0
..................................................................


WIND (MPH)
  HIGHEST WIND SPEED    23   HIGHEST WIND DIRECTION     W (260)
  HIGHEST GUST SPEED    33   HIGHEST GUST DIRECTION     W (270)
  AVERAGE WIND SPEED     8.0


SKY COVER
  POSSIBLE SUNSHINE  MM
  AVERAGE SKY COVER 0.5


WEATHER CONDITIONS
 THE FOLLOWING WEATHER WAS RECORDED YESTERDAY.
  LIGHT RAIN
  FOG
  FOG W/VISIBILITY <= 1/4 MILE


RELATIVE HUMIDITY (PERCENT)
 HIGHEST   100           600 AM
 LOWEST     73           400 PM
 AVERAGE    87

..........................................................


THE TYLER CLIMATE NORMALS FOR TODAY
                         NORMAL    RECORD    YEAR
 MAXIMUM TEMPERATURE (F)   56        80      1943
 MINIMUM TEMPERATURE (F)   37         6      1930


SUNRISE AND SUNSET
JANUARY 22 2017.......SUNRISE   721 AM CST   SUNSET   546 PM CST
JANUARY 23 2017.......SUNRISE   721 AM CST   SUNSET   547 PM CST


-  INDICATES NEGATIVE NUMBERS.
R  INDICATES RECORD WAS SET OR TIED.
MM INDICATES DATA IS MISSING.
T  INDICATES TRACE AMOUNT.




$$
