000
CDUS44 KSHV 032234
CLITYR


CLIMATE REPORT
NATIONAL WEATHER SERVICE SHREVEPORT, LA
433 PM CST SAT DEC 3 2016


...................................

...THE TYLER CLIMATE SUMMARY FOR DECEMBER 3 2016...
VALID TODAY AS OF 0400 PM LOCAL TIME.

CLIMATE NORMAL PERIOD 1981 TO 2010
CLIMATE RECORD PERIOD 1896 TO 2016


WEATHER ITEM   OBSERVED TIME   RECORD YEAR NORMAL DEPARTURE LAST
                VALUE   (LST)  VALUE       VALUE  FROM      YEAR
                                                  NORMAL
..................................................................
TEMPERATURE (F)
 TODAY
  MAXIMUM         50    359 PM  83    2005  60    -10       62
  MINIMUM         48   1034 AM  21    1929  41      7       35
  AVERAGE         49                        50     -1       49

PRECIPITATION (IN)
  TODAY            1.37          2.25 1913   0.13   1.24     0.00
  MONTH TO DATE    1.43                      0.40   1.03     0.00
  SINCE DEC 1      1.43                      0.40   1.03     0.00
  SINCE JAN 1     35.45                     41.95  -6.50    58.28

SNOWFALL (IN)
  TODAY           MM
  MONTH TO DATE    0.0
  SINCE DEC 1      0.0
  SINCE JUL 1      0.0
  SNOW DEPTH       0

DEGREE DAYS
 HEATING
  TODAY           16                        15      1       16
  MONTH TO DATE   44                        45     -1       51
  SINCE DEC 1     44                        45     -1       51
  SINCE JUL 1    175                       419   -244      244

 COOLING
  TODAY            0                         0      0        0
  MONTH TO DATE    0                         0      0        0
  SINCE DEC 1      0                         0      0        0
  SINCE JAN 1   3093                      2411    682     2983
..................................................................


WIND (MPH)
  HIGHEST WIND SPEED    22   HIGHEST WIND DIRECTION     E (80)
  HIGHEST GUST SPEED    31   HIGHEST GUST DIRECTION     E (70)
  AVERAGE WIND SPEED    12.6


SKY COVER
  POSSIBLE SUNSHINE  MM
  AVERAGE SKY COVER 0.9


WEATHER CONDITIONS
 THE FOLLOWING WEATHER WAS RECORDED TODAY.
  HEAVY RAIN
  RAIN
  LIGHT RAIN
  FOG


RELATIVE HUMIDITY (PERCENT)
 HIGHEST   100           300 PM
 LOWEST     86           100 AM
 AVERAGE    93

..........................................................


THE TYLER CLIMATE NORMALS FOR TOMORROW
                         NORMAL    RECORD    YEAR
 MAXIMUM TEMPERATURE (F)   59        82      1914
 MINIMUM TEMPERATURE (F)   41        11      1897


SUNRISE AND SUNSET
DECEMBER  3 2016......SUNRISE   707 AM CST   SUNSET   516 PM CST
DECEMBER  4 2016......SUNRISE   708 AM CST   SUNSET   516 PM CST


-  INDICATES NEGATIVE NUMBERS.
R  INDICATES RECORD WAS SET OR TIED.
MM INDICATES DATA IS MISSING.
T  INDICATES TRACE AMOUNT.




$$
