000
CDUS44 KSHV 270752
CLITYR


CLIMATE REPORT
NATIONAL WEATHER SERVICE SHREVEPORT, LA
249 AM CDT WED MAY 27 2015


...................................

...THE TYLER CLIMATE SUMMARY FOR MAY 26 2015...

CLIMATE NORMAL PERIOD 1981 TO 2010
CLIMATE RECORD PERIOD 1896 TO 2015


WEATHER ITEM   OBSERVED TIME   RECORD YEAR NORMAL DEPARTURE LAST
                VALUE   (LST)  VALUE       VALUE  FROM      YEAR
                                                  NORMAL
..................................................................
TEMPERATURE (F)
 YESTERDAY
  MAXIMUM         87    408 PM  98    1896  85      2       83
  MINIMUM         64   1145 PM  46    1979  66     -2       66
  AVERAGE         76                        76      0       75

PRECIPITATION (IN)
  YESTERDAY        0.53          2.00 1924   0.15   0.38     0.02
  MONTH TO DATE    9.15                      3.86   5.29     2.66
  SINCE DEC 1     33.65                     22.26  11.39    14.45
  SINCE JAN 1     32.18                     18.02  14.16    11.43

SNOWFALL (IN)
  YESTERDAY        0.0
  MONTH TO DATE    0.0
  SINCE MAR 1      0.5
  SINCE JUL 1      2.1
  SNOW DEPTH       0

DEGREE DAYS
 HEATING
  YESTERDAY        0                         0      0        0
  MONTH TO DATE    0                         6     -6       21
  SINCE MAR 1    307                       376    -69      475
  SINCE JUL 1   2194                      2268    -74     2539

 COOLING
  YESTERDAY       11                        11      0       10
  MONTH TO DATE  233                       201     32      206
  SINCE MAR 1    406                       301    105      335
  SINCE JAN 1    406                       313     93      338
..................................................................


WIND (MPH)
  HIGHEST WIND SPEED    25   HIGHEST WIND DIRECTION     W (290)
  HIGHEST GUST SPEED    33   HIGHEST GUST DIRECTION     W (290)
  AVERAGE WIND SPEED    10.1


SKY COVER
  POSSIBLE SUNSHINE  MM
  AVERAGE SKY COVER 0.6


WEATHER CONDITIONS
 THE FOLLOWING WEATHER WAS RECORDED YESTERDAY.
  THUNDERSTORM
  HEAVY RAIN
  LIGHT RAIN
  FOG


RELATIVE HUMIDITY (PERCENT)
 HIGHEST    93          1200 AM
 LOWEST     59          1200 PM
 AVERAGE    76

..........................................................


THE TYLER CLIMATE NORMALS FOR TODAY
                         NORMAL    RECORD    YEAR
 MAXIMUM TEMPERATURE (F)   85        98      1896
 MINIMUM TEMPERATURE (F)   67        42      1961


SUNRISE AND SUNSET
MAY 27 2015...........SUNRISE   617 AM CDT   SUNSET   821 PM CDT
MAY 28 2015...........SUNRISE   617 AM CDT   SUNSET   821 PM CDT


-  INDICATES NEGATIVE NUMBERS.
R  INDICATES RECORD WAS SET OR TIED.
MM INDICATES DATA IS MISSING.
T  INDICATES TRACE AMOUNT.




$$
