000
CDUS44 KSHV 012232
CLITYR


CLIMATE REPORT
NATIONAL WEATHER SERVICE SHREVEPORT, LA
431 PM CST SUN FEB 1 2015


...................................

...THE TYLER CLIMATE SUMMARY FOR FEBRUARY 1 2015...
VALID TODAY AS OF 0400 PM LOCAL TIME.

CLIMATE NORMAL PERIOD 1981 TO 2010
CLIMATE RECORD PERIOD 1896 TO 2015


WEATHER ITEM   OBSERVED TIME   RECORD YEAR NORMAL DEPARTURE LAST
                VALUE   (LST)  VALUE       VALUE  FROM      YEAR
                                                  NORMAL
..................................................................
TEMPERATURE (F)
 TODAY
  MAXIMUM         67   1044 AM  83    1911  58      9       67
  MINIMUM         55   1214 AM   9    1951  38     17       42
  AVERAGE         61                        48     13       55

PRECIPITATION (IN)
  TODAY            0.21          2.63 1957   0.12   0.09     0.24
  MONTH TO DATE    0.21                      0.12   0.09     0.24
  SINCE DEC 1      5.79                      7.42  -1.63     3.96
  SINCE JAN 1      4.32                      3.18   1.14     0.94

SNOWFALL (IN)
  TODAY            0.0
  MONTH TO DATE    0.0
  SINCE DEC 1      0.0
  SINCE JUL 1      T
  SNOW DEPTH       0

DEGREE DAYS
 HEATING
  TODAY            4                        17    -13       10
  MONTH TO DATE    4                        17    -13       10
  SINCE DEC 1   1005                      1121   -116     1204
  SINCE JUL 1   1386                      1495   -109     1594

 COOLING
  TODAY            0                         0      0        0
  MONTH TO DATE    0                         0      0        0
  SINCE DEC 1      3                        10     -7       10
  SINCE JAN 1      0                         4     -4        0
..................................................................


WIND (MPH)
  HIGHEST WIND SPEED    24   HIGHEST WIND DIRECTION    NW (320)
  HIGHEST GUST SPEED    31   HIGHEST GUST DIRECTION    NW (320)
  AVERAGE WIND SPEED    15.0


SKY COVER
  POSSIBLE SUNSHINE  MM
  AVERAGE SKY COVER 0.9


WEATHER CONDITIONS
 THE FOLLOWING WEATHER WAS RECORDED TODAY.
  THUNDERSTORM
  HEAVY RAIN
  RAIN
  LIGHT RAIN
  FOG


RELATIVE HUMIDITY (PERCENT)
 HIGHEST    90           600 AM
 LOWEST     55           400 PM
 AVERAGE    73

..........................................................


THE TYLER CLIMATE NORMALS FOR TOMORROW
                         NORMAL    RECORD    YEAR
 MAXIMUM TEMPERATURE (F)   58        83      1989
 MINIMUM TEMPERATURE (F)   38         2      1951


SUNRISE AND SUNSET
FEBRUARY  1 2015......SUNRISE   716 AM CST   SUNSET   555 PM CST
FEBRUARY  2 2015......SUNRISE   715 AM CST   SUNSET   556 PM CST


-  INDICATES NEGATIVE NUMBERS.
R  INDICATES RECORD WAS SET OR TIED.
MM INDICATES DATA IS MISSING.
T  INDICATES TRACE AMOUNT.




$$
