000
CDUS44 KSHV 222235
CLITYR


CLIMATE REPORT
NATIONAL WEATHER SERVICE SHREVEPORT, LA
432 PM CST MON DEC 22 2014


...................................

...THE TYLER CLIMATE SUMMARY FOR DECEMBER 22 2014...
VALID TODAY AS OF 0400 PM LOCAL TIME.

CLIMATE NORMAL PERIOD 1981 TO 2010
CLIMATE RECORD PERIOD 1896 TO 2014


WEATHER ITEM   OBSERVED TIME   RECORD YEAR NORMAL DEPARTURE LAST
                VALUE   (LST)  VALUE       VALUE  FROM      YEAR
                                                  NORMAL
..................................................................
TEMPERATURE (F)
 TODAY
  MAXIMUM         71    213 PM  79    1921  57     14       53
  MINIMUM         50   1208 AM   7    1983  38     12       31
  AVERAGE         61                        47     14       42

PRECIPITATION (IN)
  TODAY            0.00          2.45 1939   0.15  -0.15     0.00
  MONTH TO DATE    0.82                      3.00  -2.18     3.02
  SINCE DEC 1      0.82                      3.00  -2.18     3.02
  SINCE JAN 1     33.62                     44.55 -10.93    42.03

SNOWFALL (IN)
  TODAY            0.0
  MONTH TO DATE    0.0
  SINCE DEC 1      0.0
  SINCE JUL 1      T
  SNOW DEPTH       0

DEGREE DAYS
 HEATING
  TODAY            4                        18    -14       23
  MONTH TO DATE  235                       364   -129      370
  SINCE DEC 1    235                       364   -129      370
  SINCE JUL 1    616                       738   -122      760

 COOLING
  TODAY            0                         0      0        0
  MONTH TO DATE    3                         0      3       10
  SINCE DEC 1      3                         0      3       10
  SINCE JAN 1   2608                      2411    197     2777
..................................................................


WIND (MPH)
  HIGHEST WIND SPEED    23   HIGHEST WIND DIRECTION    SW (210)
  HIGHEST GUST SPEED    29   HIGHEST GUST DIRECTION     S (190)
  AVERAGE WIND SPEED    14.0


SKY COVER
  POSSIBLE SUNSHINE  MM
  AVERAGE SKY COVER 0.8


WEATHER CONDITIONS
 THE FOLLOWING WEATHER WAS RECORDED TODAY.
  NO SIGNIFICANT WEATHER WAS OBSERVED.


RELATIVE HUMIDITY (PERCENT)
 HIGHEST    86           500 AM
 LOWEST     45           400 PM
 AVERAGE    66

..........................................................


THE TYLER CLIMATE NORMALS FOR TOMORROW
                         NORMAL    RECORD    YEAR
 MAXIMUM TEMPERATURE (F)   57        79      1981
 MINIMUM TEMPERATURE (F)   38         0      1989


SUNRISE AND SUNSET
DECEMBER 22 2014......SUNRISE   719 AM CST   SUNSET   521 PM CST
DECEMBER 23 2014......SUNRISE   720 AM CST   SUNSET   522 PM CST


-  INDICATES NEGATIVE NUMBERS.
R  INDICATES RECORD WAS SET OR TIED.
MM INDICATES DATA IS MISSING.
T  INDICATES TRACE AMOUNT.




$$
