000
CDUS44 KSHV 300745
CLITYR


CLIMATE REPORT
NATIONAL WEATHER SERVICE SHREVEPORT, LA
235 AM CDT MON MAY 30 2016


...................................

...THE TYLER CLIMATE SUMMARY FOR MAY 29 2016...

CLIMATE NORMAL PERIOD 1981 TO 2010
CLIMATE RECORD PERIOD 1896 TO 2016


WEATHER ITEM   OBSERVED TIME   RECORD YEAR NORMAL DEPARTURE LAST
                VALUE   (LST)  VALUE       VALUE  FROM      YEAR
                                                  NORMAL
..................................................................
TEMPERATURE (F)
 YESTERDAY
  MAXIMUM         89    312 PM  98    1998  85      4       84
  MINIMUM         72    545 AM  49    1947  67      5       72
  AVERAGE         81                        76      5       78

PRECIPITATION (IN)
  YESTERDAY        0.00          2.65 1914   0.17  -0.17      T
  MONTH TO DATE    2.79                      4.40  -1.61     9.50
  SINCE DEC 1     31.63                     22.80   8.83    34.00
  SINCE JAN 1     21.86                     18.56   3.30    32.53

SNOWFALL (IN)
  YESTERDAY        0.0
  MONTH TO DATE    0.0
  SINCE MAR 1      0.0
  SINCE JUL 1      0.0
  SNOW DEPTH       0

DEGREE DAYS
 HEATING
  YESTERDAY        0                         0      0        0
  MONTH TO DATE   12                         6      6        0
  SINCE MAR 1    158                       376   -218      307
  SINCE JUL 1   1467                      2268   -801     2194

 COOLING
  YESTERDAY       16                        11      5       13
  MONTH TO DATE  234                       234      0      273
  SINCE MAR 1    411                       334     77      446
  SINCE JAN 1    421                       346     75      446
..................................................................


WIND (MPH)
  HIGHEST WIND SPEED    15   HIGHEST WIND DIRECTION     E (110)
  HIGHEST GUST SPEED    18   HIGHEST GUST DIRECTION    SE (140)
  AVERAGE WIND SPEED     6.9


SKY COVER
  POSSIBLE SUNSHINE  MM
  AVERAGE SKY COVER 0.1


WEATHER CONDITIONS
 THE FOLLOWING WEATHER WAS RECORDED YESTERDAY.
  NO SIGNIFICANT WEATHER WAS OBSERVED.


RELATIVE HUMIDITY (PERCENT)
 HIGHEST    93           400 AM
 LOWEST     53           200 PM
 AVERAGE    73

..........................................................


THE TYLER CLIMATE NORMALS FOR TODAY
                         NORMAL    RECORD    YEAR
 MAXIMUM TEMPERATURE (F)   86        99      1998
 MINIMUM TEMPERATURE (F)   67        47      1984


SUNRISE AND SUNSET
MAY 30 2016...........SUNRISE   616 AM CDT   SUNSET   823 PM CDT
MAY 31 2016...........SUNRISE   616 AM CDT   SUNSET   823 PM CDT


-  INDICATES NEGATIVE NUMBERS.
R  INDICATES RECORD WAS SET OR TIED.
MM INDICATES DATA IS MISSING.
T  INDICATES TRACE AMOUNT.




$$
