000
CDUS44 KSHV 300735
CLITYR


CLIMATE REPORT
NATIONAL WEATHER SERVICE SHREVEPORT, LA
232 AM CDT THU OCT 30 2014


...................................

...THE TYLER CLIMATE SUMMARY FOR OCTOBER 29 2014...

CLIMATE NORMAL PERIOD 1981 TO 2010
CLIMATE RECORD PERIOD 1896 TO 2014


WEATHER ITEM   OBSERVED TIME   RECORD YEAR NORMAL DEPARTURE LAST
                VALUE   (LST)  VALUE       VALUE  FROM      YEAR
                                                  NORMAL
..................................................................
TEMPERATURE (F)
 YESTERDAY
  MAXIMUM         75    335 PM  88    1915  73      2       79
  MINIMUM         56   1159 PM  24    1910  52      4       67
  AVERAGE         66                        62      4       73

PRECIPITATION (IN)
  YESTERDAY        0.00          3.15 1991   0.17  -0.17     0.00
  MONTH TO DATE    4.65                      4.54   0.11     5.26
  SINCE DEC 1     31.89                     41.38  -9.49    34.39
  SINCE JAN 1     28.87                     37.14  -8.27    31.50

SNOWFALL (IN)
  YESTERDAY        0.0
  MONTH TO DATE    0.0
  SINCE SEP 1      0.0
  SINCE JUL 1      0.0
  SNOW DEPTH       0

DEGREE DAYS
 HEATING
  YESTERDAY        0                         5     -5        0
  MONTH TO DATE    5                        62    -57       42
  SINCE SEP 1      5                        67    -62       42
  SINCE JUL 1      5                        67    -62       42

 COOLING
  YESTERDAY        1                         2     -1        8
  MONTH TO DATE  192                       124     68      130
  SINCE SEP 1    628                       466    162      630
  SINCE JAN 1   2594                      2388    206     2746
..................................................................


WIND (MPH)
  HIGHEST WIND SPEED    16   HIGHEST WIND DIRECTION     E (70)
  HIGHEST GUST SPEED    21   HIGHEST GUST DIRECTION    NE (30)
  AVERAGE WIND SPEED     7.5


SKY COVER
  POSSIBLE SUNSHINE  MM
  AVERAGE SKY COVER 0.3


WEATHER CONDITIONS
 THE FOLLOWING WEATHER WAS RECORDED YESTERDAY.
  FOG


RELATIVE HUMIDITY (PERCENT)
 HIGHEST    93          1200 AM
 LOWEST     35           300 PM
 AVERAGE    64

..........................................................


THE TYLER CLIMATE NORMALS FOR TODAY
                         NORMAL    RECORD    YEAR
 MAXIMUM TEMPERATURE (F)   72        87      1977
 MINIMUM TEMPERATURE (F)   52        24      1917


SUNRISE AND SUNSET
OCTOBER 30 2014.......SUNRISE   737 AM CDT   SUNSET   633 PM CDT
OCTOBER 31 2014.......SUNRISE   738 AM CDT   SUNSET   632 PM CDT


-  INDICATES NEGATIVE NUMBERS.
R  INDICATES RECORD WAS SET OR TIED.
MM INDICATES DATA IS MISSING.
T  INDICATES TRACE AMOUNT.




$$
