000
CDUS44 KSHV 172200
CLITYR


CLIMATE REPORT
NATIONAL WEATHER SERVICE SHREVEPORT, LA
500 PM CDT THU AUG 17 2017


...................................

...THE TYLER CLIMATE SUMMARY FOR AUGUST 17 2017...
VALID TODAY AS OF 0500 PM LOCAL TIME.

CLIMATE NORMAL PERIOD 1981 TO 2010
CLIMATE RECORD PERIOD 1896 TO 2017


WEATHER ITEM   OBSERVED TIME   RECORD YEAR NORMAL DEPARTURE LAST
                VALUE   (LST)  VALUE       VALUE  FROM      YEAR
                                                  NORMAL
..................................................................
TEMPERATURE (F)
 TODAY
  MAXIMUM         83    143 AM 105    2011  93    -10       79
                                      1956
  MINIMUM         71    950 AM  56    1992  74     -3       74
  AVERAGE         77                        84     -7       77

PRECIPITATION (IN)
  TODAY            2.79R         2.22 1961   0.10   2.69     0.81
  MONTH TO DATE    8.12                      1.40   6.72     2.06
  SINCE DEC 1     33.46                     32.04   1.42    38.18
  SINCE JAN 1     30.81                     27.80   3.01    28.41

DEGREE DAYS
 HEATING
  TODAY            0                         0      0        0
  MONTH TO DATE    0                         0      0        0
  SINCE JUN 1      0                         0      0        0
  SINCE JUL 1      0                         0      0        0

 COOLING
  TODAY           12                        19     -7       12
  MONTH TO DATE  301                       323    -22      375
  SINCE JUN 1   1363                      1312     51     1606
  SINCE JAN 1   1915                      1681    234     2054
..................................................................


WIND (MPH)
  HIGHEST WIND SPEED    MM   HIGHEST WIND DIRECTION    MM
  HIGHEST GUST SPEED    MM   HIGHEST GUST DIRECTION    MM
  AVERAGE WIND SPEED    MM


SKY COVER
  POSSIBLE SUNSHINE  MM
  AVERAGE SKY COVER 0.7


WEATHER CONDITIONS
 THE FOLLOWING WEATHER WAS RECORDED TODAY.
  THUNDERSTORM
  HEAVY RAIN
  RAIN
  LIGHT RAIN
  FOG


RELATIVE HUMIDITY (PERCENT)
 HIGHEST   100           900 AM
 LOWEST     79           300 PM
 AVERAGE    90

..........................................................


THE TYLER CLIMATE NORMALS FOR TOMORROW
                         NORMAL    RECORD    YEAR
 MAXIMUM TEMPERATURE (F)   93       110      1909
 MINIMUM TEMPERATURE (F)   74        52      1931


SUNRISE AND SUNSET
AUGUST 17 2017........SUNRISE   647 AM CDT   SUNSET   803 PM CDT
AUGUST 18 2017........SUNRISE   648 AM CDT   SUNSET   802 PM CDT


-  INDICATES NEGATIVE NUMBERS.
R  INDICATES RECORD WAS SET OR TIED.
MM INDICATES DATA IS MISSING.
T  INDICATES TRACE AMOUNT.




$$
