000
CDUS44 KSHV 302133
CLITYR


CLIMATE REPORT
NATIONAL WEATHER SERVICE SHREVEPORT, LA
431 PM CDT SAT AUG 30 2014


...................................

...THE TYLER CLIMATE SUMMARY FOR AUGUST 30 2014...
VALID TODAY AS OF 0400 PM LOCAL TIME.

CLIMATE NORMAL PERIOD 1981 TO 2010
CLIMATE RECORD PERIOD 1896 TO 2014


WEATHER ITEM   OBSERVED TIME   RECORD YEAR NORMAL DEPARTURE LAST
                VALUE   (LST)  VALUE       VALUE  FROM      YEAR
                                                  NORMAL
..................................................................
TEMPERATURE (F)
 TODAY
  MAXIMUM         92    210 PM 103    2011  91      1      102
                                      1954
                                      2000
  MINIMUM         73    319 AM  53    1986  72      1       74
  AVERAGE         83                        81      2       88

PRECIPITATION (IN)
  TODAY            0.00          2.50 1944   0.11  -0.11     0.00
  MONTH TO DATE    0.32                      2.74  -2.42     0.23
  SINCE DEC 1     24.63                     33.38  -8.75    22.50
  SINCE JAN 1     21.61                     29.14  -7.53    19.61

DEGREE DAYS
 HEATING
  TODAY            0                         0      0        0
  MONTH TO DATE    0                         0      0        0
  SINCE JUN 1      0                         0      0        0
  SINCE JUL 1      0                         0      0        0

 COOLING
  TODAY           18                        16      2       23
  MONTH TO DATE  566                       548     18      630
  SINCE JUN 1   1553                      1537     16     1695
  SINCE JAN 1   1946                      1906     40     2092
..................................................................


WIND (MPH)
  HIGHEST WIND SPEED     9   HIGHEST WIND DIRECTION     S (160)
  HIGHEST GUST SPEED    13   HIGHEST GUST DIRECTION     S (160)
  AVERAGE WIND SPEED     4.5


SKY COVER
  POSSIBLE SUNSHINE  MM
  AVERAGE SKY COVER 0.6


WEATHER CONDITIONS
 THE FOLLOWING WEATHER WAS RECORDED TODAY.
  NO SIGNIFICANT WEATHER WAS OBSERVED.


RELATIVE HUMIDITY (PERCENT)
 HIGHEST    93           400 AM
 LOWEST     52           200 PM
 AVERAGE    73

..........................................................


THE TYLER CLIMATE NORMALS FOR TOMORROW
                         NORMAL    RECORD    YEAR
 MAXIMUM TEMPERATURE (F)   91       107      1954
 MINIMUM TEMPERATURE (F)   71        55      1911


SUNRISE AND SUNSET
AUGUST 30 2014........SUNRISE   655 AM CDT   SUNSET   748 PM CDT
AUGUST 31 2014........SUNRISE   656 AM CDT   SUNSET   747 PM CDT


-  INDICATES NEGATIVE NUMBERS.
R  INDICATES RECORD WAS SET OR TIED.
MM INDICATES DATA IS MISSING.
T  INDICATES TRACE AMOUNT.




$$
