000
CDUS44 KMRX 272117
CLITYS


CLIMATE REPORT
NATIONAL WEATHER SERVICE MORRISTOWN TN
517 PM EDT THU APR 27 2017


...................................

...THE KNOXVILLE    ASOS CLIMATE SUMMARY FOR APRIL 27 2017...
VALID TODAY AS OF 0500 PM LOCAL TIME.

CLIMATE NORMAL PERIOD 1981 TO 2010
CLIMATE RECORD PERIOD 1871 TO 2017


WEATHER ITEM   OBSERVED TIME   RECORD YEAR NORMAL DEPARTURE LAST
                VALUE   (LST)  VALUE       VALUE  FROM      YEAR
                                                  NORMAL
..................................................................
TEMPERATURE (F)
 TODAY
  MAXIMUM         76    359 PM  91    1986  73      3       85
  MINIMUM         61    920 AM  34    1976  51     10       65
  AVERAGE         69                        62      7       75

PRECIPITATION (IN)
  TODAY            0.69          3.55 2011   0.14   0.55     0.06
  MONTH TO DATE    7.61                      3.60   4.01     1.84
  SINCE MAR 1     13.34                      7.94   5.40     4.78
  SINCE JAN 1     19.28                     16.52   2.76    14.66

SNOWFALL (IN)
  TODAY            0.0                       0.0    0.0      0.0
  MONTH TO DATE    T                         0.5   -0.5      0.0
  SINCE MAR 1      T                         1.4   -1.4      0.0
  SINCE JUL 1      2.3                       6.5   -4.2      5.2
  SNOW DEPTH       0

DEGREE DAYS
 HEATING
  TODAY            0                         5     -5        0
  MONTH TO DATE   81                       207   -126      164
  SINCE MAR 1    480                       668   -188      470
  SINCE JUL 1   2539                      3564  -1025     2903

 COOLING
  TODAY            4                         2      2       10
  MONTH TO DATE   66                        27     39       43
  SINCE MAR 1     69                        32     37       58
  SINCE JAN 1     69                        32     37       58
..................................................................


WIND (MPH)
  HIGHEST WIND SPEED    21   HIGHEST WIND DIRECTION    SW (230)
  HIGHEST GUST SPEED    25   HIGHEST GUST DIRECTION     W (250)
  AVERAGE WIND SPEED     9.9


SKY COVER
  POSSIBLE SUNSHINE  MM
  AVERAGE SKY COVER 0.7


WEATHER CONDITIONS
 THE FOLLOWING WEATHER WAS RECORDED TODAY.
  THUNDERSTORM
  HEAVY RAIN
  RAIN
  LIGHT RAIN
  FOG


RELATIVE HUMIDITY (PERCENT)
 HIGHEST    93          1000 AM
 LOWEST     49          1200 AM
 AVERAGE    71

..........................................................


THE KNOXVILLE    ASOS CLIMATE NORMALS FOR TOMORROW
                         NORMAL    RECORD    YEAR
 MAXIMUM TEMPERATURE (F)   74        90      1957
 MINIMUM TEMPERATURE (F)   51        35      1928


SUNRISE AND SUNSET
APRIL 27 2017.........SUNRISE   648 AM EDT   SUNSET   820 PM EDT
APRIL 28 2017.........SUNRISE   647 AM EDT   SUNSET   821 PM EDT


-  INDICATES NEGATIVE NUMBERS.
R  INDICATES RECORD WAS SET OR TIED.
MM INDICATES DATA IS MISSING.
T  INDICATES TRACE AMOUNT.




$$
