000
CDUS44 KMRX 190827
CLITYS


CLIMATE REPORT
NATIONAL WEATHER SERVICE MORRISTOWN TN
327 AM EST FRI JAN 19 2018


...................................

...THE KNOXVILLE    ASOS CLIMATE SUMMARY FOR JANUARY 18 2018...

CLIMATE NORMAL PERIOD 1981 TO 2010
CLIMATE RECORD PERIOD 1871 TO 2018


WEATHER ITEM   OBSERVED TIME   RECORD YEAR NORMAL DEPARTURE LAST
                VALUE   (LST)  VALUE       VALUE  FROM      YEAR
                                                  NORMAL
..................................................................
TEMPERATURE (F)
 YESTERDAY
  MAXIMUM         33        MM  74    1929  47    -14       65
  MINIMUM          7        MM   0    1994  29    -22       47
  AVERAGE         20                        38    -18       56

PRECIPITATION (IN)
  YESTERDAY        0.00          1.36 1936   0.14  -0.14     0.04
  MONTH TO DATE    0.87                      2.49  -1.62     1.53
  SINCE DEC 1      4.25                      6.99  -2.74     8.49
  SINCE JAN 1      0.87                      2.49  -1.62     1.53

SNOWFALL (IN)
  YESTERDAY        0.0                       0.1   -0.1      0.0
  MONTH TO DATE    1.7                       1.5    0.2      2.3
  SINCE DEC 1      2.6                       2.3    0.3      2.3
  SINCE JUL 1      2.6                       2.3    0.3      2.3
  SNOW DEPTH       T

DEGREE DAYS
 HEATING
  YESTERDAY       45                        27     18        9
  MONTH TO DATE  672                       486    186      325
  SINCE DEC 1   1418                      1238    180     1006
  SINCE JUL 1   2036                      1919    117     1410

 COOLING
  YESTERDAY        0                         0      0        0
  MONTH TO DATE    0                         0      0        0
  SINCE DEC 1      0                         0      0        0
  SINCE JAN 1      0                         0      0        0
..................................................................


WIND (MPH)
  HIGHEST WIND SPEED     5   HIGHEST WIND DIRECTION    SW (240)
  HIGHEST GUST SPEED    MM   HIGHEST GUST DIRECTION    MM
  AVERAGE WIND SPEED     2.0


SKY COVER
  POSSIBLE SUNSHINE  MM
  AVERAGE SKY COVER 0.0


WEATHER CONDITIONS
 THE FOLLOWING WEATHER WAS RECORDED YESTERDAY.
  NO SIGNIFICANT WEATHER WAS OBSERVED.


RELATIVE HUMIDITY (PERCENT)
 HIGHEST    91           500 AM
 LOWEST     43           400 PM
 AVERAGE    67

..........................................................


THE KNOXVILLE    ASOS CLIMATE NORMALS FOR TODAY
                         NORMAL    RECORD    YEAR
 MAXIMUM TEMPERATURE (F)   47        71      1907
 MINIMUM TEMPERATURE (F)   29        -4      1994


SUNRISE AND SUNSET
JANUARY 19 2018.......SUNRISE   744 AM EST   SUNSET   550 PM EST
JANUARY 20 2018.......SUNRISE   744 AM EST   SUNSET   551 PM EST


-  INDICATES NEGATIVE NUMBERS.
R  INDICATES RECORD WAS SET OR TIED.
MM INDICATES DATA IS MISSING.
T  INDICATES TRACE AMOUNT.




$$
