000
CDUS44 KMRX 222133
CLITYS


CLIMATE REPORT
NATIONAL WEATHER SERVICE MORRISTOWN TN
533 PM EDT SUN OCT 22 2017


...................................

...THE KNOXVILLE    ASOS CLIMATE SUMMARY FOR OCTOBER 22 2017...
VALID TODAY AS OF 0500 PM LOCAL TIME.

CLIMATE NORMAL PERIOD 1981 TO 2010
CLIMATE RECORD PERIOD 1871 TO 2017


WEATHER ITEM   OBSERVED TIME   RECORD YEAR NORMAL DEPARTURE LAST
                VALUE   (LST)  VALUE       VALUE  FROM      YEAR
                                                  NORMAL
..................................................................
TEMPERATURE (F)
 TODAY
  MAXIMUM         80    220 PM  86    1947  69     11       62
  MINIMUM         46    622 AM  25    1987  46      0       43
  AVERAGE         63                        58      5       53

PRECIPITATION (IN)
  TODAY            0.00          1.81 1945   0.08  -0.08     0.00
  MONTH TO DATE    2.76                      1.72   1.04     0.14
  SINCE SEP 1      5.19                      4.96   0.23     1.56
  SINCE JAN 1     42.71                     38.56   4.15    32.38

SNOWFALL (IN)
  TODAY            0.0                       0.0    0.0      0.0
  MONTH TO DATE    0.0                       0.0    0.0      0.0
  SINCE SEP 1      0.0                       0.0    0.0      0.0
  SINCE JUL 1      0.0                       0.0    0.0      0.0
  SNOW DEPTH       0

DEGREE DAYS
 HEATING
  TODAY            2                         8     -6       12
  MONTH TO DATE   51                       112    -61       30
  SINCE SEP 1     66                       135    -69       34
  SINCE JUL 1     66                       135    -69       34

 COOLING
  TODAY            0                         1     -1        0
  MONTH TO DATE   89                        33     56       85
  SINCE SEP 1    264                       239     25      447
  SINCE JAN 1   1552                      1520     32     2097
..................................................................


WIND (MPH)
  HIGHEST WIND SPEED    17   HIGHEST WIND DIRECTION     S (160)
  HIGHEST GUST SPEED    25   HIGHEST GUST DIRECTION    SE (140)
  AVERAGE WIND SPEED     3.6


SKY COVER
  POSSIBLE SUNSHINE  MM
  AVERAGE SKY COVER 0.7


WEATHER CONDITIONS
 THE FOLLOWING WEATHER WAS RECORDED TODAY.
  FOG


RELATIVE HUMIDITY (PERCENT)
 HIGHEST   100           100 AM
 LOWEST     48           200 PM
 AVERAGE    74

..........................................................


THE KNOXVILLE    ASOS CLIMATE NORMALS FOR TOMORROW
                         NORMAL    RECORD    YEAR
 MAXIMUM TEMPERATURE (F)   69        83      1920
 MINIMUM TEMPERATURE (F)   46        30      1988
                                             1987


SUNRISE AND SUNSET
OCTOBER 22 2017.......SUNRISE   749 AM EDT   SUNSET   651 PM EDT
OCTOBER 23 2017.......SUNRISE   750 AM EDT   SUNSET   650 PM EDT


-  INDICATES NEGATIVE NUMBERS.
R  INDICATES RECORD WAS SET OR TIED.
MM INDICATES DATA IS MISSING.
T  INDICATES TRACE AMOUNT.




$$
