000
CDUS44 KMRX 050911
CLITYS

CLIMATE REPORT
NATIONAL WEATHER SERVICE MORRISTOWN TN
409 AM EST THU MAR 5 2015


...................................

...THE KNOXVILLE    ASOS CLIMATE SUMMARY FOR MARCH 4 2015...

CLIMATE NORMAL PERIOD 1981 TO 2010
CLIMATE RECORD PERIOD 1871 TO 2015


WEATHER ITEM   OBSERVED TIME   RECORD YEAR NORMAL DEPARTURE LAST
                VALUE   (LST)  VALUE       VALUE  FROM      YEAR
                                                  NORMAL
..................................................................
TEMPERATURE (F)
 YESTERDAY
  MAXIMUM         71    346 PM  82    1976  58     13       39
  MINIMUM         41   1159 PM   5    1873  36      5       25
  AVERAGE         56                        47      9       32

PRECIPITATION (IN)
  YESTERDAY        0.26          1.51 1979   0.14   0.12     0.00
                                      1917
  MONTH TO DATE    0.66                      0.57   0.09     0.94
  SINCE MAR 1      0.66                      0.57   0.09     0.94
  SINCE JAN 1      7.80                      9.15  -1.35     9.01

SNOWFALL (IN)
  YESTERDAY        0.0                       0.0    0.0      0.0
  MONTH TO DATE    0.0                       0.1   -0.1       T
  SINCE MAR 1      0.0                       0.1   -0.1       T
  SINCE JUL 1      9.3                       5.2    4.1     11.9
  SNOW DEPTH       0

DEGREE DAYS
 HEATING
  YESTERDAY        9                        18     -9       33
  MONTH TO DATE   75                        74      1       82
  SINCE MAR 1     75                        74      1       82
  SINCE JUL 1   3340                      2970    370     3129

 COOLING
  YESTERDAY        0                         0      0        0
  MONTH TO DATE    0                         0      0        0
  SINCE MAR 1      0                         0      0        0
  SINCE JAN 1      0                         0      0        0
..................................................................


WIND (MPH)
  HIGHEST WIND SPEED    35   HIGHEST WIND DIRECTION    SW (220)
  HIGHEST GUST SPEED    44   HIGHEST GUST DIRECTION     S (200)
  AVERAGE WIND SPEED    17.5


SKY COVER
  POSSIBLE SUNSHINE  MM
  AVERAGE SKY COVER 0.9


WEATHER CONDITIONS
 THE FOLLOWING WEATHER WAS RECORDED YESTERDAY.
  HEAVY RAIN
  RAIN
  LIGHT RAIN
  FOG


RELATIVE HUMIDITY (PERCENT)
 HIGHEST   100          1200 AM
 LOWEST     66           300 PM
 AVERAGE    83

..........................................................


THE KNOXVILLE    ASOS CLIMATE NORMALS FOR TODAY
                         NORMAL    RECORD    YEAR
 MAXIMUM TEMPERATURE (F)   58        78      1910
 MINIMUM TEMPERATURE (F)   37         6      1960


SUNRISE AND SUNSET
MARCH  5 2015.........SUNRISE   701 AM EST   SUNSET   634 PM EST
MARCH  6 2015.........SUNRISE   700 AM EST   SUNSET   635 PM EST


-  INDICATES NEGATIVE NUMBERS.
R  INDICATES RECORD WAS SET OR TIED.
MM INDICATES DATA IS MISSING.
T  INDICATES TRACE AMOUNT.




$$
