000
CDUS44 KMRX 300820
CLITYS


CLIMATE REPORT
NATIONAL WEATHER SERVICE MORRISTOWN TN
418 AM EDT FRI SEP 30 2016


...................................

...THE KNOXVILLE    ASOS CLIMATE SUMMARY FOR SEPTEMBER 29 2016...

CLIMATE NORMAL PERIOD 1981 TO 2010
CLIMATE RECORD PERIOD 1871 TO 2016


WEATHER ITEM   OBSERVED TIME   RECORD YEAR NORMAL DEPARTURE LAST
                VALUE   (LST)  VALUE       VALUE  FROM      YEAR
                                                  NORMAL
..................................................................
TEMPERATURE (F)
 YESTERDAY
  MAXIMUM         72    321 PM  92    1904  77     -5       78
  MINIMUM         58   1159 PM  37    1942  55      3       65
  AVERAGE         65                        66     -1       72

PRECIPITATION (IN)
  YESTERDAY        0.00          4.17 1944   0.11  -0.11     0.39
  MONTH TO DATE    1.42                      3.13  -1.71     1.58
  SINCE SEP 1      1.42                      3.13  -1.71     1.58
  SINCE JAN 1     32.24                     36.73  -4.49    34.50

SNOWFALL (IN)
  YESTERDAY        0.0                       0.0    0.0      0.0
  MONTH TO DATE    0.0                       0.0    0.0      0.0
  SINCE SEP 1      0.0                       0.0    0.0      0.0
  SINCE JUL 1      0.0                       0.0    0.0      0.0
  SNOW DEPTH       0

DEGREE DAYS
 HEATING
  YESTERDAY        0                         2     -2        0
  MONTH TO DATE    0                        19    -19       10
  SINCE SEP 1      0                        19    -19       10
  SINCE JUL 1      0                        19    -19       10

 COOLING
  YESTERDAY        0                         3     -3        7
  MONTH TO DATE  362                       202    160      227
  SINCE SEP 1    362                       202    160      227
  SINCE JAN 1   2012                      1483    529     1649
..................................................................


WIND (MPH)
  HIGHEST WIND SPEED    14   HIGHEST WIND DIRECTION    NW (310)
  HIGHEST GUST SPEED    17   HIGHEST GUST DIRECTION    NW (300)
  AVERAGE WIND SPEED     5.0


SKY COVER
  POSSIBLE SUNSHINE  MM
  AVERAGE SKY COVER 0.7


WEATHER CONDITIONS
 THE FOLLOWING WEATHER WAS RECORDED YESTERDAY.
  NO SIGNIFICANT WEATHER WAS OBSERVED.


RELATIVE HUMIDITY (PERCENT)
 HIGHEST    80           600 AM
 LOWEST     41           400 PM
 AVERAGE    61

..........................................................


THE KNOXVILLE    ASOS CLIMATE NORMALS FOR TODAY
                         NORMAL    RECORD    YEAR
 MAXIMUM TEMPERATURE (F)   77        91      1941
 MINIMUM TEMPERATURE (F)   55        35      1888


SUNRISE AND SUNSET
SEPTEMBER 30 2016.....SUNRISE   730 AM EDT   SUNSET   720 PM EDT
OCTOBER  1 2016.......SUNRISE   731 AM EDT   SUNSET   719 PM EDT


-  INDICATES NEGATIVE NUMBERS.
R  INDICATES RECORD WAS SET OR TIED.
MM INDICATES DATA IS MISSING.
T  INDICATES TRACE AMOUNT.




$$
