000
CDUS44 KMRX 022129
CLITYS

CLIMATE REPORT
NATIONAL WEATHER SERVICE MORRISTOWN TN
527 PM EDT THU JUL 2 2015


...................................

...THE KNOXVILLE CLIMATE SUMMARY FOR JULY 2 2015...
VALID TODAY AS OF 0500 PM LOCAL TIME.

CLIMATE NORMAL PERIOD 1981 TO 2010
CLIMATE RECORD PERIOD 1871 TO 2015


WEATHER ITEM   OBSERVED TIME   RECORD YEAR NORMAL DEPARTURE LAST
                VALUE   (LST)  VALUE       VALUE  FROM      YEAR
                                                  NORMAL
..................................................................
TEMPERATURE (F)
 TODAY
  MAXIMUM         79    359 PM  98    1954  88     -9       89
                                      1931
                                      1898
  MINIMUM         67   1037 AM  49    1988  68     -1       74
  AVERAGE         73                        78     -5       82

PRECIPITATION (IN)
  TODAY            0.99          1.30 1936   0.17   0.82     0.00
  MONTH TO DATE    0.99                      0.34   0.65     0.00
  SINCE JUN 1      6.28                      4.15   2.13     4.55
  SINCE JAN 1     23.76                     25.59  -1.83    20.58

SNOWFALL (IN)
  TODAY            0.0                       0.0    0.0      0.0
  MONTH TO DATE    0.0                       0.0    0.0      0.0
  SINCE JUN 1      0.0                       0.0    0.0      0.0
  SINCE JUL 1      0.0                       0.0    0.0      0.0
  SNOW DEPTH       0

DEGREE DAYS
 HEATING
  TODAY            0                         0      0        0
  MONTH TO DATE    0                         0      0        0
  SINCE JUN 1      0                         4     -4        0
  SINCE JUL 1      0                         0      0        0

 COOLING
  TODAY            8                        13     -5       17
  MONTH TO DATE   16                        26    -10       32
  SINCE JUN 1    420                       331     89      362
  SINCE JAN 1    654                       493    161      567
..................................................................


WIND (MPH)
  HIGHEST WIND SPEED    15   HIGHEST WIND DIRECTION     W (250)
  HIGHEST GUST SPEED    17   HIGHEST GUST DIRECTION     W (250)
  AVERAGE WIND SPEED     9.4


SKY COVER
  POSSIBLE SUNSHINE  MM
  AVERAGE SKY COVER  MM


WEATHER CONDITIONS
 THE FOLLOWING WEATHER WAS RECORDED TODAY.
  HEAVY RAIN
  RAIN
  LIGHT RAIN
  FOG


RELATIVE HUMIDITY (PERCENT)
 HIGHEST   100           700 AM
 LOWEST     67           400 PM
 AVERAGE    84

..........................................................


THE KNOXVILLE CLIMATE NORMALS FOR TOMORROW
                         NORMAL    RECORD    YEAR
 MAXIMUM TEMPERATURE (F)   88        99      1925
 MINIMUM TEMPERATURE (F)   68        56      1918
                                             1885


SUNRISE AND SUNSET
JULY  2 2015..........SUNRISE   624 AM EDT   SUNSET   856 PM EDT
JULY  3 2015..........SUNRISE   624 AM EDT   SUNSET   856 PM EDT


-  INDICATES NEGATIVE NUMBERS.
R  INDICATES RECORD WAS SET OR TIED.
MM INDICATES DATA IS MISSING.
T  INDICATES TRACE AMOUNT.




$$
