000
CDUS44 KMRX 220937 RRA
CLITYS

CLIMATE REPORT
NATIONAL WEATHER SERVICE MORRISTOWN TN
436 AM EST MON DEC 22 2014


...................................

...THE KNOXVILLE    ASOS CLIMATE SUMMARY FOR DECEMBER 21 2014...

CLIMATE NORMAL PERIOD 1981 TO 2010
CLIMATE RECORD PERIOD 1871 TO 2014


WEATHER ITEM   OBSERVED TIME   RECORD YEAR NORMAL DEPARTURE LAST
                VALUE   (LST)  VALUE       VALUE  FROM      YEAR
                                                  NORMAL
..................................................................
TEMPERATURE (F)
 YESTERDAY
  MAXIMUM         53    347 PM  75    2013  48      5       75
  MINIMUM         38    754 AM   0    1901  31      7       49
  AVERAGE         46                        40      6       62

PRECIPITATION (IN)
  YESTERDAY        0.00          1.90 1884   0.14  -0.14     0.01
  MONTH TO DATE    1.79                      3.14  -1.35     4.77
  SINCE DEC 1      1.79                      3.14  -1.35     4.77
  SINCE JAN 1     39.22                     46.50  -7.28    65.89

SNOWFALL (IN)
  YESTERDAY        0.0                       0.0    0.0      0.0
  MONTH TO DATE    0.0                       0.4   -0.4      0.0
  SINCE DEC 1      0.0                       0.4   -0.4      0.0
  SINCE JUL 1      T                         0.4   -0.4      0.8
  SNOW DEPTH       0

DEGREE DAYS
 HEATING
  YESTERDAY       19                        25     -6        3
  MONTH TO DATE  457                       490    -33      418
  SINCE DEC 1    457                       490    -33      418
  SINCE JUL 1   1283                      1171    112     1108

 COOLING
  YESTERDAY        0                         0      0        0
  MONTH TO DATE    0                         0      0        4
  SINCE DEC 1      0                         0      0        4
  SINCE JAN 1   1486                      1526    -40     1449
..................................................................


WIND (MPH)
  HIGHEST WIND SPEED     8   HIGHEST WIND DIRECTION     N (20)
  HIGHEST GUST SPEED    11   HIGHEST GUST DIRECTION     N (10)
  AVERAGE WIND SPEED     4.5


SKY COVER
  POSSIBLE SUNSHINE  MM
  AVERAGE SKY COVER  MM


WEATHER CONDITIONS
 THE FOLLOWING WEATHER WAS RECORDED YESTERDAY.
  NO SIGNIFICANT WEATHER WAS OBSERVED.


RELATIVE HUMIDITY (PERCENT)
 HIGHEST    85          1200 AM
 LOWEST     54           300 PM
 AVERAGE    70

..........................................................


THE KNOXVILLE    ASOS CLIMATE NORMALS FOR TODAY
                         NORMAL    RECORD    YEAR
 MAXIMUM TEMPERATURE (F)   48        73      2013
 MINIMUM TEMPERATURE (F)   31         2      1989


SUNRISE AND SUNSET
DECEMBER 22 2014......SUNRISE   743 AM EST   SUNSET   526 PM EST
DECEMBER 23 2014......SUNRISE   743 AM EST   SUNSET   527 PM EST


-  INDICATES NEGATIVE NUMBERS.
R  INDICATES RECORD WAS SET OR TIED.
MM INDICATES DATA IS MISSING.
T  INDICATES TRACE AMOUNT.


$$
