000
CDUS44 KMRX 250810
CLITYS


CLIMATE REPORT
NATIONAL WEATHER SERVICE MORRISTOWN TN
410 AM EDT SAT MAR 25 2017


...................................

...THE KNOXVILLE    ASOS CLIMATE SUMMARY FOR MARCH 24 2017...

CLIMATE NORMAL PERIOD 1981 TO 2010
CLIMATE RECORD PERIOD 1871 TO 2017


WEATHER ITEM   OBSERVED TIME   RECORD YEAR NORMAL DEPARTURE LAST
                VALUE   (LST)  VALUE       VALUE  FROM      YEAR
                                                  NORMAL
..................................................................
TEMPERATURE (F)
 YESTERDAY
  MAXIMUM         71    357 PM  86    1929  64      7       77
  MINIMUM         53    615 AM  18    1885  41     12       56
  AVERAGE         62                        52     10       67

PRECIPITATION (IN)
  YESTERDAY        0.00          2.01 1936   0.14  -0.14     0.43
  MONTH TO DATE    4.44                      3.31   1.13     2.23
  SINCE MAR 1      4.44                      3.31   1.13     2.23
  SINCE JAN 1     10.38                     11.89  -1.51    12.11

SNOWFALL (IN)
  YESTERDAY        0.0                       0.0    0.0      0.0
  MONTH TO DATE    T                         0.7   -0.7      0.0
  SINCE MAR 1      T                         0.7   -0.7      0.0
  SINCE JUL 1      2.3                       5.8   -3.5      5.2
  SNOW DEPTH       0

DEGREE DAYS
 HEATING
  YESTERDAY        3                        13    -10        0
  MONTH TO DATE  392                       379     13      251
  SINCE MAR 1    392                       379     13      251
  SINCE JUL 1   2451                      3275   -824     2684

 COOLING
  YESTERDAY        0                         0      0        2
  MONTH TO DATE    0                         0      0       14
  SINCE MAR 1      0                         0      0       14
  SINCE JAN 1      0                         0      0       14
..................................................................


WIND (MPH)
  HIGHEST WIND SPEED    18   HIGHEST WIND DIRECTION    SW (220)
  HIGHEST GUST SPEED    22   HIGHEST GUST DIRECTION     S (190)
  AVERAGE WIND SPEED     7.9


SKY COVER
  POSSIBLE SUNSHINE  MM
  AVERAGE SKY COVER 0.8


WEATHER CONDITIONS
 THE FOLLOWING WEATHER WAS RECORDED YESTERDAY.
  NO SIGNIFICANT WEATHER WAS OBSERVED.


RELATIVE HUMIDITY (PERCENT)
 HIGHEST    59           700 AM
 LOWEST     41           100 PM
 AVERAGE    50

..........................................................


THE KNOXVILLE    ASOS CLIMATE NORMALS FOR TODAY
                         NORMAL    RECORD    YEAR
 MAXIMUM TEMPERATURE (F)   64        88      1929
 MINIMUM TEMPERATURE (F)   41        18      1940


SUNRISE AND SUNSET
MARCH 25 2017.........SUNRISE   732 AM EDT   SUNSET   752 PM EDT
MARCH 26 2017.........SUNRISE   731 AM EDT   SUNSET   753 PM EDT


-  INDICATES NEGATIVE NUMBERS.
R  INDICATES RECORD WAS SET OR TIED.
MM INDICATES DATA IS MISSING.
T  INDICATES TRACE AMOUNT.




$$
