000
CDUS44 KMRX 292119
CLITYS


CLIMATE REPORT
NATIONAL WEATHER SERVICE MORRISTOWN TN
518 PM EDT FRI APR 29 2016


...................................

...THE KNOXVILLE    ASOS CLIMATE SUMMARY FOR APRIL 29 2016...
VALID TODAY AS OF 0500 PM LOCAL TIME.

CLIMATE NORMAL PERIOD 1981 TO 2010
CLIMATE RECORD PERIOD 1871 TO 2016


WEATHER ITEM   OBSERVED TIME   RECORD YEAR NORMAL DEPARTURE LAST
                VALUE   (LST)  VALUE       VALUE  FROM      YEAR
                                                  NORMAL
..................................................................
TEMPERATURE (F)
 TODAY
  MAXIMUM         83    331 PM  88    1872  74      9       67
  MINIMUM         57    333 AM  33    1992  51      6       47
  AVERAGE         70                        63      7       57

PRECIPITATION (IN)
  TODAY            0.00          1.55 1963   0.14  -0.14     0.00
  MONTH TO DATE    1.88                      3.88  -2.00     4.06
  SINCE MAR 1      4.82                      8.22  -3.40     8.50
  SINCE JAN 1     14.70                     16.80  -2.10    15.64

SNOWFALL (IN)
  TODAY            0.0                       0.0    0.0      0.0
  MONTH TO DATE    0.0                       0.5   -0.5      0.0
  SINCE MAR 1      0.0                       1.4   -1.4       T
  SINCE JUL 1      5.2                       6.5   -1.3      9.3
  SNOW DEPTH       0

DEGREE DAYS
 HEATING
  TODAY            0                         4     -4        8
  MONTH TO DATE  164                       215    -51      129
  SINCE MAR 1    470                       676   -206      543
  SINCE JUL 1   2903                      3572   -669     3808

 COOLING
  TODAY            5                         2      3        0
  MONTH TO DATE   56                        31     25       23
  SINCE MAR 1     71                        36     35       25
  SINCE JAN 1     71                        36     35       25
..................................................................


WIND (MPH)
  HIGHEST WIND SPEED    10   HIGHEST WIND DIRECTION    NE (50)
  HIGHEST GUST SPEED    14   HIGHEST GUST DIRECTION    NE (40)
  AVERAGE WIND SPEED     2.5


SKY COVER
  POSSIBLE SUNSHINE  MM
  AVERAGE SKY COVER 0.4


WEATHER CONDITIONS
 THE FOLLOWING WEATHER WAS RECORDED TODAY.
  NO SIGNIFICANT WEATHER WAS OBSERVED.


RELATIVE HUMIDITY (PERCENT)
 HIGHEST    84           400 AM
 LOWEST     28           100 PM
 AVERAGE    56

..........................................................


THE KNOXVILLE    ASOS CLIMATE NORMALS FOR TOMORROW
                         NORMAL    RECORD    YEAR
 MAXIMUM TEMPERATURE (F)   74        92      1942
 MINIMUM TEMPERATURE (F)   52        35      1988


SUNRISE AND SUNSET
APRIL 29 2016.........SUNRISE   645 AM EDT   SUNSET   822 PM EDT
APRIL 30 2016.........SUNRISE   644 AM EDT   SUNSET   822 PM EDT


-  INDICATES NEGATIVE NUMBERS.
R  INDICATES RECORD WAS SET OR TIED.
MM INDICATES DATA IS MISSING.
T  INDICATES TRACE AMOUNT.




$$
