000
CDUS44 KMRX 012222
CLITYS

CLIMATE REPORT NATIONAL WEATHER SERVICE MORRISTOWN TN
522 PM EST SUN FEB 1 2015

...................................

...THE KNOXVILLE  CLIMATE SUMMARY FOR FEBRUARY 1 2015... VALID TODAY
AS OF 500 PM LOCAL TIME.

CLIMATE NORMAL PERIOD 1981 TO 2010
CLIMATE RECORD PERIOD 1871 TO 2015


WEATHER ITEM   OBSERVED TIME   RECORD YEAR NORMAL DEPARTURE LAST
                VALUE   (LST)  VALUE       VALUE  FROM      YEAR
                                                  NORMAL
..................................................................
TEMPERATURE (F)
 TODAY
  MAXIMUM         46    140 PM  73    1988  49     -3       60
  MINIMUM         35    716 AM   6    1872  30      5       24
  AVERAGE         41                        39      2       42

PRECIPITATION (IN)
  TODAY            0.05          1.89 1985   0.15  -0.10     0.00
  MONTH TO DATE    0.05                      0.15  -0.10     0.00
  SINCE DEC 1      7.68                      8.97  -1.29    11.35
  SINCE JAN 1      3.44                      4.47  -1.03     3.12

SNOWFALL (IN)
  TODAY            0.0                       0.1   -0.1      0.0
  MONTH TO DATE    0.0                       0.1   -0.1      0.0
  SINCE DEC 1      1.1                       3.6   -2.5      4.2
  SINCE JUL 1      1.1                       3.6   -2.5      5.0
  SNOW DEPTH       0

DEGREE DAYS
 HEATING
  TODAY           24                        26     -2       23
  MONTH TO DATE   24                        26     -2       23
  SINCE DEC 1   1549                      1607    -58     1722
  SINCE JUL 1   2375                      2288     87     2412

 COOLING
  TODAY            0                         0      0        0
  MONTH TO DATE    0                         0      0        0
  SINCE DEC 1      0                         0      0        4
  SINCE JAN 1      0                         0      0        0
..................................................................


WIND (MPH)
  HIGHEST WIND SPEED     7   HIGHEST WIND DIRECTION     N (360)
  HIGHEST GUST SPEED    10   HIGHEST GUST DIRECTION     N (20)
  AVERAGE WIND SPEED     3.2


SKY COVER
  POSSIBLE SUNSHINE  MM
  AVERAGE SKY COVER 0.9


WEATHER CONDITIONS
 THE FOLLOWING WEATHER WAS RECORDED TODAY.
  LIGHT RAIN


RELATIVE HUMIDITY (PERCENT)
 HIGHEST    76           300 PM
 LOWEST     45          1200 PM
 AVERAGE    61

..........................................................


THE KNOXVILLE    ASOS CLIMATE NORMALS FOR TOMORROW
                         NORMAL    RECORD    YEAR
 MAXIMUM TEMPERATURE (F)   49        74      1989
 MINIMUM TEMPERATURE (F)   30         3      1917


SUNRISE AND SUNSET
FEBRUARY  1 2015......SUNRISE   736 AM EST   SUNSET   603 PM EST
FEBRUARY  2 2015......SUNRISE   736 AM EST   SUNSET   604 PM EST


-  INDICATES NEGATIVE NUMBERS.
R  INDICATES RECORD WAS SET OR TIED.
MM INDICATES DATA IS MISSING.
T  INDICATES TRACE AMOUNT.




$$
