000
CDUS43 KLOT 030633
CLIUGN


CLIMATE REPORT
NATIONAL WEATHER SERVICE CHICAGO IL
1232 AM CST TUE MAR 3 2015


...................................

...THE WAUKEGAN   CLIMATE SUMMARY FOR MARCH 2 2015...

CLIMATE NORMAL PERIOD 1981 TO 2010
CLIMATE RECORD PERIOD 2000 TO 2015


WEATHER ITEM   OBSERVED TIME   RECORD YEAR NORMAL DEPARTURE LAST
                VALUE   (LST)  VALUE       VALUE  FROM      YEAR
                                                  NORMAL
..................................................................
TEMPERATURE (F)
 YESTERDAY
  MAXIMUM         28    155 PM  57    2008  39    -11       10
  MINIMUM         10    641 AM  -1    2014  23    -13       -1
  AVERAGE         19

PRECIPITATION (IN)
  YESTERDAY        0.00          0.36 2002   0.06  -0.06      T
  MONTH TO DATE    0.00                      0.12  -0.12      T
  SINCE MAR 1      0.00                      0.12  -0.12      T
  SINCE JAN 1      0.54                      3.17  -2.63     2.02

DEGREE DAYS
 HEATING
  YESTERDAY       46                        34     12       60
  MONTH TO DATE   96                        69     27      107
  SINCE MAR 1     96                        69     27      107
  SINCE JUL 1   5621                      5015    606     5976

 COOLING
  YESTERDAY        0                         0      0        0
  MONTH TO DATE    0                         0      0        0
  SINCE MAR 1      0                         0      0        0
  SINCE JAN 1      0                         0      0        0
..................................................................


WIND (MPH)
  RESULTANT WIND SPEED   2   RESULTANT WIND DIRECTION   S (190)
  HIGHEST WIND SPEED    12   HIGHEST WIND DIRECTION     S (160)
  HIGHEST GUST SPEED    15   HIGHEST GUST DIRECTION     W (290)
  AVERAGE WIND SPEED     5.8


SKY COVER
  POSSIBLE SUNSHINE  MM
  AVERAGE SKY COVER 0.3


WEATHER CONDITIONS
 THE FOLLOWING WEATHER WAS RECORDED YESTERDAY.
  NO SIGNIFICANT WEATHER WAS OBSERVED.


RELATIVE HUMIDITY (PERCENT)
 HIGHEST    84
 LOWEST     46
 AVERAGE    65

..........................................................


THE WAUKEGAN   CLIMATE NORMALS FOR TODAY
                         NORMAL    RECORD    YEAR
 MAXIMUM TEMPERATURE (F)   39        52      2008
 MINIMUM TEMPERATURE (F)   23        -5      2014


SUNRISE AND SUNSET
MARCH  3 2015.........SUNRISE   624 AM CST   SUNSET   543 PM CST
MARCH  4 2015.........SUNRISE   622 AM CST   SUNSET   545 PM CST


-  INDICATES NEGATIVE NUMBERS.
R  INDICATES RECORD WAS SET OR TIED.
MM INDICATES DATA IS MISSING.
T  INDICATES TRACE AMOUNT.




$$
