000
CDUS43 KLOT 170633
CLIUGN


CLIMATE REPORT
NATIONAL WEATHER SERVICE CHICAGO IL
1232 AM CST WED JAN 17 2018


...................................

...THE WAUKEGAN   CLIMATE SUMMARY FOR JANUARY 16 2018...

CLIMATE NORMAL PERIOD 1981 TO 2010
CLIMATE RECORD PERIOD 2000 TO 2018


WEATHER ITEM   OBSERVED TIME   RECORD YEAR NORMAL DEPARTURE LAST
                VALUE   (LST)  VALUE       VALUE  FROM      YEAR
                                                  NORMAL
..................................................................
TEMPERATURE (F)
 YESTERDAY
  MAXIMUM         28    234 PM  42    2012  30     -2       37
                                      2008
  MINIMUM         13   1159 PM -19    2009  15     -2       24
  AVERAGE         21                        23     -2       31

PRECIPITATION (IN)
  YESTERDAY        0.02          0.86 2017   0.04  -0.02     0.86
  MONTH TO DATE    0.23                      0.68  -0.45     1.12
  SINCE DEC 1      0.69                      2.68  -1.99     2.02
  SINCE JAN 1      0.23                      0.68  -0.45     1.12

DEGREE DAYS
 HEATING
  YESTERDAY       44                        42      2       34
  MONTH TO DATE  690                       663     27      692
  SINCE DEC 1   1920                      1827     93     1928
  SINCE JUL 1   3150                      3212    -62     2815

 COOLING
  YESTERDAY        0                         0      0        0
  MONTH TO DATE    0                         0      0        0
  SINCE DEC 1      0                         0      0        0
  SINCE JAN 1      0                         0      0        0
..................................................................


WIND (MPH)
  RESULTANT WIND SPEED   7   RESULTANT WIND DIRECTION  NW (310)
  HIGHEST WIND SPEED    14   HIGHEST WIND DIRECTION     N (350)
  HIGHEST GUST SPEED    19   HIGHEST GUST DIRECTION     N (340)
  AVERAGE WIND SPEED     6.9


SKY COVER
  POSSIBLE SUNSHINE  MM
  AVERAGE SKY COVER 0.6


WEATHER CONDITIONS
 THE FOLLOWING WEATHER WAS RECORDED YESTERDAY.
  HEAVY SNOW
  SNOW
  LIGHT SNOW
  HAZE


RELATIVE HUMIDITY (PERCENT)
 HIGHEST    84
 LOWEST     46
 AVERAGE    65

..........................................................


THE WAUKEGAN   CLIMATE NORMALS FOR TODAY
                         NORMAL    RECORD    YEAR
 MAXIMUM TEMPERATURE (F)   30        43      2015
 MINIMUM TEMPERATURE (F)   15        -3      2016


SUNRISE AND SUNSET
JANUARY 17 2018.......SUNRISE   717 AM CST   SUNSET   446 PM CST
JANUARY 18 2018.......SUNRISE   717 AM CST   SUNSET   448 PM CST


-  INDICATES NEGATIVE NUMBERS.
R  INDICATES RECORD WAS SET OR TIED.
MM INDICATES DATA IS MISSING.
T  INDICATES TRACE AMOUNT.




$$
