000
CDUS43 KLOT 260639
CLIUGN


CLIMATE REPORT
NATIONAL WEATHER SERVICE CHICAGO IL
138 AM CDT FRI MAY 26 2017


...................................

...THE WAUKEGAN   CLIMATE SUMMARY FOR MAY 25 2017...

CLIMATE NORMAL PERIOD 1981 TO 2010
CLIMATE RECORD PERIOD 2000 TO 2017


WEATHER ITEM   OBSERVED TIME   RECORD YEAR NORMAL DEPARTURE LAST
                VALUE   (LST)  VALUE       VALUE  FROM      YEAR
                                                  NORMAL
..................................................................
TEMPERATURE (F)
 YESTERDAY
  MAXIMUM         67    302 PM  81    2012  68     -1       80
  MINIMUM         49   1159 PM  38    2013  47      2       63
  AVERAGE         58

PRECIPITATION (IN)
  YESTERDAY        0.00          0.90 2011   0.13  -0.13     0.53
  MONTH TO DATE    2.14                      3.26  -1.12     3.51
  SINCE MAR 1      9.63                      9.06   0.57     9.82
  SINCE JAN 1     13.85                     12.11   1.74    11.33

DEGREE DAYS
 HEATING
  YESTERDAY        7                         8     -1        0
  MONTH TO DATE  318                       268     50      299
  SINCE MAR 1   1660                      1764   -104     1712
  SINCE JUL 1   5772                      6710   -938     6057

 COOLING
  YESTERDAY        0                         1     -1        7
  MONTH TO DATE   17                        12      5       11
  SINCE MAR 1     21                        16      5       11
  SINCE JAN 1     21                        16      5       11
..................................................................


WIND (MPH)
  RESULTANT WIND SPEED   7   RESULTANT WIND DIRECTION   N (0)
  HIGHEST WIND SPEED    15   HIGHEST WIND DIRECTION    NE (30)
  HIGHEST GUST SPEED    23   HIGHEST GUST DIRECTION     N (350)
  AVERAGE WIND SPEED     6.8


SKY COVER
  POSSIBLE SUNSHINE  MM
  AVERAGE SKY COVER 0.6


WEATHER CONDITIONS
 THE FOLLOWING WEATHER WAS RECORDED YESTERDAY.
  FOG


RELATIVE HUMIDITY (PERCENT)
 HIGHEST   100
 LOWEST     63
 AVERAGE    82

..........................................................


THE WAUKEGAN   CLIMATE NORMALS FOR TODAY
                         NORMAL    RECORD    YEAR
 MAXIMUM TEMPERATURE (F)   69        83      2014
 MINIMUM TEMPERATURE (F)   48        36      2013


SUNRISE AND SUNSET
MAY 26 2017...........SUNRISE   520 AM CDT   SUNSET   817 PM CDT
MAY 27 2017...........SUNRISE   520 AM CDT   SUNSET   818 PM CDT


-  INDICATES NEGATIVE NUMBERS.
R  INDICATES RECORD WAS SET OR TIED.
MM INDICATES DATA IS MISSING.
T  INDICATES TRACE AMOUNT.




$$
