000
CDUS43 KLOT 170642
CLIUGN


CLIMATE REPORT
NATIONAL WEATHER SERVICE CHICAGO IL
1240 AM CST TUE JAN 17 2017


...................................

...THE WAUKEGAN   CLIMATE SUMMARY FOR JANUARY 16 2017...

CLIMATE NORMAL PERIOD 1981 TO 2010
CLIMATE RECORD PERIOD 2000 TO 2017


WEATHER ITEM   OBSERVED TIME   RECORD YEAR NORMAL DEPARTURE LAST
                VALUE   (LST)  VALUE       VALUE  FROM      YEAR
                                                  NORMAL
..................................................................
TEMPERATURE (F)
 YESTERDAY
  MAXIMUM         37   1159 PM  42    2012  30      7       29
                                      2008
  MINIMUM         24    156 AM -19    2009  15      9        6
  AVERAGE         31

PRECIPITATION (IN)
  YESTERDAY        0.86R         0.05 2012   0.04   0.82     0.00
  MONTH TO DATE    1.12                      0.68   0.44     0.44
  SINCE DEC 1      2.02                      2.68  -0.66     5.24
  SINCE JAN 1      1.12                      0.68   0.44     0.44

DEGREE DAYS
 HEATING
  YESTERDAY       34                        42     -8       47
  MONTH TO DATE  692                       663     29      657
  SINCE DEC 1   1928                      1827    101     1499
  SINCE JUL 1   2815                      3212   -397     2657

 COOLING
  YESTERDAY        0                         0      0        0
  MONTH TO DATE    0                         0      0        0
  SINCE DEC 1      0                         0      0        0
  SINCE JAN 1      0                         0      0        0
..................................................................


WIND (MPH)
  RESULTANT WIND SPEED   4   RESULTANT WIND DIRECTION   E (100)
  HIGHEST WIND SPEED    12   HIGHEST WIND DIRECTION     E (100)
  HIGHEST GUST SPEED    16   HIGHEST GUST DIRECTION     E (100)
  AVERAGE WIND SPEED     5.4


SKY COVER
  POSSIBLE SUNSHINE  MM
  AVERAGE SKY COVER 0.9


WEATHER CONDITIONS
 THE FOLLOWING WEATHER WAS RECORDED YESTERDAY.
  LIGHT RAIN
  LT FREEZING RAIN
  FOG
  FOG W/VISIBILITY <= 1/4 MILE
  HAZE


RELATIVE HUMIDITY (PERCENT)
 HIGHEST   100
 LOWEST     81
 AVERAGE    91

..........................................................


THE WAUKEGAN   CLIMATE NORMALS FOR TODAY
                         NORMAL    RECORD    YEAR
 MAXIMUM TEMPERATURE (F)   30        43      2015
 MINIMUM TEMPERATURE (F)   15        -3      2016


SUNRISE AND SUNSET
JANUARY 17 2017.......SUNRISE   717 AM CST   SUNSET   447 PM CST
JANUARY 18 2017.......SUNRISE   716 AM CST   SUNSET   448 PM CST


-  INDICATES NEGATIVE NUMBERS.
R  INDICATES RECORD WAS SET OR TIED.
MM INDICATES DATA IS MISSING.
T  INDICATES TRACE AMOUNT.




$$
