000
CDUS43 KLOT 220709
CLIUGN


CLIMATE REPORT
NATIONAL WEATHER SERVICE CHICAGO IL
208 AM CDT SAT JUL 22 2017


...................................

...THE WAUKEGAN   CLIMATE SUMMARY FOR JULY 21 2017...

CLIMATE NORMAL PERIOD 1981 TO 2010
CLIMATE RECORD PERIOD 2000 TO 2017


WEATHER ITEM   OBSERVED TIME   RECORD YEAR NORMAL DEPARTURE LAST
                VALUE   (LST)  VALUE       VALUE  FROM      YEAR
                                                  NORMAL
..................................................................
TEMPERATURE (F)
 YESTERDAY
  MAXIMUM         83    210 PM  98    2002  80      3       92
  MINIMUM         67    334 AM  52    2007  62      5       71
  AVERAGE         75

PRECIPITATION (IN)
  YESTERDAY        0.36          1.61 2003   0.13   0.23     0.49
  MONTH TO DATE    7.75                      2.68   5.07     1.07
  SINCE JUN 1     12.02                      6.56   5.46     2.42
  SINCE JAN 1     26.13                     19.42   6.71    14.36

DEGREE DAYS
 HEATING
  YESTERDAY        0                         0      0        0
  MONTH TO DATE    1                         3     -2       10
  SINCE JUN 1     38                        89    -51       50
  SINCE JUL 1      1                         3     -2       10

 COOLING
  YESTERDAY       10                         7      3       17
  MONTH TO DATE  123                       144    -21      162
  SINCE JUN 1    264                       249     15      293
  SINCE JAN 1    285                       274     11      337
..................................................................


WIND (MPH)
  RESULTANT WIND SPEED   4   RESULTANT WIND DIRECTION  SE (140)
  HIGHEST WIND SPEED    16   HIGHEST WIND DIRECTION    SE (140)
  HIGHEST GUST SPEED    20   HIGHEST GUST DIRECTION     S (160)
  AVERAGE WIND SPEED     5.5


SKY COVER
  POSSIBLE SUNSHINE  MM
  AVERAGE SKY COVER 0.2


WEATHER CONDITIONS
 THE FOLLOWING WEATHER WAS RECORDED YESTERDAY.
  THUNDERSTORM
  LIGHT RAIN
  FOG


RELATIVE HUMIDITY (PERCENT)
 HIGHEST   100
 LOWEST     58
 AVERAGE    79

..........................................................


THE WAUKEGAN   CLIMATE NORMALS FOR TODAY
                         NORMAL    RECORD    YEAR
 MAXIMUM TEMPERATURE (F)   80        92      2016
 MINIMUM TEMPERATURE (F)   62        50      2007


SUNRISE AND SUNSET
JULY 22 2017..........SUNRISE   534 AM CDT   SUNSET   821 PM CDT
JULY 23 2017..........SUNRISE   535 AM CDT   SUNSET   820 PM CDT


-  INDICATES NEGATIVE NUMBERS.
R  INDICATES RECORD WAS SET OR TIED.
MM INDICATES DATA IS MISSING.
T  INDICATES TRACE AMOUNT.




$$
