000
CDUS43 KLOT 310648
CLIUGN


CLIMATE REPORT
NATIONAL WEATHER SERVICE CHICAGO IL
145 AM CDT WED AUG 31 2016


...................................

...THE WAUKEGAN   CLIMATE SUMMARY FOR AUGUST 30 2016...

CLIMATE NORMAL PERIOD 1981 TO 2010
CLIMATE RECORD PERIOD 2000 TO 2016


WEATHER ITEM   OBSERVED TIME   RECORD YEAR NORMAL DEPARTURE LAST
                VALUE   (LST)  VALUE       VALUE  FROM      YEAR
                                                  NORMAL
..................................................................
TEMPERATURE (F)
 YESTERDAY
  MAXIMUM         83   1152 AM  96    2013  78      5       71
  MINIMUM         70   1115 PM  47    2009  59     11       59
  AVERAGE         77

PRECIPITATION (IN)
  YESTERDAY        T             0.16 2011   0.11  -0.11     0.00
  MONTH TO DATE    3.05                      3.72  -0.67     3.92
  SINCE JUN 1      7.37                     11.48  -4.11    12.47
  SINCE JAN 1     19.31                     24.34  -5.03    21.87

DEGREE DAYS
 HEATING
  YESTERDAY        0                         1     -1        0
  MONTH TO DATE    1                         6     -5       24
  SINCE JUN 1     51                       104    -53      172
  SINCE JUL 1     11                        18     -7       69

 COOLING
  YESTERDAY       12                         4      8        0
  MONTH TO DATE  270                       165    105      129
  SINCE JUN 1    669                       475    194      337
  SINCE JAN 1    713                       500    213      362
..................................................................


WIND (MPH)
  RESULTANT WIND SPEED   2   RESULTANT WIND DIRECTION   S (170)
  HIGHEST WIND SPEED    15   HIGHEST WIND DIRECTION     N (340)
  HIGHEST GUST SPEED    23   HIGHEST GUST DIRECTION    NW (330)
  AVERAGE WIND SPEED     3.5


SKY COVER
  POSSIBLE SUNSHINE  MM
  AVERAGE SKY COVER 0.2


WEATHER CONDITIONS
 THE FOLLOWING WEATHER WAS RECORDED YESTERDAY.
  THUNDERSTORM
  LIGHT RAIN
  FOG
  HAZE


RELATIVE HUMIDITY (PERCENT)
 HIGHEST    93
 LOWEST     69
 AVERAGE    81

..........................................................


THE WAUKEGAN   CLIMATE NORMALS FOR TODAY
                         NORMAL    RECORD    YEAR
 MAXIMUM TEMPERATURE (F)   77        95      2012
 MINIMUM TEMPERATURE (F)   59        46      2009


SUNRISE AND SUNSET
AUGUST 31 2016........SUNRISE   616 AM CDT   SUNSET   726 PM CDT
SEPTEMBER  1 2016.....SUNRISE   617 AM CDT   SUNSET   725 PM CDT


-  INDICATES NEGATIVE NUMBERS.
R  INDICATES RECORD WAS SET OR TIED.
MM INDICATES DATA IS MISSING.
T  INDICATES TRACE AMOUNT.




$$
