000
CDUS43 KLOT 220634
CLIUGN


CLIMATE REPORT
NATIONAL WEATHER SERVICE CHICAGO IL
134 AM CDT FRI SEP 22 2017


...................................

...THE WAUKEGAN   CLIMATE SUMMARY FOR SEPTEMBER 21 2017...

CLIMATE NORMAL PERIOD 1981 TO 2010
CLIMATE RECORD PERIOD 2000 TO 2017


WEATHER ITEM   OBSERVED TIME   RECORD YEAR NORMAL DEPARTURE LAST
                VALUE   (LST)  VALUE       VALUE  FROM      YEAR
                                                  NORMAL
..................................................................
TEMPERATURE (F)
 YESTERDAY
  MAXIMUM         88R  1154 AM  88    2010  69     19       74
  MINIMUM         68   1152 PM  37    2006  51     17       63
  AVERAGE         78

PRECIPITATION (IN)
  YESTERDAY        0.00          0.51 2016   0.13  -0.13     0.51
  MONTH TO DATE    0.42                      2.34  -1.92     0.71
  SINCE SEP 1      0.42                      2.34  -1.92     0.71
  SINCE JAN 1     29.26                     26.79   2.47    20.02

DEGREE DAYS
 HEATING
  YESTERDAY        0                         6     -6        0
  MONTH TO DATE   77                        66     11        5
  SINCE SEP 1     77                        66     11        5
  SINCE JUL 1     99                        94      5       16

 COOLING
  YESTERDAY       13                         1     12        4
  MONTH TO DATE   44                        49     -5      106
  SINCE SEP 1     44                        49     -5      106
  SINCE JAN 1    490                       551    -61      821
..................................................................


WIND (MPH)
  RESULTANT WIND SPEED   2   RESULTANT WIND DIRECTION  SE (120)
  HIGHEST WIND SPEED    10   HIGHEST WIND DIRECTION     E (90)
  HIGHEST GUST SPEED    12   HIGHEST GUST DIRECTION     E (90)
  AVERAGE WIND SPEED     3.5


SKY COVER
  POSSIBLE SUNSHINE  MM
  AVERAGE SKY COVER 0.0


WEATHER CONDITIONS
 THE FOLLOWING WEATHER WAS RECORDED YESTERDAY.
  FOG
  HAZE


RELATIVE HUMIDITY (PERCENT)
 HIGHEST   100
 LOWEST     55
 AVERAGE    78

..........................................................


THE WAUKEGAN   CLIMATE NORMALS FOR TODAY
                         NORMAL    RECORD    YEAR
 MAXIMUM TEMPERATURE (F)   69        84      2005
 MINIMUM TEMPERATURE (F)   50        40      1999


SUNRISE AND SUNSET
SEPTEMBER 22 2017.....SUNRISE   639 AM CDT   SUNSET   648 PM CDT
SEPTEMBER 23 2017.....SUNRISE   640 AM CDT   SUNSET   646 PM CDT


-  INDICATES NEGATIVE NUMBERS.
R  INDICATES RECORD WAS SET OR TIED.
MM INDICATES DATA IS MISSING.
T  INDICATES TRACE AMOUNT.




$$
