000
CDUS43 KLOT 280635
CLIUGN


CLIMATE REPORT
NATIONAL WEATHER SERVICE CHICAGO IL
134 AM CDT THU MAY 28 2015


...................................

...THE WAUKEGAN   CLIMATE SUMMARY FOR MAY 27 2015...

CLIMATE NORMAL PERIOD 1981 TO 2010
CLIMATE RECORD PERIOD 2000 TO 2015


WEATHER ITEM   OBSERVED TIME   RECORD YEAR NORMAL DEPARTURE LAST
                VALUE   (LST)  VALUE       VALUE  FROM      YEAR
                                                  NORMAL
..................................................................
TEMPERATURE (F)
 YESTERDAY
  MAXIMUM         72    403 PM  86    2012  69      3       83
  MINIMUM         56   1135 PM  41    2008  48      8       55
  AVERAGE         64

PRECIPITATION (IN)
  YESTERDAY        0.09          1.02 2009   0.12  -0.03     0.39
  MONTH TO DATE    3.79                      3.50   0.29     4.97
  SINCE MAR 1      8.67                      9.30  -0.63     8.75
  SINCE JAN 1      9.21                     12.35  -3.14    10.77

DEGREE DAYS
 HEATING
  YESTERDAY        1                         7     -6        0
  MONTH TO DATE  250                       283    -33      278
  SINCE MAR 1   1834                      1779     55     2050
  SINCE JUL 1   7359                      6725    634     7919

 COOLING
  YESTERDAY        0                         1     -1        4
  MONTH TO DATE   19                        14      5       23
  SINCE MAR 1     19                        18      1       23
  SINCE JAN 1     19                        18      1       23
..................................................................


WIND (MPH)
  RESULTANT WIND SPEED   5   RESULTANT WIND DIRECTION  SW (220)
  HIGHEST WIND SPEED    21   HIGHEST WIND DIRECTION    SW (210)
  HIGHEST GUST SPEED    29   HIGHEST GUST DIRECTION    SW (210)
  AVERAGE WIND SPEED     7.1


SKY COVER
  POSSIBLE SUNSHINE  MM
  AVERAGE SKY COVER 0.5


WEATHER CONDITIONS
 THE FOLLOWING WEATHER WAS RECORDED YESTERDAY.
  HEAVY RAIN
  RAIN
  LIGHT RAIN
  FOG


RELATIVE HUMIDITY (PERCENT)
 HIGHEST   100
 LOWEST     61
 AVERAGE    81

..........................................................


THE WAUKEGAN   CLIMATE NORMALS FOR TODAY
                         NORMAL    RECORD    YEAR
 MAXIMUM TEMPERATURE (F)   70        92      2012
 MINIMUM TEMPERATURE (F)   48        -1      2008


SUNRISE AND SUNSET
MAY 28 2015...........SUNRISE   519 AM CDT   SUNSET   819 PM CDT
MAY 29 2015...........SUNRISE   519 AM CDT   SUNSET   819 PM CDT


-  INDICATES NEGATIVE NUMBERS.
R  INDICATES RECORD WAS SET OR TIED.
MM INDICATES DATA IS MISSING.
T  INDICATES TRACE AMOUNT.




$$
