000
CDUS46 KSEW 300121
CLIUIL


CLIMATE REPORT
NATIONAL WEATHER SERVICE SEATTLE WA
621 PM PDT MON AUG 29 2016


...................................

...THE QUILLAYUTE WA AIRPORT CLIMATE SUMMARY FOR AUGUST 29 2016...
VALID TODAY AS OF 0600 PM LOCAL TIME.

CLIMATE NORMAL PERIOD 1981 TO 2010
CLIMATE RECORD PERIOD 1966 TO 2016


WEATHER ITEM   OBSERVED TIME   RECORD YEAR NORMAL DEPARTURE LAST
                VALUE   (LST)  VALUE       VALUE  FROM      YEAR
                                                  NORMAL
..................................................................
TEMPERATURE (F)
 TODAY
  MAXIMUM         67   1058 AM  86    1996  68     -1       63
  MINIMUM         50    110 AM  37    1980  50      0       57
  AVERAGE         59                        59      0       60

PRECIPITATION (IN)
  TODAY            T             2.61 1991   0.10  -0.10     1.58
  MONTH TO DATE    0.36                      2.27  -1.91     2.11
  SINCE OCT 1    101.86                     95.50   6.36    89.43
  SINCE JAN 1     57.88                     56.50   1.38    44.68

DEGREE DAYS
 HEATING
  TODAY            6                         6      0        5
  MONTH TO DATE  114                       162    -48       77
  SINCE JUN 1    518                       650   -132      338
  SINCE JUL 1    269                       356    -87      148

 COOLING
  TODAY            0                         0      0        0
  MONTH TO DATE   43                         0     43       26
  SINCE JUN 1     54                        10     44       56
  SINCE JAN 1     54                        11     43       56
..................................................................


WIND (MPH)
  RESULTANT WIND SPEED   4   RESULTANT WIND DIRECTION   S (170)
  HIGHEST WIND SPEED    15   HIGHEST WIND DIRECTION     S (200)
  HIGHEST GUST SPEED    21   HIGHEST GUST DIRECTION     S (200)
  AVERAGE WIND SPEED     5.5


SKY COVER
  AVERAGE SKY COVER 0.9


WEATHER CONDITIONS
 THE FOLLOWING WEATHER WAS RECORDED TODAY.
  LIGHT RAIN
  FOG
  FOG W/VISIBILITY <= 1/4 MILE


RELATIVE HUMIDITY (PERCENT)
 HIGHEST   100          1200 AM
 LOWEST     68          1100 AM
 AVERAGE    84

..........................................................


THE QUILLAYUTE WA AIRPORT CLIMATE NORMALS FOR TOMORROW
                         NORMAL    RECORD    YEAR
 MAXIMUM TEMPERATURE (F)   68        89      1987
 MINIMUM TEMPERATURE (F)   50        39      1972


SUNRISE AND SUNSET
AUGUST 29 2016........SUNRISE   633 AM PDT   SUNSET   804 PM PDT
AUGUST 30 2016........SUNRISE   634 AM PDT   SUNSET   802 PM PDT


-  INDICATES NEGATIVE NUMBERS.
R  INDICATES RECORD WAS SET OR TIED.
MM INDICATES DATA IS MISSING.
T  INDICATES TRACE AMOUNT.




$$
