000
CDUS46 KSEW 110837
CLIUIL


CLIMATE REPORT
NATIONAL WEATHER SERVICE SEATTLE WA
1237 AM PST MON DEC 11 2017


...................................

...THE QUILLAYUTE WA AIRPORT CLIMATE SUMMARY FOR DECEMBER 10 2017...

CLIMATE NORMAL PERIOD 1981 TO 2010
CLIMATE RECORD PERIOD 1966 TO 2017


WEATHER ITEM   OBSERVED TIME   RECORD YEAR NORMAL DEPARTURE LAST
                VALUE   (LST)  VALUE       VALUE  FROM      YEAR
                                                  NORMAL
..................................................................
TEMPERATURE (F)
 YESTERDAY
  MAXIMUM         59R   218 PM  58    2014  46     13       46
  MINIMUM         29   1155 PM  10    1972  35     -6       33
  AVERAGE         44                        40      4       40

PRECIPITATION (IN)
  YESTERDAY        0.00          3.36 2014   0.42  -0.42     0.65
  MONTH TO DATE    2.38                      4.49  -2.11     5.15
  SINCE OCT 1     29.55                     30.50  -0.95    51.95
  SINCE JAN 1    100.94                     91.04   9.90   114.32

DEGREE DAYS
 HEATING
  YESTERDAY       21                        25     -4       25
  MONTH TO DATE  242                       242      0      267
  SINCE DEC 1    242                       242      0      267
  SINCE JUL 1   1776                      1956   -180     1694

 COOLING
  YESTERDAY        0                         0      0        0
  MONTH TO DATE    0                         0      0        0
  SINCE DEC 1      0                         0      0        0
  SINCE JAN 1     73                        19     54       54
..................................................................


WIND (MPH)
  RESULTANT WIND SPEED   2   RESULTANT WIND DIRECTION  NE (50)
  HIGHEST WIND SPEED    12   HIGHEST WIND DIRECTION     E (90)
  HIGHEST GUST SPEED    15   HIGHEST GUST DIRECTION     E (90)
  AVERAGE WIND SPEED     2.6


SKY COVER
  AVERAGE SKY COVER 0.2


WEATHER CONDITIONS
 THE FOLLOWING WEATHER WAS RECORDED YESTERDAY.
  FOG


RELATIVE HUMIDITY (PERCENT)
 HIGHEST   100           900 PM
 LOWEST     47           200 PM
 AVERAGE    74

..........................................................


THE QUILLAYUTE WA AIRPORT CLIMATE NORMALS FOR TODAY
                         NORMAL    RECORD    YEAR
 MAXIMUM TEMPERATURE (F)   46        55      2014
 MINIMUM TEMPERATURE (F)   35        20      1985


SUNRISE AND SUNSET
DECEMBER 11 2017......SUNRISE   758 AM PST   SUNSET   425 PM PST
DECEMBER 12 2017......SUNRISE   759 AM PST   SUNSET   425 PM PST


-  INDICATES NEGATIVE NUMBERS.
R  INDICATES RECORD WAS SET OR TIED.
MM INDICATES DATA IS MISSING.
T  INDICATES TRACE AMOUNT.




$$
