000
CDUS46 KSEW 210828
CLIUIL


CLIMATE REPORT
NATIONAL WEATHER SERVICE SEATTLE WA
1227 AM PST FRI NOV 21 2014


...................................

...THE QUILLAYUTE WA AIRPORT CLIMATE SUMMARY FOR NOVEMBER 20 2014...

CLIMATE NORMAL PERIOD 1981 TO 2010
CLIMATE RECORD PERIOD 1966 TO 2014


WEATHER ITEM   OBSERVED TIME   RECORD YEAR NORMAL DEPARTURE LAST
                VALUE   (LST)  VALUE       VALUE  FROM      YEAR
                                                  NORMAL
..................................................................
TEMPERATURE (F)
 YESTERDAY
  MAXIMUM         52    250 PM  63    1987  49      3       49
  MINIMUM         49    843 AM  19    1985  38     11       25
  AVERAGE         51                        43      8       37

PRECIPITATION (IN)
  YESTERDAY        0.42          4.18 1980   0.54  -0.12     0.00
  MONTH TO DATE    7.27                     10.25  -2.98     6.78
  SINCE OCT 1     24.63                     20.74   3.89     9.93
  SINCE JAN 1     85.03                     81.28   3.75    81.34

DEGREE DAYS
 HEATING
  YESTERDAY       14                        22     -8       28
  MONTH TO DATE  391                       398     -7      324
  SINCE SEP 1    790                      1119   -329      831
  SINCE JUL 1   1040                      1488   -448     1003

 COOLING
  YESTERDAY        0                         0      0        0
  MONTH TO DATE    0                         0      0        0
  SINCE SEP 1      7                         2      5       14
  SINCE JAN 1     25                        19      6       39
..................................................................


WIND (MPH)
  RESULTANT WIND SPEED   5   RESULTANT WIND DIRECTION  SE (150)
  HIGHEST WIND SPEED    15   HIGHEST WIND DIRECTION     S (190)
  HIGHEST GUST SPEED    24   HIGHEST GUST DIRECTION     S (200)
  AVERAGE WIND SPEED     5.8


SKY COVER
  AVERAGE SKY COVER 1.0


WEATHER CONDITIONS
 THE FOLLOWING WEATHER WAS RECORDED YESTERDAY.
  RAIN
  LIGHT RAIN
  FOG


RELATIVE HUMIDITY (PERCENT)
 HIGHEST   100           100 AM
 LOWEST     89          1200 PM
 AVERAGE    95

..........................................................


THE QUILLAYUTE WA AIRPORT CLIMATE NORMALS FOR TODAY
                         NORMAL    RECORD    YEAR
 MAXIMUM TEMPERATURE (F)   49        60      1979
 MINIMUM TEMPERATURE (F)   37        20      1985
                                             1978


SUNRISE AND SUNSET
NOVEMBER 21 2014......SUNRISE   733 AM PST   SUNSET   434 PM PST
NOVEMBER 22 2014......SUNRISE   735 AM PST   SUNSET   434 PM PST


-  INDICATES NEGATIVE NUMBERS.
R  INDICATES RECORD WAS SET OR TIED.
MM INDICATES DATA IS MISSING.
T  INDICATES TRACE AMOUNT.




$$
