000
CDUS46 KSEW 230119
CLIUIL


CLIMATE REPORT
NATIONAL WEATHER SERVICE SEATTLE WA
619 PM PDT MON MAY 22 2017


...................................

...THE QUILLAYUTE WA AIRPORT CLIMATE SUMMARY FOR MAY 22 2017...
VALID TODAY AS OF 0600 PM LOCAL TIME.

CLIMATE NORMAL PERIOD 1981 TO 2010
CLIMATE RECORD PERIOD 1966 TO 2017


WEATHER ITEM   OBSERVED TIME   RECORD YEAR NORMAL DEPARTURE LAST
                VALUE   (LST)  VALUE       VALUE  FROM      YEAR
                                                  NORMAL
..................................................................
TEMPERATURE (F)
 TODAY
  MAXIMUM         62    207 PM  85    1969  60      2       62
  MINIMUM         50    547 AM  36    1977  44      6       48
  AVERAGE         56                        52      4       55

PRECIPITATION (IN)
  TODAY            0.00          1.13 1974   0.15  -0.15      T
  MONTH TO DATE    4.77                      3.75   1.02     0.29
  SINCE OCT 1    122.15                     86.39  35.76    93.78
  SINCE JAN 1     62.22                     47.39  14.83    49.80

DEGREE DAYS
 HEATING
  TODAY            9                        13     -4       10
  MONTH TO DATE  305                       317    -12      246
  SINCE MAR 1   1496                      1514    -18     1162
  SINCE JUL 1   5318                      5359    -41     4285

 COOLING
  TODAY            0                         0      0        0
  MONTH TO DATE    0                         0      0        0
  SINCE MAR 1      0                         0      0        0
  SINCE JAN 1      0                         0      0        0
..................................................................


WIND (MPH)
  RESULTANT WIND SPEED   4   RESULTANT WIND DIRECTION  NW (300)
  HIGHEST WIND SPEED    17   HIGHEST WIND DIRECTION    SW (220)
  HIGHEST GUST SPEED    23   HIGHEST GUST DIRECTION    SW (220)
  AVERAGE WIND SPEED     5.4


SKY COVER
  AVERAGE SKY COVER 0.0


WEATHER CONDITIONS
 THE FOLLOWING WEATHER WAS RECORDED TODAY.
  FOG


RELATIVE HUMIDITY (PERCENT)
 HIGHEST   100           300 AM
 LOWEST     37           200 PM
 AVERAGE    69

..........................................................


THE QUILLAYUTE WA AIRPORT CLIMATE NORMALS FOR TOMORROW
                         NORMAL    RECORD    YEAR
 MAXIMUM TEMPERATURE (F)   61        81      1983
 MINIMUM TEMPERATURE (F)   44        33      1987


SUNRISE AND SUNSET
MAY 22 2017...........SUNRISE   531 AM PDT   SUNSET   859 PM PDT
MAY 23 2017...........SUNRISE   530 AM PDT   SUNSET   900 PM PDT


-  INDICATES NEGATIVE NUMBERS.
R  INDICATES RECORD WAS SET OR TIED.
MM INDICATES DATA IS MISSING.
T  INDICATES TRACE AMOUNT.




$$
