995
CDUS46 KSEW 200122
CLIUIL


CLIMATE REPORT
NATIONAL WEATHER SERVICE SEATTLE WA
522 PM PST MON FEB 19 2018


...................................

...THE QUILLAYUTE WA AIRPORT CLIMATE SUMMARY FOR FEBRUARY 19 2018...
VALID TODAY AS OF 0500 PM LOCAL TIME.

CLIMATE NORMAL PERIOD 1981 TO 2010
CLIMATE RECORD PERIOD 1966 TO 2018


WEATHER ITEM   OBSERVED TIME   RECORD YEAR NORMAL DEPARTURE LAST
                VALUE   (LST)  VALUE       VALUE  FROM      YEAR
                                                  NORMAL
..................................................................
TEMPERATURE (F)
 TODAY
  MAXIMUM         40    243 PM  63    1978  49     -9       44
  MINIMUM         25    735 AM  16    1986  35    -10       37
  AVERAGE         33                        42     -9       41

PRECIPITATION (IN)
  TODAY            0.00          3.66 1983   0.35  -0.35     0.54
  MONTH TO DATE    6.27                      7.11  -0.84     9.91
  SINCE OCT 1     66.59                     60.72   5.87    78.12
  SINCE JAN 1     28.37                     21.72   6.65    18.19

DEGREE DAYS
 HEATING
  TODAY           32                        23      9       24
  MONTH TO DATE  450                       437     13      441
  SINCE DEC 1   1853                      1928    -75     2140
  SINCE JUL 1   3387                      3642   -255     3567

 COOLING
  TODAY            0                         0      0        0
  MONTH TO DATE    0                         0      0        0
  SINCE DEC 1      0                         0      0        0
  SINCE JAN 1      0                         0      0        0
..................................................................


WIND (MPH)
  RESULTANT WIND SPEED   9   RESULTANT WIND DIRECTION  NE (30)
  HIGHEST WIND SPEED    20   HIGHEST WIND DIRECTION    NE (50)
  HIGHEST GUST SPEED    27   HIGHEST GUST DIRECTION     N (20)
  AVERAGE WIND SPEED     9.7


SKY COVER
  AVERAGE SKY COVER 0.0


WEATHER CONDITIONS
 THE FOLLOWING WEATHER WAS RECORDED TODAY.
  NO SIGNIFICANT WEATHER WAS OBSERVED.


RELATIVE HUMIDITY (PERCENT)
 HIGHEST    55           700 AM
 LOWEST     27           200 PM
 AVERAGE    41

..........................................................


THE QUILLAYUTE WA AIRPORT CLIMATE NORMALS FOR TOMORROW
                         NORMAL    RECORD    YEAR
 MAXIMUM TEMPERATURE (F)   49        61      2000
 MINIMUM TEMPERATURE (F)   35        24      2011
                                             1986
                                             1973


SUNRISE AND SUNSET
FEBRUARY 19 2018......SUNRISE   717 AM PST   SUNSET   547 PM PST
FEBRUARY 20 2018......SUNRISE   715 AM PST   SUNSET   549 PM PST


-  INDICATES NEGATIVE NUMBERS.
R  INDICATES RECORD WAS SET OR TIED.
MM INDICATES DATA IS MISSING.
T  INDICATES TRACE AMOUNT.




$$
