000
CDUS46 KSEW 160834
CLIUIL


CLIMATE REPORT
NATIONAL WEATHER SERVICE SEATTLE WA
1234 AM PST MON JAN 16 2017


...................................

...THE QUILLAYUTE WA AIRPORT CLIMATE SUMMARY FOR JANUARY 15 2017...

CLIMATE NORMAL PERIOD 1981 TO 2010
CLIMATE RECORD PERIOD 1966 TO 2017


WEATHER ITEM   OBSERVED TIME   RECORD YEAR NORMAL DEPARTURE LAST
                VALUE   (LST)  VALUE       VALUE  FROM      YEAR
                                                  NORMAL
..................................................................
TEMPERATURE (F)
 YESTERDAY
  MAXIMUM         49    310 PM  58    2009  47      2       49
  MINIMUM         22    756 AM  19    1997  36    -14       32
                                      1984
  AVERAGE         36                        42     -6       41

PRECIPITATION (IN)
  YESTERDAY        0.00          2.27 2010   0.51  -0.51     0.36
  MONTH TO DATE    1.31                      7.26  -5.95     3.90
  SINCE OCT 1     61.24                     46.26  14.98    47.88
  SINCE JAN 1      1.31                      7.26  -5.95     3.90

DEGREE DAYS
 HEATING
  YESTERDAY       29                        23      6       24
  MONTH TO DATE  475                       357    118      359
  SINCE DEC 1   1336                      1121    215     1027
  SINCE JUL 1   2763                      2835    -72     2338

 COOLING
  YESTERDAY        0                         0      0        0
  MONTH TO DATE    0                         0      0        0
  SINCE DEC 1      0                         0      0        0
  SINCE JAN 1      0                         0      0        0
..................................................................


WIND (MPH)
  RESULTANT WIND SPEED   1   RESULTANT WIND DIRECTION  NE (60)
  HIGHEST WIND SPEED     7   HIGHEST WIND DIRECTION     E (80)
  HIGHEST GUST SPEED    12   HIGHEST GUST DIRECTION     E (70)
  AVERAGE WIND SPEED     2.2


SKY COVER
  AVERAGE SKY COVER 0.1


WEATHER CONDITIONS
 THE FOLLOWING WEATHER WAS RECORDED YESTERDAY.
  NO SIGNIFICANT WEATHER WAS OBSERVED.


RELATIVE HUMIDITY (PERCENT)
 HIGHEST   100           400 AM
 LOWEST     42           200 PM
 AVERAGE    71

..........................................................


THE QUILLAYUTE WA AIRPORT CLIMATE NORMALS FOR TODAY
                         NORMAL    RECORD    YEAR
 MAXIMUM TEMPERATURE (F)   47        60      2014
 MINIMUM TEMPERATURE (F)   36        18      1984


SUNRISE AND SUNSET
JANUARY 16 2017.......SUNRISE   802 AM PST   SUNSET   455 PM PST
JANUARY 17 2017.......SUNRISE   801 AM PST   SUNSET   456 PM PST


-  INDICATES NEGATIVE NUMBERS.
R  INDICATES RECORD WAS SET OR TIED.
MM INDICATES DATA IS MISSING.
T  INDICATES TRACE AMOUNT.




$$
