000
CDUS46 KSEW 100847
CLIUIL


CLIMATE REPORT
NATIONAL WEATHER SERVICE SEATTLE WA
1247 AM PST SAT DEC 10 2016


...................................

...THE QUILLAYUTE WA AIRPORT CLIMATE SUMMARY FOR DECEMBER 9 2016...

CLIMATE NORMAL PERIOD 1981 TO 2010
CLIMATE RECORD PERIOD 1966 TO 2016


WEATHER ITEM   OBSERVED TIME   RECORD YEAR NORMAL DEPARTURE LAST
                VALUE   (LST)  VALUE       VALUE  FROM      YEAR
                                                  NORMAL
..................................................................
TEMPERATURE (F)
 YESTERDAY
  MAXIMUM         43    144 PM  57    2014  46     -3       54
  MINIMUM         31   1213 AM  17    2009  35     -4       43
  AVERAGE         37                        40     -3       49

PRECIPITATION (IN)
  YESTERDAY        0.98          2.54 1995   0.41   0.57     0.59
  MONTH TO DATE    4.50                      4.07   0.43     9.64
  SINCE OCT 1     51.30                     30.08  21.22    34.38
  SINCE JAN 1    113.67                     90.62  23.05    87.22

DEGREE DAYS
 HEATING
  YESTERDAY       28                        25      3       16
  MONTH TO DATE  242                       217     25      129
  SINCE DEC 1    242                       217     25      129
  SINCE JUL 1   1669                      1931   -262     1440

 COOLING
  YESTERDAY        0                         0      0        0
  MONTH TO DATE    0                         0      0        0
  SINCE DEC 1      0                         0      0        0
  SINCE JAN 1     54                        19     35       56
..................................................................


WIND (MPH)
  RESULTANT WIND SPEED   4   RESULTANT WIND DIRECTION   E (90)
  HIGHEST WIND SPEED    24   HIGHEST WIND DIRECTION     W (260)
  HIGHEST GUST SPEED    33   HIGHEST GUST DIRECTION     W (260)
  AVERAGE WIND SPEED     4.7


SKY COVER
  AVERAGE SKY COVER 1.0


WEATHER CONDITIONS
 THE FOLLOWING WEATHER WAS RECORDED YESTERDAY.
  HEAVY RAIN
  RAIN
  LIGHT RAIN
  LT FREEZING RAIN
  LIGHT SNOW
  FOG


RELATIVE HUMIDITY (PERCENT)
 HIGHEST   100          1200 AM
 LOWEST     67           100 PM
 AVERAGE    84

..........................................................


THE QUILLAYUTE WA AIRPORT CLIMATE NORMALS FOR TODAY
                         NORMAL    RECORD    YEAR
 MAXIMUM TEMPERATURE (F)   46        58      2014
 MINIMUM TEMPERATURE (F)   35        10      1972


SUNRISE AND SUNSET
DECEMBER 10 2016......SUNRISE   757 AM PST   SUNSET   425 PM PST
DECEMBER 11 2016......SUNRISE   758 AM PST   SUNSET   425 PM PST


-  INDICATES NEGATIVE NUMBERS.
R  INDICATES RECORD WAS SET OR TIED.
MM INDICATES DATA IS MISSING.
T  INDICATES TRACE AMOUNT.




$$
