000
CDUS43 KLSX 070745
CLIUIN


CLIMATE REPORT
NATIONAL WEATHER SERVICE ST LOUIS MO
245 AM CDT TUE JUL 7 2015


...................................

...THE QUINCY IL CLIMATE SUMMARY FOR JULY 6 2015...

CLIMATE NORMAL PERIOD 1981 TO 2010
CLIMATE RECORD PERIOD 1901 TO 2015


WEATHER ITEM   OBSERVED TIME   RECORD YEAR NORMAL DEPARTURE LAST
                VALUE   (LST)  VALUE       VALUE  FROM      YEAR
                                                  NORMAL
..................................................................
TEMPERATURE (F)
 YESTERDAY
  MAXIMUM         88    329 PM 105    2012  86      2       85
                                      1936
  MINIMUM         72   1159 PM  50    1967  66      6       70
  AVERAGE         80                        76      4

PRECIPITATION (IN)
  YESTERDAY        0.33          2.09 2010   0.14   0.19     0.02
  MONTH TO DATE    0.45                      0.78  -0.33     0.13
  SINCE JUN 1      8.98                      4.77   4.21     8.28
  SINCE JAN 1     17.66                     18.86  -1.20    16.69

DEGREE DAYS
 HEATING
  YESTERDAY        0                         0      0
  MONTH TO DATE    0                         0      0
  SINCE JUN 1      8                        16     -8
  SINCE JUL 1      0                         0      0

 COOLING
  YESTERDAY       15                        11      4
  MONTH TO DATE   52                        66    -14
  SINCE JUN 1    299                       293      6
  SINCE JAN 1    413                       379     34
..................................................................


WIND (MPH)
  HIGHEST WIND SPEED    22   HIGHEST WIND DIRECTION     W (250)
  HIGHEST GUST SPEED    29   HIGHEST GUST DIRECTION    SW (240)
  AVERAGE WIND SPEED     9.5


SKY COVER
  AVERAGE SKY COVER 0.2



RELATIVE HUMIDITY (PERCENT)
 HIGHEST    93           600 AM
 LOWEST     63           200 PM
 AVERAGE    78

..........................................................


THE QUINCY IL CLIMATE NORMALS FOR TODAY
                         NORMAL    RECORD    YEAR
 MAXIMUM TEMPERATURE (F)   86       105      2012
 MINIMUM TEMPERATURE (F)   67        51      1983


SUNRISE AND SUNSET
JULY  7 2015..........SUNRISE   543 AM CDT   SUNSET   836 PM CDT
JULY  8 2015..........SUNRISE   544 AM CDT   SUNSET   836 PM CDT


-  INDICATES NEGATIVE NUMBERS.
R  INDICATES RECORD WAS SET OR TIED.
MM INDICATES DATA IS MISSING.
T  INDICATES TRACE AMOUNT.




$$
