000
CDUS43 KLSX 250729
CLIUIN


CLIMATE REPORT
NATIONAL WEATHER SERVICE ST LOUIS MO
127 AM CST SAT NOV 25 2017


...................................

...THE QUINCY IL CLIMATE SUMMARY FOR NOVEMBER 24 2017...

CLIMATE NORMAL PERIOD 1981 TO 2010
CLIMATE RECORD PERIOD 1901 TO 2017


WEATHER ITEM   OBSERVED TIME   RECORD YEAR NORMAL DEPARTURE LAST
                VALUE   (LST)  VALUE       VALUE  FROM      YEAR
                                                  NORMAL
..................................................................
TEMPERATURE (F)
 YESTERDAY
  MAXIMUM         71R   346 PM  69    1931  47     24       41
  MINIMUM         36   1221 AM  -1    1950  30      6       38
  AVERAGE         54                        38     16

PRECIPITATION (IN)
  YESTERDAY        0.00          1.49 2001   0.10  -0.10     0.00
  MONTH TO DATE    1.30                      2.44  -1.14     0.91
  SINCE SEP 1      6.45                      8.75  -2.30     5.91
  SINCE JAN 1     32.60                     34.50  -1.90    29.60

DEGREE DAYS
 HEATING
  YESTERDAY       11                        27    -16
  MONTH TO DATE  557                       506     51
  SINCE SEP 1    838                       925    -87
  SINCE JUL 1    838                       930    -92

 COOLING
  YESTERDAY        0                         0      0
  MONTH TO DATE    0                         0      0
  SINCE SEP 1    234                       140     94
  SINCE JAN 1   1229                      1093    136
..................................................................


WIND (MPH)
  HIGHEST WIND SPEED    29   HIGHEST WIND DIRECTION    SW (210)
  HIGHEST GUST SPEED    36   HIGHEST GUST DIRECTION     S (190)
  AVERAGE WIND SPEED    14.1


SKY COVER
  AVERAGE SKY COVER 0.0



RELATIVE HUMIDITY (PERCENT)
 HIGHEST    76           200 AM
 LOWEST     29           100 PM
 AVERAGE    53

..........................................................


THE QUINCY IL CLIMATE NORMALS FOR TODAY
                         NORMAL    RECORD    YEAR
 MAXIMUM TEMPERATURE (F)   46        68      1915
 MINIMUM TEMPERATURE (F)   29        -1      1950


SUNRISE AND SUNSET
NOVEMBER 25 2017......SUNRISE   701 AM CST   SUNSET   442 PM CST
NOVEMBER 26 2017......SUNRISE   702 AM CST   SUNSET   442 PM CST


-  INDICATES NEGATIVE NUMBERS.
R  INDICATES RECORD WAS SET OR TIED.
MM INDICATES DATA IS MISSING.
T  INDICATES TRACE AMOUNT.




$$
