000
CDUS43 KLSX 290729
CLIUIN


CLIMATE REPORT
NATIONAL WEATHER SERVICE ST LOUIS MO
229 AM CDT SAT JUL 29 2017


...................................

...THE QUINCY IL CLIMATE SUMMARY FOR JULY 28 2017...

CLIMATE NORMAL PERIOD 1981 TO 2010
CLIMATE RECORD PERIOD 1901 TO 2017


WEATHER ITEM   OBSERVED TIME   RECORD YEAR NORMAL DEPARTURE LAST
                VALUE   (LST)  VALUE       VALUE  FROM      YEAR
                                                  NORMAL
..................................................................
TEMPERATURE (F)
 YESTERDAY
  MAXIMUM         84    227 PM 104    1914  86     -2       85
  MINIMUM         62   1159 PM  49    2013  66     -4       67
  AVERAGE         73                        76     -3

PRECIPITATION (IN)
  YESTERDAY        0.00          1.99 1957   0.12  -0.12     1.31
  MONTH TO DATE    1.63                      3.68  -2.05     6.70
  SINCE JUN 1      5.06                      7.67  -2.61     7.72
  SINCE JAN 1     21.84                     21.76   0.08    16.40

DEGREE DAYS
 HEATING
  YESTERDAY        0                         0      0
  MONTH TO DATE    0                         0      0
  SINCE JUN 1      4                        16    -12
  SINCE JUL 1      0                         0      0

 COOLING
  YESTERDAY        8                        11     -3
  MONTH TO DATE  402                       308     94
  SINCE JUN 1    673                       535    138
  SINCE JAN 1    782                       621    161
..................................................................


WIND (MPH)
  HIGHEST WIND SPEED    18   HIGHEST WIND DIRECTION     N (10)
  HIGHEST GUST SPEED    23   HIGHEST GUST DIRECTION     N (10)
  AVERAGE WIND SPEED     9.7


SKY COVER
  AVERAGE SKY COVER 0.1



RELATIVE HUMIDITY (PERCENT)
 HIGHEST    90           500 AM
 LOWEST     47           500 PM
 AVERAGE    69

..........................................................


THE QUINCY IL CLIMATE NORMALS FOR TODAY
                         NORMAL    RECORD    YEAR
 MAXIMUM TEMPERATURE (F)   86       105      1931
 MINIMUM TEMPERATURE (F)   66        50      2013


SUNRISE AND SUNSET
JULY 29 2017..........SUNRISE   601 AM CDT   SUNSET   821 PM CDT
JULY 30 2017..........SUNRISE   602 AM CDT   SUNSET   820 PM CDT


-  INDICATES NEGATIVE NUMBERS.
R  INDICATES RECORD WAS SET OR TIED.
MM INDICATES DATA IS MISSING.
T  INDICATES TRACE AMOUNT.




$$
