000
CDUS43 KLSX 170734
CLIUIN


CLIMATE REPORT
NATIONAL WEATHER SERVICE ST LOUIS MO
234 AM CDT WED SEP 17 2014


...................................

...THE QUINCY IL CLIMATE SUMMARY FOR SEPTEMBER 16 2014...

CLIMATE NORMAL PERIOD 1981 TO 2010
CLIMATE RECORD PERIOD 1901 TO 2014


WEATHER ITEM   OBSERVED TIME   RECORD YEAR NORMAL DEPARTURE LAST
                VALUE   (LST)  VALUE       VALUE  FROM      YEAR
                                                  NORMAL
..................................................................
TEMPERATURE (F)
 YESTERDAY
  MAXIMUM         68    507 PM  99    1927  77     -9       71
  MINIMUM         45    615 AM  41    1984  56    -11       54
                                      1916
  AVERAGE         57                        66     -9

PRECIPITATION (IN)
  YESTERDAY        0.00          2.95 1978   0.10  -0.10     0.00
  MONTH TO DATE    6.13                      1.75   4.38     0.85
  SINCE SEP 1      6.13                      1.75   4.38     0.85
  SINCE JAN 1     31.75                     27.50   4.25    28.95

DEGREE DAYS
 HEATING
  YESTERDAY        8                         2      6
  MONTH TO DATE   65                        20     45
  SINCE SEP 1     65                        20     45
  SINCE JUL 1     70                        25     45

 COOLING
  YESTERDAY        0                         4     -4
  MONTH TO DATE   49                        88    -39
  SINCE SEP 1     49                        88    -39
  SINCE JAN 1    978                      1041    -63
..................................................................


WIND (MPH)
  HIGHEST WIND SPEED     9   HIGHEST WIND DIRECTION     E (70)
  HIGHEST GUST SPEED    12   HIGHEST GUST DIRECTION     E (90)
  AVERAGE WIND SPEED     3.0


SKY COVER
  AVERAGE SKY COVER 0.1



RELATIVE HUMIDITY (PERCENT)
 HIGHEST   100           600 AM
 LOWEST     45           300 PM
 AVERAGE    73

..........................................................


THE QUINCY IL CLIMATE NORMALS FOR TODAY
                         NORMAL    RECORD    YEAR
 MAXIMUM TEMPERATURE (F)   77        99      1927
 MINIMUM TEMPERATURE (F)   55        39      1903


SUNRISE AND SUNSET
SEPTEMBER 17 2014.....SUNRISE   648 AM CDT   SUNSET   710 PM CDT
SEPTEMBER 18 2014.....SUNRISE   649 AM CDT   SUNSET   708 PM CDT


-  INDICATES NEGATIVE NUMBERS.
R  INDICATES RECORD WAS SET OR TIED.
MM INDICATES DATA IS MISSING.
T  INDICATES TRACE AMOUNT.




$$
