000
CDUS43 KLSX 300745
CLIUIN


CLIMATE REPORT
NATIONAL WEATHER SERVICE ST LOUIS MO
245 AM CDT TUE SEP 30 2014


...................................

...THE QUINCY IL CLIMATE SUMMARY FOR SEPTEMBER 29 2014...

CLIMATE NORMAL PERIOD 1981 TO 2010
CLIMATE RECORD PERIOD 1901 TO 2014


WEATHER ITEM   OBSERVED TIME   RECORD YEAR NORMAL DEPARTURE LAST
                VALUE   (LST)  VALUE       VALUE  FROM      YEAR
                                                  NORMAL
..................................................................
TEMPERATURE (F)
 YESTERDAY
  MAXIMUM         83    358 PM 100    1953  72     11       73
  MINIMUM         58    635 AM  32    1984  50      8       47
                                      1908
  AVERAGE         71                        61     10

PRECIPITATION (IN)
  YESTERDAY        0.00          1.80 1906   0.11  -0.11     0.00
  MONTH TO DATE    6.27                      3.20   3.07     1.80
  SINCE SEP 1      6.27                      3.20   3.07     1.80
  SINCE JAN 1     31.89                     28.95   2.94    29.90

DEGREE DAYS
 HEATING
  YESTERDAY        0                         6     -6
  MONTH TO DATE   87                        77     10
  SINCE SEP 1     87                        77     10
  SINCE JUL 1     92                        82     10

 COOLING
  YESTERDAY        6                         2      4
  MONTH TO DATE   86                       121    -35
  SINCE SEP 1     86                       121    -35
  SINCE JAN 1   1015                      1074    -59
..................................................................


WIND (MPH)
  HIGHEST WIND SPEED    10   HIGHEST WIND DIRECTION     W (280)
  HIGHEST GUST SPEED    14   HIGHEST GUST DIRECTION     W (290)
  AVERAGE WIND SPEED     2.3


SKY COVER
  AVERAGE SKY COVER 0.0



RELATIVE HUMIDITY (PERCENT)
 HIGHEST    90           700 AM
 LOWEST     40           200 PM
 AVERAGE    65

..........................................................


THE QUINCY IL CLIMATE NORMALS FOR TODAY
                         NORMAL    RECORD    YEAR
 MAXIMUM TEMPERATURE (F)   71        91      1952
                                             1933
 MINIMUM TEMPERATURE (F)   49        35      1916


SUNRISE AND SUNSET
SEPTEMBER 30 2014.....SUNRISE   700 AM CDT   SUNSET   649 PM CDT
OCTOBER  1 2014.......SUNRISE   701 AM CDT   SUNSET   647 PM CDT


-  INDICATES NEGATIVE NUMBERS.
R  INDICATES RECORD WAS SET OR TIED.
MM INDICATES DATA IS MISSING.
T  INDICATES TRACE AMOUNT.




$$
