000
CDUS43 KLSX 270728
CLIUIN


CLIMATE REPORT
NATIONAL WEATHER SERVICE ST LOUIS MO
228 AM CDT SAT MAY 27 2017


...................................

...THE QUINCY IL CLIMATE SUMMARY FOR MAY 26 2017...

CLIMATE NORMAL PERIOD 1981 TO 2010
CLIMATE RECORD PERIOD 1901 TO 2017


WEATHER ITEM   OBSERVED TIME   RECORD YEAR NORMAL DEPARTURE LAST
                VALUE   (LST)  VALUE       VALUE  FROM      YEAR
                                                  NORMAL
..................................................................
TEMPERATURE (F)
 YESTERDAY
  MAXIMUM         81    145 PM  95    1911  76      5       84
  MINIMUM         60    640 AM  36    1901  56      4       64
  AVERAGE         71                        66      5

PRECIPITATION (IN)
  YESTERDAY        0.09          2.11 2000   0.16  -0.07     1.12
  MONTH TO DATE    4.71                      3.76   0.95     2.99
  SINCE MAR 1     14.70                      9.91   4.79     7.41
  SINCE JAN 1     16.75                     13.31   3.44     8.03

DEGREE DAYS
 HEATING
  YESTERDAY        0                         3     -3
  MONTH TO DATE  122                       126     -4
  SINCE MAR 1    992                      1214   -222
  SINCE JUL 1   4433                      5556  -1123

 COOLING
  YESTERDAY        6                         3      3
  MONTH TO DATE   67                        48     19
  SINCE MAR 1     99                        66     33
  SINCE JAN 1     99                        66     33
..................................................................


WIND (MPH)
  HIGHEST WIND SPEED    32   HIGHEST WIND DIRECTION     E (110)
  HIGHEST GUST SPEED    39   HIGHEST GUST DIRECTION     E (110)
  AVERAGE WIND SPEED     8.8


SKY COVER
  AVERAGE SKY COVER 0.3



RELATIVE HUMIDITY (PERCENT)
 HIGHEST    93          1000 PM
 LOWEST     62           100 PM
 AVERAGE    78

..........................................................


THE QUINCY IL CLIMATE NORMALS FOR TODAY
                         NORMAL    RECORD    YEAR
 MAXIMUM TEMPERATURE (F)   76        94      1911
 MINIMUM TEMPERATURE (F)   56        34      1907


SUNRISE AND SUNSET
MAY 27 2017...........SUNRISE   541 AM CDT   SUNSET   824 PM CDT
MAY 28 2017...........SUNRISE   540 AM CDT   SUNSET   825 PM CDT


-  INDICATES NEGATIVE NUMBERS.
R  INDICATES RECORD WAS SET OR TIED.
MM INDICATES DATA IS MISSING.
T  INDICATES TRACE AMOUNT.




$$
