034
CDUS46 KEKA 221221
CLIUKI


CLIMATE REPORT
NATIONAL WEATHER SERVICE EUREKA CA
420 AM PST SUN JAN 22 2017


...................................

...THE UKIAH CA CLIMATE SUMMARY FOR JANUARY 21 2017...

CLIMATE NORMAL PERIOD 1981 TO 2010
CLIMATE RECORD PERIOD 1903 TO 2017


WEATHER ITEM   OBSERVED TIME   RECORD YEAR NORMAL DEPARTURE LAST
                VALUE   (LST)  VALUE       VALUE  FROM      YEAR
                                                  NORMAL
..................................................................
TEMPERATURE (F)
 YESTERDAY
  MAXIMUM         52    128 PM  74    1975  57     -5       62
  MINIMUM         44   1103 PM  17    1937  37      7       44
  AVERAGE         48                        47      1       53

PRECIPITATION (IN)
  YESTERDAY        0.92          5.50 1943   0.15   0.77     0.13
  MONTH TO DATE   13.75                      5.85   7.90     8.60
  SINCE OCT 1     30.86                     19.23  11.63    20.81
  SINCE JAN 1     13.75                      5.85   7.90     8.60

SNOWFALL (IN)
  YESTERDAY       MM            MM      MM  MM     MM       MM
  MONTH TO DATE    0.0                      MM     MM        0.0
  SINCE DEC 1      0.0                      MM     MM        0.0
  SINCE JUL 1      0.0                      MM     MM        0.0
  SNOW DEPTH       0

DEGREE DAYS
 HEATING
  YESTERDAY       17                        18     -1       12
  MONTH TO DATE  398                       394      4      364
  SINCE DEC 1   1035                      1001     34      965
  SINCE JUL 1   1572                      1624    -52     1488

 COOLING
  YESTERDAY        0                         0      0        0
  MONTH TO DATE    0                         0      0        0
  SINCE DEC 1      0                         0      0        0
  SINCE JAN 1      0                         0      0        0
..................................................................


WIND (MPH)
  HIGHEST WIND SPEED    20   HIGHEST WIND DIRECTION    SE (150)
  HIGHEST GUST SPEED    30   HIGHEST GUST DIRECTION    SE (150)
  AVERAGE WIND SPEED     7.8


SKY COVER
  AVERAGE SKY COVER 1.0


WEATHER CONDITIONS
 THE FOLLOWING WEATHER WAS RECORDED YESTERDAY.
  RAIN
  FOG


RELATIVE HUMIDITY (PERCENT)
 HIGHEST    92
 LOWEST     71
 AVERAGE    82

..........................................................


THE UKIAH CA CLIMATE NORMALS FOR TODAY
                         NORMAL    RECORD    YEAR
 MAXIMUM TEMPERATURE (F)   57        78      1934
 MINIMUM TEMPERATURE (F)   37        19      1937


SUNRISE AND SUNSET
JANUARY 22 2017.......SUNRISE   727 AM PST   SUNSET   523 PM PST
JANUARY 23 2017.......SUNRISE   726 AM PST   SUNSET   524 PM PST


-  INDICATES NEGATIVE NUMBERS.
R  INDICATES RECORD WAS SET OR TIED.
MM INDICATES DATA IS MISSING.
T  INDICATES TRACE AMOUNT.




$$
