000
CDUS46 KEKA 301211
CLIUKI


CLIMATE REPORT
NATIONAL WEATHER SERVICE EUREKA CA
409 AM PST FRI JAN 30 2015


...................................

...THE UKIAH CA CLIMATE SUMMARY FOR JANUARY 29 2015...

CLIMATE NORMAL PERIOD 1981 TO 2010
CLIMATE RECORD PERIOD 1903 TO 2015


WEATHER ITEM   OBSERVED TIME   RECORD YEAR NORMAL DEPARTURE LAST
                VALUE   (LST)  VALUE       VALUE  FROM      YEAR
                                                  NORMAL
..................................................................
TEMPERATURE (F)
 YESTERDAY
  MAXIMUM         71    303 PM  77    1931  58     13       58
  MINIMUM         38    734 AM  19    1957  38      0       49
  AVERAGE         55                        48      7       54

PRECIPITATION (IN)
  YESTERDAY        0.00          2.18 1968   0.11  -0.11     0.30
  MONTH TO DATE    0.46                      6.77  -6.31     0.57
  SINCE JUL 1     18.92                     20.74  -1.82     2.49
  SINCE JAN 1      0.46                      6.77  -6.31     0.57

SNOWFALL (IN)
  YESTERDAY        0.0          MM      MM  MM     MM       MM
  MONTH TO DATE    0.0                      MM     MM        0.0
  SINCE DEC 1      0.0                      MM     MM        0.0
  SINCE JUL 1      0.0                      MM     MM        0.0
  SNOW DEPTH       0

DEGREE DAYS
 HEATING
  YESTERDAY       10                        17     -7       11
  MONTH TO DATE  412                       536   -124      420
  SINCE DEC 1    827                      1143   -316     1067
  SINCE JUL 1   1228                      1766   -538     1592

 COOLING
  YESTERDAY        0                         0      0        0
  MONTH TO DATE    0                         0      0        0
  SINCE DEC 1      0                         0      0        0
  SINCE JAN 1      0                         0      0        0
..................................................................


WIND (MPH)
  HIGHEST WIND SPEED     7   HIGHEST WIND DIRECTION    NW (300)
  HIGHEST GUST SPEED     7   HIGHEST GUST DIRECTION    NW (300)
  AVERAGE WIND SPEED     0.7


SKY COVER
  AVERAGE SKY COVER 0.0


WEATHER CONDITIONS
 THE FOLLOWING WEATHER WAS RECORDED YESTERDAY.
  HAZE


RELATIVE HUMIDITY (PERCENT)
 HIGHEST    89
 LOWEST     33
 AVERAGE    61

..........................................................


THE UKIAH CA CLIMATE NORMALS FOR TODAY
                         NORMAL    RECORD    YEAR
 MAXIMUM TEMPERATURE (F)   58        74      1976
 MINIMUM TEMPERATURE (F)   38        21      1975


SUNRISE AND SUNSET
JANUARY 30 2015.......SUNRISE   721 AM PST   SUNSET   531 PM PST
JANUARY 31 2015.......SUNRISE   720 AM PST   SUNSET   532 PM PST


-  INDICATES NEGATIVE NUMBERS.
R  INDICATES RECORD WAS SET OR TIED.
MM INDICATES DATA IS MISSING.
T  INDICATES TRACE AMOUNT.




$$
