000
CDUS46 KEKA 211215
CLIUKI


CLIMATE REPORT
NATIONAL WEATHER SERVICE EUREKA CA
415 AM PST SUN DEC 21 2014


...................................

...THE UKIAH CA CLIMATE SUMMARY FOR DECEMBER 20 2014...

CLIMATE NORMAL PERIOD 1981 TO 2010
CLIMATE RECORD PERIOD 1903 TO 2014


WEATHER ITEM   OBSERVED TIME   RECORD YEAR NORMAL DEPARTURE LAST
                VALUE   (LST)  VALUE       VALUE  FROM      YEAR
                                                  NORMAL
..................................................................
TEMPERATURE (F)
 YESTERDAY
  MAXIMUM         54   1159 PM  70    1937  54      0       63
  MINIMUM         50    638 AM  23    1990  36     14       27
  AVERAGE         52                        45      7       45

PRECIPITATION (IN)
  YESTERDAY        0.38          1.90 2002   0.28   0.10     0.00
  MONTH TO DATE   11.92                      4.18   7.74     0.49
  SINCE JUL 1     18.28                     11.20   7.08     1.92
  SINCE JAN 1     34.91                     34.58   0.33     7.50

SNOWFALL (IN)
  YESTERDAY        0.0          MM      MM  MM     MM        0.0
  MONTH TO DATE    0.0                      MM     MM        0.0
  SINCE DEC 1      0.0                      MM     MM        0.0
  SINCE JUL 1      0.0                      MM     MM        0.0
  SNOW DEPTH       0

DEGREE DAYS
 HEATING
  YESTERDAY       13                        20     -7       20
  MONTH TO DATE  220                       389   -169      453
  SINCE DEC 1    220                       389   -169      453
  SINCE JUL 1    621                      1012   -391      978

 COOLING
  YESTERDAY        0                         0      0        0
  MONTH TO DATE    0                         0      0        0
  SINCE DEC 1      0                         0      0        0
  SINCE JAN 1   1290                       835    455      974
..................................................................


WIND (MPH)
  HIGHEST WIND SPEED     9   HIGHEST WIND DIRECTION     S (170)
  HIGHEST GUST SPEED    17   HIGHEST GUST DIRECTION    SE (140)
  AVERAGE WIND SPEED     4.0


SKY COVER
  AVERAGE SKY COVER 1.0


WEATHER CONDITIONS
 THE FOLLOWING WEATHER WAS RECORDED YESTERDAY.
  LIGHT RAIN
  FOG


RELATIVE HUMIDITY (PERCENT)
 HIGHEST    96
 LOWEST     89
 AVERAGE    93

..........................................................


THE UKIAH CA CLIMATE NORMALS FOR TODAY
                         NORMAL    RECORD    YEAR
 MAXIMUM TEMPERATURE (F)   54        68      1999
 MINIMUM TEMPERATURE (F)   36        19      1998


SUNRISE AND SUNSET
DECEMBER 21 2014......SUNRISE   728 AM PST   SUNSET   453 PM PST
DECEMBER 22 2014......SUNRISE   729 AM PST   SUNSET   454 PM PST


-  INDICATES NEGATIVE NUMBERS.
R  INDICATES RECORD WAS SET OR TIED.
MM INDICATES DATA IS MISSING.
T  INDICATES TRACE AMOUNT.




$$
