000
CDUS43 KSGF 060657
CLIUNO


CLIMATE REPORT
NATIONAL WEATHER SERVICE SPRINGFIELD MO
1257 AM CST FRI MAR 6 2015


...................................

...THE WEST PLAINS MO CLIMATE SUMMARY FOR MARCH 5 2015...

CLIMATE NORMAL PERIOD 1981 TO 2010
CLIMATE RECORD PERIOD 1947 TO 2015


WEATHER ITEM   OBSERVED TIME   RECORD YEAR NORMAL DEPARTURE LAST
                VALUE   (LST)  VALUE       VALUE  FROM      YEAR
                                                  NORMAL
..................................................................
TEMPERATURE (F)
 YESTERDAY
  MAXIMUM         32    413 PM  80    1956  55    -23       44
  MINIMUM         12   1147 PM  -3    1960  32    -20       13
  AVERAGE         22                        44    -22       29

PRECIPITATION (IN)
  YESTERDAY        0.00          1.14 1998   0.13  -0.13     0.00
  MONTH TO DATE    0.81                      0.55   0.26     1.08
  SINCE MAR 1      0.81                      0.55   0.26     1.08
  SINCE JAN 1      5.49                      6.11  -0.62     2.93

DEGREE DAYS
 HEATING
  YESTERDAY       43                        22     21       36
  MONTH TO DATE  169                       112     57      193
  SINCE MAR 1    169                       112     57      193
  SINCE JUL 1   3966                      3576    390     3991

 COOLING
  YESTERDAY        0                         0      0        0
  MONTH TO DATE    0                         0      0        0
  SINCE MAR 1      0                         0      0        0
  SINCE JAN 1      0                         0      0        0
..................................................................


WIND (MPH)
  HIGHEST WIND SPEED    21   HIGHEST WIND DIRECTION     N (340)
  HIGHEST GUST SPEED    32   HIGHEST GUST DIRECTION     N (350)
  AVERAGE WIND SPEED     7.4


SKY COVER
  AVERAGE SKY COVER 0.2


WEATHER CONDITIONS
 THE FOLLOWING WEATHER WAS RECORDED YESTERDAY.
  NO SIGNIFICANT WEATHER WAS OBSERVED.


RELATIVE HUMIDITY (PERCENT)
 HIGHEST    76          1100 PM
 LOWEST     32           300 PM
 AVERAGE    54

..........................................................


THE WEST PLAINS MO CLIMATE NORMALS FOR TODAY
                         NORMAL    RECORD    YEAR
 MAXIMUM TEMPERATURE (F)   56        84      2009
                                             1956
 MINIMUM TEMPERATURE (F)   32        12      1967


SUNRISE AND SUNSET
MARCH  6 2015.........SUNRISE   632 AM CST   SUNSET   607 PM CST
MARCH  7 2015.........SUNRISE   630 AM CST   SUNSET   607 PM CST


-  INDICATES NEGATIVE NUMBERS.
R  INDICATES RECORD WAS SET OR TIED.
MM INDICATES DATA IS MISSING.
T  INDICATES TRACE AMOUNT.




$$
