000
CDUS43 KSGF 240640
CLIUNO


CLIMATE REPORT
NATIONAL WEATHER SERVICE SPRINGFIELD MO
140 AM CDT SUN MAY 24 2015


...................................

...THE WEST PLAINS MO CLIMATE SUMMARY FOR MAY 23 2015...

CLIMATE NORMAL PERIOD 1981 TO 2010
CLIMATE RECORD PERIOD 1947 TO 2015


WEATHER ITEM   OBSERVED TIME   RECORD YEAR NORMAL DEPARTURE LAST
                VALUE   (LST)  VALUE       VALUE  FROM      YEAR
                                                  NORMAL
..................................................................
TEMPERATURE (F)
 YESTERDAY
  MAXIMUM         73    454 PM  95    2000  78     -5       81
  MINIMUM         58    607 AM  36    1963  56      2       61
  AVERAGE         66                        67     -1       71

PRECIPITATION (IN)
  YESTERDAY        T             1.49 1952   0.11  -0.11      T
  MONTH TO DATE    4.72                      3.90   0.82     2.68
  SINCE MAR 1     10.08                     12.67  -2.59    10.00
  SINCE JAN 1     14.76                     18.23  -3.47    11.85

DEGREE DAYS
 HEATING
  YESTERDAY        0                         2     -2        0
  MONTH TO DATE   71                        72     -1      105
  SINCE MAR 1    839                       870    -31     1059
  SINCE JUL 1   4636                      4334    302     4857

 COOLING
  YESTERDAY        1                         4     -3        6
  MONTH TO DATE   58                        57      1       85
  SINCE MAR 1     74                        85    -11       94
  SINCE JAN 1     74                        85    -11       94
..................................................................


WIND (MPH)
  HIGHEST WIND SPEED    14   HIGHEST WIND DIRECTION    SE (120)
  HIGHEST GUST SPEED    19   HIGHEST GUST DIRECTION     E (110)
  AVERAGE WIND SPEED     5.9


SKY COVER
  AVERAGE SKY COVER 0.6


WEATHER CONDITIONS
 THE FOLLOWING WEATHER WAS RECORDED YESTERDAY.
  LIGHT RAIN


RELATIVE HUMIDITY (PERCENT)
 HIGHEST    77          1200 AM
 LOWEST     53           500 PM
 AVERAGE    65

..........................................................


THE WEST PLAINS MO CLIMATE NORMALS FOR TODAY
                         NORMAL    RECORD    YEAR
 MAXIMUM TEMPERATURE (F)   78        94      2000
 MINIMUM TEMPERATURE (F)   57        39      1961


SUNRISE AND SUNSET
MAY 24 2015...........SUNRISE   554 AM CDT   SUNSET   816 PM CDT
MAY 25 2015...........SUNRISE   553 AM CDT   SUNSET   816 PM CDT


-  INDICATES NEGATIVE NUMBERS.
R  INDICATES RECORD WAS SET OR TIED.
MM INDICATES DATA IS MISSING.
T  INDICATES TRACE AMOUNT.




$$
