408
CDUS43 KSGF 180630
CLIUNO


CLIMATE REPORT
NATIONAL WEATHER SERVICE SPRINGFIELD MO
130 AM CDT FRI AUG 18 2017


...................................

...THE WEST PLAINS MO CLIMATE SUMMARY FOR AUGUST 17 2017...

CLIMATE NORMAL PERIOD 1981 TO 2010
CLIMATE RECORD PERIOD 1947 TO 2017


WEATHER ITEM   OBSERVED TIME   RECORD YEAR NORMAL DEPARTURE LAST
                VALUE   (LST)  VALUE       VALUE  FROM      YEAR
                                                  NORMAL
..................................................................
TEMPERATURE (F)
 YESTERDAY
  MAXIMUM         85    339 PM 105    1954  90     -5       84
  MINIMUM         65   1055 PM  52    1994  65      0       65
                                      2004
  AVERAGE         75                        78     -3       75

PRECIPITATION (IN)
  YESTERDAY        0.41          3.45 1950   0.12   0.29     0.00
  MONTH TO DATE    2.63                      1.72   0.91     3.31
  SINCE JUN 1      6.63                      9.29  -2.66    17.06
  SINCE JAN 1     42.04                     28.56  13.48    31.80

DEGREE DAYS
 HEATING
  YESTERDAY        0                         0      0        0
  MONTH TO DATE    1                         0      1        0
  SINCE JUN 1      1                         5     -4        0
  SINCE JUL 1      1                         0      1        0

 COOLING
  YESTERDAY       10                        13     -3       10
  MONTH TO DATE  151                       221    -70      225
  SINCE JUN 1    852                       892    -40     1030
  SINCE JAN 1    974                      1014    -40     1123
..................................................................


WIND (MPH)
  HIGHEST WIND SPEED    22   HIGHEST WIND DIRECTION    NW (320)
  HIGHEST GUST SPEED    30   HIGHEST GUST DIRECTION    NW (310)
  AVERAGE WIND SPEED     6.6


SKY COVER
  AVERAGE SKY COVER 0.5


WEATHER CONDITIONS
 THE FOLLOWING WEATHER WAS RECORDED YESTERDAY.
  HEAVY RAIN
  RAIN
  LIGHT RAIN
  FOG


RELATIVE HUMIDITY (PERCENT)
 HIGHEST    97           300 AM
 LOWEST     61           300 PM
 AVERAGE    79

..........................................................


THE WEST PLAINS MO CLIMATE NORMALS FOR TODAY
                         NORMAL    RECORD    YEAR
 MAXIMUM TEMPERATURE (F)   90       103      2000
 MINIMUM TEMPERATURE (F)   65        52      2012
                                             1994


SUNRISE AND SUNSET
AUGUST 18 2017........SUNRISE   627 AM CDT   SUNSET   755 PM CDT
AUGUST 19 2017........SUNRISE   628 AM CDT   SUNSET   753 PM CDT


-  INDICATES NEGATIVE NUMBERS.
R  INDICATES RECORD WAS SET OR TIED.
MM INDICATES DATA IS MISSING.
T  INDICATES TRACE AMOUNT.




$$
