000
CDUS43 KSGF 280634
CLIUNO


CLIMATE REPORT
NATIONAL WEATHER SERVICE SPRINGFIELD MO
1234 AM CST TUE FEB 28 2017


...................................

...THE WEST PLAINS MO CLIMATE SUMMARY FOR FEBRUARY 27 2017...

CLIMATE NORMAL PERIOD 1981 TO 2010
CLIMATE RECORD PERIOD 1947 TO 2017


WEATHER ITEM   OBSERVED TIME   RECORD YEAR NORMAL DEPARTURE LAST
                VALUE   (LST)  VALUE       VALUE  FROM      YEAR
                                                  NORMAL
..................................................................
TEMPERATURE (F)
 YESTERDAY
  MAXIMUM         64    334 PM  77    1976  53     11       67
  MINIMUM         31    658 AM   5    2015  30      1       32
  AVERAGE         48                        41      7       50

PRECIPITATION (IN)
  YESTERDAY        0.00          1.71 1997   0.10  -0.10     0.00
  MONTH TO DATE    2.58                      2.74  -0.16     1.71
  SINCE DEC 1      5.64                      9.10  -3.46    11.68
  SINCE JAN 1      4.62                      5.46  -0.84     2.64

DEGREE DAYS
 HEATING
  YESTERDAY       17                        24     -7       15
  MONTH TO DATE  470                       737   -267      641
  SINCE DEC 1   2129                      2589   -460     2175
  SINCE JUL 1   2649                      3441   -792     2810

 COOLING
  YESTERDAY        0                         0      0        0
  MONTH TO DATE    0                         0      0        0
  SINCE DEC 1      0                         0      0        0
  SINCE JAN 1      0                         0      0        0
..................................................................


WIND (MPH)
  HIGHEST WIND SPEED    18   HIGHEST WIND DIRECTION     S (160)
  HIGHEST GUST SPEED    25   HIGHEST GUST DIRECTION    SE (150)
  AVERAGE WIND SPEED     7.1


SKY COVER
  AVERAGE SKY COVER 0.5


WEATHER CONDITIONS
 THE FOLLOWING WEATHER WAS RECORDED YESTERDAY.
  NO SIGNIFICANT WEATHER WAS OBSERVED.


RELATIVE HUMIDITY (PERCENT)
 HIGHEST    93          1100 PM
 LOWEST     44           300 PM
 AVERAGE    69

..........................................................


THE WEST PLAINS MO CLIMATE NORMALS FOR TODAY
                         NORMAL    RECORD    YEAR
 MAXIMUM TEMPERATURE (F)   53        77      1955
 MINIMUM TEMPERATURE (F)   30        12      2002


SUNRISE AND SUNSET
FEBRUARY 28 2017......SUNRISE   639 AM CST   SUNSET   601 PM CST
MARCH  1 2017.........SUNRISE   638 AM CST   SUNSET   602 PM CST


-  INDICATES NEGATIVE NUMBERS.
R  INDICATES RECORD WAS SET OR TIED.
MM INDICATES DATA IS MISSING.
T  INDICATES TRACE AMOUNT.




$$
