000
CDUS43 KSGF 310628
CLIUNO


CLIMATE REPORT
NATIONAL WEATHER SERVICE SPRINGFIELD MO
128 AM CDT FRI OCT 31 2014


...................................

...THE WEST PLAINS MO CLIMATE SUMMARY FOR OCTOBER 30 2014...

CLIMATE NORMAL PERIOD 1981 TO 2010
CLIMATE RECORD PERIOD 1947 TO 2014


WEATHER ITEM   OBSERVED TIME   RECORD YEAR NORMAL DEPARTURE LAST
                VALUE   (LST)  VALUE       VALUE  FROM      YEAR
                                                  NORMAL
..................................................................
TEMPERATURE (F)
 YESTERDAY
  MAXIMUM         62    437 PM  87    1950  65     -3       71
  MINIMUM         36    607 AM  23    1980  42     -6       61
  AVERAGE         49                        53     -4       66

PRECIPITATION (IN)
  YESTERDAY        T             2.07 1967   0.10  -0.10     0.58
  MONTH TO DATE    7.29                      3.72   3.57     3.02
  SINCE SEP 1      9.49                      7.81   1.68     4.67
  SINCE JAN 1     31.11                     37.88  -6.77    46.90

DEGREE DAYS
 HEATING
  YESTERDAY       16                        12      4        0
  MONTH TO DATE  202                       250    -48      248
  SINCE SEP 1    246                       291    -45      264
  SINCE JUL 1    248                       292    -44      268

 COOLING
  YESTERDAY        0                         0      0        1
  MONTH TO DATE   36                        20     16       35
  SINCE SEP 1    176                       176      0      231
  SINCE JAN 1   1231                      1348   -117     1073
..................................................................


WIND (MPH)
  HIGHEST WIND SPEED    12   HIGHEST WIND DIRECTION     S (180)
  HIGHEST GUST SPEED    16   HIGHEST GUST DIRECTION    SE (120)
  AVERAGE WIND SPEED     3.5


SKY COVER
  AVERAGE SKY COVER 0.2


WEATHER CONDITIONS
 THE FOLLOWING WEATHER WAS RECORDED YESTERDAY.
  LIGHT RAIN


RELATIVE HUMIDITY (PERCENT)
 HIGHEST    89           400 AM
 LOWEST     40          1200 PM
 AVERAGE    65

..........................................................


THE WEST PLAINS MO CLIMATE NORMALS FOR TODAY
                         NORMAL    RECORD    YEAR
 MAXIMUM TEMPERATURE (F)   64        86      1950
 MINIMUM TEMPERATURE (F)   42        24      1949


SUNRISE AND SUNSET
OCTOBER 31 2014.......SUNRISE   731 AM CDT   SUNSET   611 PM CDT
NOVEMBER  1 2014......SUNRISE   732 AM CDT   SUNSET   610 PM CDT


-  INDICATES NEGATIVE NUMBERS.
R  INDICATES RECORD WAS SET OR TIED.
MM INDICATES DATA IS MISSING.
T  INDICATES TRACE AMOUNT.




$$
