000
CDUS43 KSGF 040653
CLIUNO


CLIMATE REPORT
NATIONAL WEATHER SERVICE SPRINGFIELD MO
151 AM CDT TUE AUG 4 2015


...................................

...THE WEST PLAINS MO CLIMATE SUMMARY FOR AUGUST 3 2015...

CLIMATE NORMAL PERIOD 1981 TO 2010
CLIMATE RECORD PERIOD 1947 TO 2015


WEATHER ITEM   OBSERVED TIME   RECORD YEAR NORMAL DEPARTURE LAST
                VALUE   (LST)  VALUE       VALUE  FROM      YEAR
                                                  NORMAL
..................................................................
TEMPERATURE (F)
 YESTERDAY
  MAXIMUM         92        MM 108    2011  91      1       88
  MINIMUM         69        MM  51    1950  66      3       60
  AVERAGE         81                        78      3       74

PRECIPITATION (IN)
  YESTERDAY        0.00          0.87 1961   0.11  -0.11     0.00
  MONTH TO DATE    0.00                      0.35  -0.35     0.03
  SINCE JUN 1     13.58                      7.92   5.66     6.89
  SINCE JAN 1     31.19                     27.19   4.00    18.87

DEGREE DAYS
 HEATING
  YESTERDAY        0                         0      0        0
  MONTH TO DATE    0                         0      0        0
  SINCE JUN 1      5                         5      0        4
  SINCE JUL 1      0                         0      0        2

 COOLING
  YESTERDAY       16                        13      3        9
  MONTH TO DATE   43                        39      4       22
  SINCE JUN 1    802                       710     92      521
  SINCE JAN 1    924                       832     92      671
..................................................................


WIND (MPH)
  HIGHEST WIND SPEED    12   HIGHEST WIND DIRECTION     W (260)
  HIGHEST GUST SPEED    MM   HIGHEST GUST DIRECTION    MM
  AVERAGE WIND SPEED     4.4


SKY COVER
  AVERAGE SKY COVER 0.0


WEATHER CONDITIONS
 THE FOLLOWING WEATHER WAS RECORDED YESTERDAY.
  NO SIGNIFICANT WEATHER WAS OBSERVED.


RELATIVE HUMIDITY (PERCENT)
 HIGHEST    90           500 AM
 LOWEST     41           100 PM
 AVERAGE    66

..........................................................


THE WEST PLAINS MO CLIMATE NORMALS FOR TODAY
                         NORMAL    RECORD    YEAR
 MAXIMUM TEMPERATURE (F)   91       104      1964
 MINIMUM TEMPERATURE (F)   66        48      1974


SUNRISE AND SUNSET
AUGUST  4 2015........SUNRISE   615 AM CDT   SUNSET   812 PM CDT
AUGUST  5 2015........SUNRISE   616 AM CDT   SUNSET   811 PM CDT


-  INDICATES NEGATIVE NUMBERS.
R  INDICATES RECORD WAS SET OR TIED.
MM INDICATES DATA IS MISSING.
T  INDICATES TRACE AMOUNT.




$$
