000
CDUS43 KUNR 160848
CLIUNR


CLIMATE REPORT
NATIONAL WEATHER SERVICE RAPID CITY SD
248 AM MDT WED APR 16 2014


...................................

...THE EAST RAPID CITY SD CLIMATE SUMMARY FOR APRIL 15 2014...

CLIMATE NORMAL PERIOD 1981 TO 2010
CLIMATE RECORD PERIOD 1888 TO 2014


WEATHER ITEM   OBSERVED RECORD YEAR NORMAL DEPARTURE LAST
                VALUE   VALUE       VALUE  FROM      YEAR
                                           NORMAL
...........................................................
TEMPERATURE (F)
 YESTERDAY
  MAXIMUM         66     84    2008  56     10       32
                               1913
  MINIMUM         18     17    2000  34    -16       21
  AVERAGE         42                 45     -3       27

PRECIPITATION (IN)
  YESTERDAY        0.03   1.39 1938   0.07  -0.04      T
  MONTH TO DATE    0.68               0.84  -0.16     1.58
  SINCE MAR 1      1.81               1.83  -0.02     2.27
  SINCE JAN 1      2.32               2.60  -0.28     2.95

SNOWFALL (IN)
  YESTERDAY        0.0                0.3   -0.3       T
  MONTH TO DATE    7.8                5.3    2.5     22.4
  SINCE MAR 1     22.2               17.1    5.1     34.2
  SINCE JUL 1     72.3               43.8   28.5     55.9
  SNOW DEPTH       0

DEGREE DAYS
 HEATING
  YESTERDAY       23                 20      3       38
  MONTH TO DATE  360                342     18      442
  SINCE MAR 1   1380               1250    130     1386
  SINCE JUL 1   6728               6204    524     6014

 COOLING
  YESTERDAY        0                  0      0        0
  MONTH TO DATE    0                  0      0        0
  SINCE MAR 1      0                  0      0        0
  SINCE JAN 1      0                  0      0        0
...........................................................


WIND (MPH)
  HIGHEST GUST SPEED    39   HIGHEST GUST DIRECTION     N (350)



WEATHER CONDITIONS
 THE FOLLOWING WEATHER WAS RECORDED YESTERDAY.
  LIGHT RAIN


..........................................................


THE EAST RAPID CITY SD CLIMATE NORMALS FOR TODAY
                         NORMAL    RECORD    YEAR
 MAXIMUM TEMPERATURE (F)   56        84      1958
 MINIMUM TEMPERATURE (F)   34        13      1907


SUNRISE AND SUNSET
APRIL 16 2014.........SUNRISE   608 AM MDT   SUNSET   738 PM MDT
APRIL 17 2014.........SUNRISE   606 AM MDT   SUNSET   739 PM MDT


-  INDICATES NEGATIVE NUMBERS.
R  INDICATES RECORD WAS SET OR TIED.
MM INDICATES DATA IS MISSING.
T  INDICATES TRACE AMOUNT.




$$
