000
CDUS43 KUNR 220850
CLIUNR


CLIMATE REPORT
NATIONAL WEATHER SERVICE RAPID CITY SD
246 AM MDT FRI MAY 22 2015


...................................

...THE EAST RAPID CITY SD CLIMATE SUMMARY FOR MAY 21 2015...

CLIMATE NORMAL PERIOD 1981 TO 2010
CLIMATE RECORD PERIOD 1888 TO 2015


WEATHER ITEM   OBSERVED RECORD YEAR NORMAL DEPARTURE LAST
                VALUE   VALUE       VALUE  FROM      YEAR
                                           NORMAL
...........................................................
TEMPERATURE (F)
 YESTERDAY
  MAXIMUM         62     92    1966  68     -6       62
  MINIMUM         40     27    1931  47     -7       47
  AVERAGE         51                 57     -6       55

PRECIPITATION (IN)
  YESTERDAY        0.00   1.64 1962   0.15  -0.15     0.14
  MONTH TO DATE    4.37               2.68   1.69     1.12
  SINCE MAR 1      5.42               5.77  -0.35     3.93
  SINCE JAN 1      5.97               6.54  -0.57     4.44

SNOWFALL (IN)
  YESTERDAY        0.0    0.0  2002   0.1   -0.1      0.0
                               2001
                               2000
  MONTH TO DATE   13.6                1.9   11.7      0.6
  SINCE MAR 1     15.0               22.5   -7.5     23.4
  SINCE JUL 1     50.7               49.2    1.5     73.5
  SNOW DEPTH       0

DEGREE DAYS
 HEATING
  YESTERDAY       14                  8      6       10
  MONTH TO DATE  311                237     74      314
  SINCE MAR 1   1450               1749   -299     1939
  SINCE JUL 1   6146               6703   -557     7287

 COOLING
  YESTERDAY        0                  1     -1        0
  MONTH TO DATE    2                  5     -3        0
  SINCE MAR 1      8                  6      2        0
  SINCE JAN 1      8                  6      2        0
...........................................................


WIND (MPH)
  HIGHEST GUST SPEED    25   HIGHEST GUST DIRECTION    SE (130)



WEATHER CONDITIONS
 THE FOLLOWING WEATHER WAS RECORDED YESTERDAY.
  NO SIGNIFICANT WEATHER WAS OBSERVED.


..........................................................


THE EAST RAPID CITY SD CLIMATE NORMALS FOR TODAY
                         NORMAL    RECORD    YEAR
 MAXIMUM TEMPERATURE (F)   68        89      2006
 MINIMUM TEMPERATURE (F)   47        30      1963


SUNRISE AND SUNSET
MAY 22 2015...........SUNRISE   520 AM MDT   SUNSET   820 PM MDT
MAY 23 2015...........SUNRISE   519 AM MDT   SUNSET   821 PM MDT


-  INDICATES NEGATIVE NUMBERS.
R  INDICATES RECORD WAS SET OR TIED.
MM INDICATES DATA IS MISSING.
T  INDICATES TRACE AMOUNT.




$$
