000
CDUS43 KUNR 250832
CLIUNR


CLIMATE REPORT
NATIONAL WEATHER SERVICE RAPID CITY SD
231 AM MDT SUN JUN 25 2017


...................................

...THE EAST RAPID CITY SD CLIMATE SUMMARY FOR JUNE 24 2017...

CLIMATE NORMAL PERIOD 1981 TO 2010
CLIMATE RECORD PERIOD 1888 TO 2017


WEATHER ITEM   OBSERVED RECORD YEAR NORMAL DEPARTURE LAST
                VALUE   VALUE       VALUE  FROM      YEAR
                                           NORMAL
...........................................................
TEMPERATURE (F)
 YESTERDAY
  MAXIMUM         73    103    1936  79     -6      100
  MINIMUM         50     41    1967  57     -7       65
  AVERAGE         62                 68     -6       83

PRECIPITATION (IN)
  YESTERDAY        0.00   3.10 1962   0.08  -0.08      T
  MONTH TO DATE    0.93               2.75  -1.82     0.52
  SINCE JUN 1      0.93               2.75  -1.82     0.52
  SINCE JAN 1      5.56              10.80  -5.24     5.06

SNOWFALL (IN)
  YESTERDAY        0.0    0.0  2002   0.0    0.0      0.0
                               2001
                               2000
  MONTH TO DATE    0.0                0.0    0.0      0.0
  SINCE JUN 1      0.0                0.0    0.0      0.0
  SINCE JUL 1     39.2               49.3  -10.1     41.6
  SNOW DEPTH       0

DEGREE DAYS
 HEATING
  YESTERDAY        3                  1      2        0
  MONTH TO DATE   11                 81    -70        5
  SINCE JUN 1     11                 81    -70        5
  SINCE JUL 1   6187               6853   -666     5719

 COOLING
  YESTERDAY        0                  4     -4       18
  MONTH TO DATE  123                 58     65      200
  SINCE JUN 1    123                 58     65      200
  SINCE JAN 1    136                 76     60      206
...........................................................


WIND (MPH)
  HIGHEST GUST SPEED    37   HIGHEST GUST DIRECTION     N (340)



WEATHER CONDITIONS
 THE FOLLOWING WEATHER WAS RECORDED YESTERDAY.
  NO SIGNIFICANT WEATHER WAS OBSERVED.


..........................................................


THE EAST RAPID CITY SD CLIMATE NORMALS FOR TODAY
                         NORMAL    RECORD    YEAR
 MAXIMUM TEMPERATURE (F)   79        99      1890
 MINIMUM TEMPERATURE (F)   57        37      1904


SUNRISE AND SUNSET
JUNE 25 2017..........SUNRISE   511 AM MDT   SUNSET   840 PM MDT
JUNE 26 2017..........SUNRISE   511 AM MDT   SUNSET   840 PM MDT


-  INDICATES NEGATIVE NUMBERS.
R  INDICATES RECORD WAS SET OR TIED.
MM INDICATES DATA IS MISSING.
T  INDICATES TRACE AMOUNT.




$$
