000
CDUS44 KCRP 010839 RRA
CLIVCT

CLIMATE REPORT
NATIONAL WEATHER SERVICE CORPUS CHRISTI TX
337 AM CDT WED JUL 1 2015

...................................

...THE VICTORIA CLIMATE SUMMARY FOR JUNE 30 2015...

CLIMATE NORMAL PERIOD 1981 TO 2010
CLIMATE RECORD PERIOD 1893 TO 2015


WEATHER ITEM   OBSERVED TIME   RECORD YEAR NORMAL DEPARTURE LAST
                VALUE   (LST)  VALUE       VALUE  FROM      YEAR
                                                  NORMAL
..................................................................
TEMPERATURE (F)
 YESTERDAY
  MAXIMUM         91   1230 PM 104    1937  93     -2       91
  MINIMUM         75   1159 PM  67    1985  74      1       77
                                      1974
  AVERAGE         83                        83      0       84

PRECIPITATION (IN)
  YESTERDAY        T             1.63 2004   0.13  -0.13     0.00
  MONTH TO DATE    9.37                      4.46   4.91     4.11
  SINCE JUN 1      9.37                      4.46   4.91     4.11
  SINCE JAN 1     37.10                     19.84  17.26    15.39

SNOWFALL (IN)
  YESTERDAY        0.0
  MONTH TO DATE    0.0
  SINCE JUN 1      0.0
  SINCE JUL 1      0.0
  SNOW DEPTH       0

DEGREE DAYS
 HEATING
  YESTERDAY        0                         0      0        0
  MONTH TO DATE    0                         0      0        0
  SINCE JUN 1      0                         0      0        0
  SINCE JUL 1   1220                      1249    -29     1493

 COOLING
  YESTERDAY       18                        18      0       19
  MONTH TO DATE  497                       508    -11      558
  SINCE JUN 1    497                       508    -11      558
  SINCE JAN 1   1197                      1167     30     1208
..................................................................


WIND (MPH)
  HIGHEST WIND SPEED    30   HIGHEST WIND DIRECTION     S (190)
  HIGHEST GUST SPEED    38   HIGHEST GUST DIRECTION     S (190)
  AVERAGE WIND SPEED     8.0


SKY COVER
  POSSIBLE SUNSHINE  MM
  AVERAGE SKY COVER 0.1


WEATHER CONDITIONS
 THE FOLLOWING WEATHER WAS RECORDED YESTERDAY.
  THUNDERSTORM
  LIGHT RAIN
  FOG


RELATIVE HUMIDITY (PERCENT)
 HIGHEST   100           600 AM
 LOWEST     52          1100 AM
 AVERAGE    76

..........................................................


THE VICTORIA CLIMATE NORMALS FOR TODAY
                         NORMAL    RECORD    YEAR
 MAXIMUM TEMPERATURE (F)   93       103      1937
 MINIMUM TEMPERATURE (F)   74        67      1985


SUNRISE AND SUNSET
JULY  1 2015..........SUNRISE   633 AM CDT   SUNSET   830 PM CDT
JULY  2 2015..........SUNRISE   633 AM CDT   SUNSET   830 PM CDT


-  INDICATES NEGATIVE NUMBERS.
R  INDICATES RECORD WAS SET OR TIED.
MM INDICATES DATA IS MISSING.
T  INDICATES TRACE AMOUNT.

$$
