000
CDUS44 KCRP 180923
CLIVCT

CLIMATE REPORT
NATIONAL WEATHER SERVICE CORPUS CHRISTI TX
422 AM CDT FRI APR 18 2014


...................................

...THE VICTORIA CLIMATE SUMMARY FOR APRIL 17 2014...

CLIMATE NORMAL PERIOD 1981 TO 2010
CLIMATE RECORD PERIOD 1893 TO 2014


WEATHER ITEM   OBSERVED TIME   RECORD YEAR NORMAL DEPARTURE LAST
                VALUE   (LST)  VALUE       VALUE  FROM      YEAR
                                                  NORMAL
..................................................................
TEMPERATURE (F)
 YESTERDAY
  MAXIMUM         72   1018 AM  91    2006  81     -9       81
                                      1918
  MINIMUM         57   1253 AM  38    1999  60     -3       73
  AVERAGE         65                        70     -5       77

PRECIPITATION (IN)
  YESTERDAY        0.01          5.29 1992   0.09  -0.08      T
  MONTH TO DATE    0.38                      1.52  -1.14     0.23
  SINCE MAR 1      2.00                      4.29  -2.29     0.55
  SINCE JAN 1      3.66                      8.89  -5.23     4.64

SNOWFALL (IN)
  YESTERDAY        0.0
  MONTH TO DATE    0.0
  SINCE MAR 1      0.0
  SINCE JUL 1      T
  SNOW DEPTH       0

DEGREE DAYS
 HEATING
  YESTERDAY        0                         1     -1        0
  MONTH TO DATE   32                        24      8       28
  SINCE MAR 1    237                       149     88      178
  SINCE JUL 1   1490                      1242    248      993

 COOLING
  YESTERDAY        0                         6     -6       12
  MONTH TO DATE   73                        82     -9       94
  SINCE MAR 1    125                       156    -31      167
  SINCE JAN 1    183                       194    -11      226
..................................................................


WIND (MPH)
  HIGHEST WIND SPEED    18   HIGHEST WIND DIRECTION    SE (120)
  HIGHEST GUST SPEED    23   HIGHEST GUST DIRECTION    SE (120)
  AVERAGE WIND SPEED     9.4


SKY COVER
  POSSIBLE SUNSHINE  MM
  AVERAGE SKY COVER 0.8


WEATHER CONDITIONS
 THE FOLLOWING WEATHER WAS RECORDED YESTERDAY.
  THUNDERSTORM
  LIGHT RAIN
  FOG
  HAZE


RELATIVE HUMIDITY (PERCENT)
 HIGHEST    93           200 AM
 LOWEST     66          1000 AM
 AVERAGE    80

..........................................................


THE VICTORIA CLIMATE NORMALS FOR TODAY
                         NORMAL    RECORD    YEAR
 MAXIMUM TEMPERATURE (F)   81        93      1920
 MINIMUM TEMPERATURE (F)   60        42      1921


SUNRISE AND SUNSET
APRIL 18 2014.........SUNRISE   659 AM CDT   SUNSET   756 PM CDT
APRIL 19 2014.........SUNRISE   658 AM CDT   SUNSET   756 PM CDT


-  INDICATES NEGATIVE NUMBERS.
R  INDICATES RECORD WAS SET OR TIED.
MM INDICATES DATA IS MISSING.
T  INDICATES TRACE AMOUNT.




$$
