000
CDUS44 KCRP 230038
CLIVCT

CLIMATE REPORT
NATIONAL WEATHER SERVICE CORPUS CHRISTI TX
633 PM CST MON DEC 22 2014


...................................

...THE VICTORIA CLIMATE SUMMARY FOR DECEMBER 22 2014...
VALID TODAY AS OF 600 PM LOCAL TIME.

CLIMATE NORMAL PERIOD 1981 TO 2010
CLIMATE RECORD PERIOD 1893 TO 2014


WEATHER ITEM   OBSERVED TIME   RECORD YEAR NORMAL DEPARTURE LAST
                VALUE   (LST)  VALUE       VALUE  FROM      YEAR
                                                  NORMAL
..................................................................
TEMPERATURE (F)
 TODAY
  MAXIMUM         75    401 PM  83    1981  65     10       69
  MINIMUM         57    209 AM  16    1989  43     14       42
  AVERAGE         66                        54     12       56

PRECIPITATION (IN)
  TODAY            0.00          1.47 1986   0.07  -0.07      T
  MONTH TO DATE    1.61                      1.64  -0.03     0.27
  SINCE DEC 1      1.61                      1.64  -0.03     0.27
  SINCE JAN 1     29.59                     40.55 -10.96    25.38

SNOWFALL (IN)
  TODAY            0.0
  MONTH TO DATE    0.0
  SINCE DEC 1      0.0
  SINCE JUL 1      0.0
  SNOW DEPTH       0

DEGREE DAYS
 HEATING
  TODAY            0                        12    -12        9
  MONTH TO DATE   80                       224   -144      252
  SINCE DEC 1     80                       224   -144      252
  SINCE JUL 1    271                       387   -116      449

 COOLING
  TODAY            1                         1      0        0
  MONTH TO DATE   25                        22      3       32
  SINCE DEC 1     25                        22      3       32
  SINCE JAN 1   3514                      3145    369     3434
..................................................................


WIND (MPH)
  HIGHEST WIND SPEED    20   HIGHEST WIND DIRECTION    SW (210)
  HIGHEST GUST SPEED    24   HIGHEST GUST DIRECTION    SW (230)


SKY COVER
  POSSIBLE SUNSHINE  MM
  AVERAGE SKY COVER 0.7


WEATHER CONDITIONS
 THE FOLLOWING WEATHER WAS RECORDED TODAY.
  FOG
  FOG W/VISIBILITY <= 1/4 MILE


RELATIVE HUMIDITY (PERCENT)
 HIGHEST   100           300 AM
 LOWEST     60           300 PM
 AVERAGE    80

..........................................................


THE VICTORIA CLIMATE NORMALS FOR TOMORROW
                         NORMAL    RECORD    YEAR
 MAXIMUM TEMPERATURE (F)   65        82      1948
                                             1933
                                             1921
 MINIMUM TEMPERATURE (F)   43         9      1989


SUNRISE AND SUNSET
DECEMBER 22 2014......SUNRISE   717 AM CST   SUNSET   535 PM CST
DECEMBER 23 2014......SUNRISE   718 AM CST   SUNSET   536 PM CST


-  INDICATES NEGATIVE NUMBERS.
R  INDICATES RECORD WAS SET OR TIED.
MM INDICATES DATA IS MISSING.
T  INDICATES TRACE AMOUNT.




$$
