000
CDUS44 KCRP 020810
CLIVCT

CLIMATE REPORT
NATIONAL WEATHER SERVICE CORPUS CHRISTI TX
206 AM CST MON MAR 2 2015


...................................

...THE VICTORIA CLIMATE SUMMARY FOR MARCH 1 2015...

CLIMATE NORMAL PERIOD 1981 TO 2010
CLIMATE RECORD PERIOD 1893 TO 2015


WEATHER ITEM   OBSERVED TIME   RECORD YEAR NORMAL DEPARTURE LAST
                VALUE   (LST)  VALUE       VALUE  FROM      YEAR
                                                  NORMAL
..................................................................
TEMPERATURE (F)
 YESTERDAY
  MAXIMUM         51    353 PM  89    1975  71    -20       83
  MINIMUM         44    845 AM  26    1922  50     -6       64
  AVERAGE         48                        60    -12       74

PRECIPITATION (IN)
  YESTERDAY        0.10          1.03 1990   0.08   0.02     0.00
  MONTH TO DATE    0.10                      0.08   0.02     0.00
  SINCE MAR 1      0.10                      0.08   0.02     0.00
  SINCE JAN 1      4.15                      4.68  -0.53     1.66

SNOWFALL (IN)
  YESTERDAY        0.0
  MONTH TO DATE    0.0
  SINCE MAR 1      0.0
  SINCE JUL 1      0.0
  SNOW DEPTH       0

DEGREE DAYS
 HEATING
  YESTERDAY       17                         6     11        0
  MONTH TO DATE   17                         6     11        0
  SINCE MAR 1     17                         6     11        0
  SINCE JUL 1   1097                      1099     -2     1253

 COOLING
  YESTERDAY        0                         1     -1        9
  MONTH TO DATE    0                         1     -1        9
  SINCE MAR 1      0                         1     -1        9
  SINCE JAN 1     15                        39    -24       67
..................................................................


WIND (MPH)
  HIGHEST WIND SPEED    16   HIGHEST WIND DIRECTION     N (350)
  HIGHEST GUST SPEED    20   HIGHEST GUST DIRECTION     N (350)
  AVERAGE WIND SPEED    10.4


SKY COVER
  POSSIBLE SUNSHINE  MM
  AVERAGE SKY COVER 1.0


WEATHER CONDITIONS
 THE FOLLOWING WEATHER WAS RECORDED YESTERDAY.
  RAIN
  LIGHT RAIN
  FOG


RELATIVE HUMIDITY (PERCENT)
 HIGHEST   100           700 AM
 LOWEST     89           300 PM
 AVERAGE    95

..........................................................


THE VICTORIA CLIMATE NORMALS FOR TODAY
                         NORMAL    RECORD    YEAR
 MAXIMUM TEMPERATURE (F)   71        95      1909
 MINIMUM TEMPERATURE (F)   50        21      1980


SUNRISE AND SUNSET
MARCH  2 2015.........SUNRISE   652 AM CST   SUNSET   628 PM CST
MARCH  3 2015.........SUNRISE   651 AM CST   SUNSET   629 PM CST


-  INDICATES NEGATIVE NUMBERS.
R  INDICATES RECORD WAS SET OR TIED.
MM INDICATES DATA IS MISSING.
T  INDICATES TRACE AMOUNT.




$$
