650
CDUS44 KCRP 120040 RRA
CLIVCT

CLIMATE REPORT
NATIONAL WEATHER SERVICE CORPUS CHRISTI TX
639 PM CST MON DEC 11 2017


...................................

...THE VICTORIA CLIMATE SUMMARY FOR DECEMBER 11 2017...
VALID TODAY AS OF 600 PM LOCAL TIME.

CLIMATE NORMAL PERIOD 1981 TO 2010
CLIMATE RECORD PERIOD 1893 TO 2017


WEATHER ITEM   OBSERVED TIME   RECORD YEAR NORMAL DEPARTURE LAST
                VALUE   (LST)  VALUE       VALUE  FROM      YEAR
                                                  NORMAL
..................................................................
TEMPERATURE (F)
 TODAY
  MAXIMUM         74    336 PM  85    1987  67      7       76
                                      1910
  MINIMUM         35    638 AM  27    2008  45    -10       57
                                      1966
                                      1957
  AVERAGE         55                        56     -1       67

PRECIPITATION (IN)
  TODAY            0.00          1.81 1985   0.07  -0.07     0.00
  MONTH TO DATE    1.65                      0.86   0.79     2.64
  SINCE DEC 1      1.65                      0.86   0.79     2.64
  SINCE JAN 1     46.23                     39.77   6.46    38.88

SNOWFALL (IN)
  TODAY            0.0
  MONTH TO DATE    2.0
  SINCE DEC 1      2.0
  SINCE JUL 1      2.0
  SNOW DEPTH       0

DEGREE DAYS
 HEATING
  TODAY           10                        10      0        0
  MONTH TO DATE  110                       102      8      114
  SINCE DEC 1    110                       102      8      114
  SINCE JUL 1    228                       265    -37      164

 COOLING
  TODAY            0                         1     -1        2
  MONTH TO DATE   14                        11      3        2
  SINCE DEC 1     14                        11      3        2
  SINCE JAN 1   3695                      3134    561     3429
..................................................................


WIND (MPH)
  HIGHEST WIND SPEED    12   HIGHEST WIND DIRECTION    SW (240)
  HIGHEST GUST SPEED    17   HIGHEST GUST DIRECTION     S (200)


SKY COVER
  POSSIBLE SUNSHINE  MM
  AVERAGE SKY COVER 0.0


WEATHER CONDITIONS
 THE FOLLOWING WEATHER WAS RECORDED TODAY.
  HAZE


RELATIVE HUMIDITY (PERCENT)
 HIGHEST    92           700 AM
 LOWEST     22           400 PM
 AVERAGE    57

..........................................................


THE VICTORIA CLIMATE NORMALS FOR TOMORROW
                         NORMAL    RECORD    YEAR
 MAXIMUM TEMPERATURE (F)   67        86      1939
 MINIMUM TEMPERATURE (F)   45        22      1957


SUNRISE AND SUNSET
DECEMBER 11 2017......SUNRISE   711 AM CST   SUNSET   531 PM CST
DECEMBER 12 2017......SUNRISE   712 AM CST   SUNSET   531 PM CST


-  INDICATES NEGATIVE NUMBERS.
R  INDICATES RECORD WAS SET OR TIED.
MM INDICATES DATA IS MISSING.
T  INDICATES TRACE AMOUNT.




$$
