000
CDUS44 KCRP 260939
CLIVCT

CLIMATE REPORT
NATIONAL WEATHER SERVICE CORPUS CHRISTI TX
425 AM CDT FRI MAY 26 2017


...................................

...THE VICTORIA CLIMATE SUMMARY FOR MAY 25 2017...

CLIMATE NORMAL PERIOD 1981 TO 2010
CLIMATE RECORD PERIOD 1893 TO 2017


WEATHER ITEM   OBSERVED TIME   RECORD YEAR NORMAL DEPARTURE LAST
                VALUE   (LST)  VALUE       VALUE  FROM      YEAR
                                                  NORMAL
..................................................................
TEMPERATURE (F)
 YESTERDAY
  MAXIMUM         89    202 PM  97    1928  88      1       89
                                      1912
  MINIMUM         63    446 AM  58    1910  69     -6       77
  AVERAGE         76                        79     -3       83

PRECIPITATION (IN)
  YESTERDAY        0.00          1.83 2013   0.17  -0.17     0.00
  MONTH TO DATE    2.72                      4.17  -1.45     3.58
  SINCE MAR 1     10.64                      9.76   0.88    12.49
  SINCE JAN 1     19.24                     14.36   4.88    17.43

SNOWFALL (IN)
  YESTERDAY        0.0
  MONTH TO DATE    0.0
  SINCE MAR 1      0.0
  SINCE JUL 1      0.0
  SNOW DEPTH       0

DEGREE DAYS
 HEATING
  YESTERDAY        0                         0      0        0
  MONTH TO DATE    0                         0      0        0
  SINCE MAR 1     36                       155   -119       63
  SINCE JUL 1    567                      1248   -681      913

 COOLING
  YESTERDAY       11                        14     -3       18
  MONTH TO DATE  282                       283     -1      272
  SINCE MAR 1    701                       534    167      588
  SINCE JAN 1    908                       572    336      623
..................................................................


WIND (MPH)
  HIGHEST WIND SPEED    25   HIGHEST WIND DIRECTION     S (170)
  HIGHEST GUST SPEED    32   HIGHEST GUST DIRECTION     S (170)
  AVERAGE WIND SPEED    14.6


SKY COVER
  POSSIBLE SUNSHINE  MM
  AVERAGE SKY COVER 0.1


WEATHER CONDITIONS
 THE FOLLOWING WEATHER WAS RECORDED YESTERDAY.
  NO SIGNIFICANT WEATHER WAS OBSERVED.


RELATIVE HUMIDITY (PERCENT)
 HIGHEST    87           200 AM
 LOWEST     31          1200 PM
 AVERAGE    59

..........................................................


THE VICTORIA CLIMATE NORMALS FOR TODAY
                         NORMAL    RECORD    YEAR
 MAXIMUM TEMPERATURE (F)   89        97      1928
 MINIMUM TEMPERATURE (F)   70        56      1913


SUNRISE AND SUNSET
MAY 26 2017...........SUNRISE   631 AM CDT   SUNSET   819 PM CDT
MAY 27 2017...........SUNRISE   631 AM CDT   SUNSET   819 PM CDT


-  INDICATES NEGATIVE NUMBERS.
R  INDICATES RECORD WAS SET OR TIED.
MM INDICATES DATA IS MISSING.
T  INDICATES TRACE AMOUNT.




$$
