000
CDUS44 KCRP 192132
CLIVCT

CLIMATE REPORT
NATIONAL WEATHER SERVICE CORPUS CHRISTI TX
330 PM CST SUN FEB 19 2017

...................................

...THE VICTORIA CLIMATE SUMMARY FOR FEBRUARY 19 2017...
VALID AS OF 300 PM LOCAL TIME.

CLIMATE NORMAL PERIOD 1981 TO 2010
CLIMATE RECORD PERIOD 1893 TO 2017


WEATHER ITEM   OBSERVED TIME   RECORD YEAR NORMAL DEPARTURE LAST
                VALUE   (LST)  VALUE       VALUE  FROM      YEAR
                                                  NORMAL
..................................................................
TEMPERATURE (F)
 TODAY
  MAXIMUM         77   1131 AM  95    1986  69      8       80
  MINIMUM         71    648 AM  29    1978  47     24       52
                                      1927
  AVERAGE         74                        58     16       66

PRECIPITATION (IN)
  TODAY            T             0.44 1982   0.07  -0.07     0.00
  MONTH TO DATE    2.17                      1.40   0.77      T
  SINCE DEC 1      8.94                      6.23   2.71     4.75
  SINCE JAN 1      5.93                      3.92   2.01     3.15

SNOWFALL (IN)
  TODAY            0.0
  MONTH TO DATE    0.0
  SINCE DEC 1      0.0
  SINCE JUL 1      0.0
  SNOW DEPTH       0

DEGREE DAYS
 HEATING
  TODAY            0                         8     -8        0
  MONTH TO DATE   42                       177   -135      131
  SINCE DEC 1    470                       866   -396      711
  SINCE JUL 1    520                      1029   -509      809

 COOLING
  TODAY            9                         1      8        1
  MONTH TO DATE   97                        19     78        9
  SINCE DEC 1    225                        60    165       70
  SINCE JAN 1    168                        33    135       14
..................................................................


WIND (MPH)
  HIGHEST WIND SPEED    28   HIGHEST WIND DIRECTION    SE (130)
  HIGHEST GUST SPEED    33   HIGHEST GUST DIRECTION    SE (130)


SKY COVER
  POSSIBLE SUNSHINE  MM
  AVERAGE SKY COVER 1.0


WEATHER CONDITIONS
 THE FOLLOWING WEATHER WAS RECORDED TODAY.
  LIGHT RAIN
  FOG
  HAZE


RELATIVE HUMIDITY (PERCENT)
 HIGHEST    93           100 AM
 LOWEST     82          1000 AM
 AVERAGE    88

..........................................................


THE VICTORIA CLIMATE NORMALS FOR TOMORROW
                         NORMAL    RECORD    YEAR
 MAXIMUM TEMPERATURE (F)   69        88      1996
                                             1945
 MINIMUM TEMPERATURE (F)   47        27      1908


SUNRISE AND SUNSET
FEBRUARY 19 2017......SUNRISE   702 AM CST   SUNSET   621 PM CST
FEBRUARY 20 2017......SUNRISE   701 AM CST   SUNSET   622 PM CST


-  INDICATES NEGATIVE NUMBERS.
R  INDICATES RECORD WAS SET OR TIED.
MM INDICATES DATA IS MISSING.
T  INDICATES TRACE AMOUNT.




$$
