000
CDUS44 KCRP 230756
CLIVCT

CLIMATE REPORT
NATIONAL WEATHER SERVICE CORPUS CHRISTI TX
252 AM CDT SUN JUL 23 2017


...................................

...THE VICTORIA CLIMATE SUMMARY FOR JULY 22 2017...

CLIMATE NORMAL PERIOD 1981 TO 2010
CLIMATE RECORD PERIOD 1893 TO 2017


WEATHER ITEM   OBSERVED TIME   RECORD YEAR NORMAL DEPARTURE LAST
                VALUE   (LST)  VALUE       VALUE  FROM      YEAR
                                                  NORMAL
..................................................................
TEMPERATURE (F)
 YESTERDAY
  MAXIMUM         98    233 PM 102    2001  94      4      100
  MINIMUM         76    624 AM  70    1904  74      2       72
  AVERAGE         87                        84      3       86

PRECIPITATION (IN)
  YESTERDAY        0.00          0.83 1987   0.12  -0.12     0.00
  MONTH TO DATE    0.37                      3.16  -2.79     0.04
  SINCE JUN 1      3.88                      7.62  -3.74     3.22
  SINCE JAN 1     23.46                     23.00   0.46    23.44

SNOWFALL (IN)
  YESTERDAY        0.0
  MONTH TO DATE    0.0
  SINCE JUN 1      0.0
  SINCE JUL 1      0.0
  SNOW DEPTH       0

DEGREE DAYS
 HEATING
  YESTERDAY        0                         0      0        0
  MONTH TO DATE    0                         0      0        0
  SINCE JUN 1      0                         0      0        0
  SINCE JUL 1      0                         0      0        0

 COOLING
  YESTERDAY       22                        19      3       21
  MONTH TO DATE  448                       413     35      471
  SINCE JUN 1   1008                       921     87     1001
  SINCE JAN 1   2020                      1580    440     1714
..................................................................


WIND (MPH)
  HIGHEST WIND SPEED    23   HIGHEST WIND DIRECTION    SE (150)
  HIGHEST GUST SPEED    29   HIGHEST GUST DIRECTION     S (170)
  AVERAGE WIND SPEED    10.5


SKY COVER
  POSSIBLE SUNSHINE  MM
  AVERAGE SKY COVER 0.1


WEATHER CONDITIONS
 THE FOLLOWING WEATHER WAS RECORDED YESTERDAY.
  NO SIGNIFICANT WEATHER WAS OBSERVED.


RELATIVE HUMIDITY (PERCENT)
 HIGHEST    94           300 AM
 LOWEST     35           200 PM
 AVERAGE    65

..........................................................


THE VICTORIA CLIMATE NORMALS FOR TODAY
                         NORMAL    RECORD    YEAR
 MAXIMUM TEMPERATURE (F)   94       102      1928
 MINIMUM TEMPERATURE (F)   74        65      1915


SUNRISE AND SUNSET
JULY 23 2017..........SUNRISE   644 AM CDT   SUNSET   824 PM CDT
JULY 24 2017..........SUNRISE   644 AM CDT   SUNSET   824 PM CDT


-  INDICATES NEGATIVE NUMBERS.
R  INDICATES RECORD WAS SET OR TIED.
MM INDICATES DATA IS MISSING.
T  INDICATES TRACE AMOUNT.




$$
