155
CDUS44 KCRP 121027 RRA
CLIVCT

CLIMATE REPORT
NATIONAL WEATHER SERVICE CORPUS CHRISTI TX
427 AM CST FRI FEB 12 2016


...................................

...THE VICTORIA CLIMATE SUMMARY FOR FEBRUARY 11 2016...

CLIMATE NORMAL PERIOD 1981 TO 2010
CLIMATE RECORD PERIOD 1893 TO 2016


WEATHER ITEM   OBSERVED TIME   RECORD YEAR NORMAL DEPARTURE LAST
                VALUE   (LST)  VALUE       VALUE  FROM      YEAR
                                                  NORMAL
..................................................................
TEMPERATURE (F)
 YESTERDAY
  MAXIMUM         81    339 PM  85    1916  67     14       77
  MINIMUM         50    717 AM  20    1981  46      4       54
  AVERAGE         66                        56     10       66

PRECIPITATION (IN)
  YESTERDAY        0.00          1.72 2010   0.07  -0.07     0.00
                                      1999
  MONTH TO DATE    T                         0.79  -0.79     0.61
  SINCE DEC 1      4.75                      5.62  -0.87     5.89
  SINCE JAN 1      3.15                      3.31  -0.16     3.68

SNOWFALL (IN)
  YESTERDAY        0.0
  MONTH TO DATE    0.0
  SINCE DEC 1      0.0
  SINCE JUL 1      0.0
  SNOW DEPTH       0

DEGREE DAYS
 HEATING
  YESTERDAY        0                         9     -9        0
  MONTH TO DATE  117                       109      8       87
  SINCE DEC 1    697                       798   -101      686
  SINCE JUL 1    795                       961   -166      877

 COOLING
  YESTERDAY        1                         1      0        1
  MONTH TO DATE    6                        11     -5        6
  SINCE DEC 1     67                        52     15       33
  SINCE JAN 1     11                        25    -14        7
..................................................................


WIND (MPH)
  HIGHEST WIND SPEED    23   HIGHEST WIND DIRECTION    SW (210)
  HIGHEST GUST SPEED    29   HIGHEST GUST DIRECTION     S (180)
  AVERAGE WIND SPEED    12.6


SKY COVER
  POSSIBLE SUNSHINE  MM
  AVERAGE SKY COVER 0.0


WEATHER CONDITIONS
 THE FOLLOWING WEATHER WAS RECORDED YESTERDAY.
  NO SIGNIFICANT WEATHER WAS OBSERVED.


RELATIVE HUMIDITY (PERCENT)
 HIGHEST    93          1100 PM
 LOWEST     25           400 PM
 AVERAGE    59

..........................................................


THE VICTORIA CLIMATE NORMALS FOR TODAY
                         NORMAL    RECORD    YEAR
 MAXIMUM TEMPERATURE (F)   68        85      1927
                                             1926
 MINIMUM TEMPERATURE (F)   46        22      1981
                                             1905


SUNRISE AND SUNSET
FEBRUARY 12 2016......SUNRISE   709 AM CST   SUNSET   615 PM CST
FEBRUARY 13 2016......SUNRISE   708 AM CST   SUNSET   616 PM CST


-  INDICATES NEGATIVE NUMBERS.
R  INDICATES RECORD WAS SET OR TIED.
MM INDICATES DATA IS MISSING.
T  INDICATES TRACE AMOUNT.




$$
