000
CDUS45 KGJT 252348
CLIVEL


CLIMATE REPORT
NATIONAL WEATHER SERVICE GRAND JUNCTION CO
448 PM MST THU DEC 25 2014


...................................

...THE VERNAL UT CLIMATE SUMMARY FOR DECEMBER 25 2014...
VALID TODAY AS OF 0400 PM LOCAL TIME.

CLIMATE NORMAL PERIOD 1981 TO 2010
CLIMATE RECORD PERIOD 9999 TO 9999


WEATHER ITEM   OBSERVED TIME   RECORD YEAR NORMAL DEPARTURE LAST
                VALUE   (LST)  VALUE       VALUE  FROM      YEAR
                                                  NORMAL
..................................................................
TEMPERATURE (F)
 TODAY
  MAXIMUM         30    359 PM  MM      MM  28      2       20
  MINIMUM         24    803 AM  MM      MM  11     13        0
  AVERAGE         27                        20      7       10

PRECIPITATION (IN)
  TODAY            0.07         MM      MM   0.03   0.04     0.00
  MONTH TO DATE    0.35                      0.51  -0.16     0.85
  SINCE DEC 1      0.35                      0.51  -0.16     0.85
  SINCE JAN 1     10.22                      9.18   1.04     9.47

SNOWFALL (IN)
  TODAY           MM            MM      MM   0.2   MM       MM
  MONTH TO DATE   MM                         4.5   MM       MM
  SINCE DEC 1     MM                         4.5   MM       MM
  SINCE JUL 1     MM                         6.1   MM       MM
  SNOW DEPTH      MM

DEGREE DAYS
 HEATING
  TODAY           38                        45     -7       55
  MONTH TO DATE  818                      1066   -248     1420
  SINCE DEC 1    818                      1066   -248     1420
  SINCE JUL 1   2301                      2697   -396     3091

 COOLING
  TODAY            0                         0      0        0
  MONTH TO DATE    0                         0      0        0
  SINCE DEC 1      0                         0      0        0
  SINCE JAN 1    621                       511    110      787
..................................................................


WIND (MPH)
  HIGHEST WIND SPEED     7   HIGHEST WIND DIRECTION     E (80)
  HIGHEST GUST SPEED     8   HIGHEST GUST DIRECTION     E (110)
  AVERAGE WIND SPEED     1.4


SKY COVER
  POSSIBLE SUNSHINE  MM
  AVERAGE SKY COVER 1.0


WEATHER CONDITIONS
 THE FOLLOWING WEATHER WAS RECORDED TODAY.
  LIGHT SNOW
  FOG


RELATIVE HUMIDITY (PERCENT)
 HIGHEST    92          1000 AM
 LOWEST     68          1200 AM
 AVERAGE    80

..........................................................


THE VERNAL UT CLIMATE NORMALS FOR TOMORROW
                         NORMAL    RECORD    YEAR
 MAXIMUM TEMPERATURE (F)   28        MM        MM
 MINIMUM TEMPERATURE (F)   11        MM        MM


SUNRISE AND SUNSET
DECEMBER 25 2014......SUNRISE   740 AM MST   SUNSET   457 PM MST
DECEMBER 26 2014......SUNRISE   740 AM MST   SUNSET   458 PM MST


-  INDICATES NEGATIVE NUMBERS.
R  INDICATES RECORD WAS SET OR TIED.
MM INDICATES DATA IS MISSING.
T  INDICATES TRACE AMOUNT.




$$
