000
CDUS45 KGJT 010824
CLIVEL


CLIMATE REPORT
NATIONAL WEATHER SERVICE GRAND JUNCTION CO
121 AM MST SUN FEB 1 2015


...................................

...THE VERNAL UT CLIMATE SUMMARY FOR JANUARY 31 2015...

CLIMATE NORMAL PERIOD 1981 TO 2010
CLIMATE RECORD PERIOD 9999 TO 9999


WEATHER ITEM   OBSERVED TIME   RECORD YEAR NORMAL DEPARTURE LAST
                VALUE   (LST)  VALUE       VALUE  FROM      YEAR
                                                  NORMAL
..................................................................
TEMPERATURE (F)
 YESTERDAY
  MAXIMUM         42    416 PM  MM      MM  30     12       33
  MINIMUM         29    919 PM  MM      MM  11     18       24
  AVERAGE         36                        21     15       29

PRECIPITATION (IN)
  YESTERDAY        0.02         MM      MM   0.01   0.01     0.05
  MONTH TO DATE    0.25                      0.50  -0.25     0.23
  SINCE DEC 1      0.60                      1.14  -0.54     1.08
  SINCE JAN 1      0.25                      0.50  -0.25     0.23

SNOWFALL (IN)
  YESTERDAY       MM            MM      MM   0.2   MM       MM
  MONTH TO DATE   MM                        MM     MM       MM
  SINCE DEC 1     MM                        11.1   MM       MM
  SINCE JUL 1     MM                        12.7   MM       MM
  SNOW DEPTH      MM

DEGREE DAYS
 HEATING
  YESTERDAY       29                        44    -15       36
  MONTH TO DATE 1161                      1419   -258     1422
  SINCE DEC 1   2283                      2764   -481     3173
  SINCE JUL 1   3766                      4395   -629     4844

 COOLING
  YESTERDAY        0                         0      0        0
  MONTH TO DATE    0                         0      0        0
  SINCE DEC 1      0                         0      0        0
  SINCE JAN 1      0                         0      0        0
..................................................................


WIND (MPH)
  HIGHEST WIND SPEED    12   HIGHEST WIND DIRECTION    SE (140)
  HIGHEST GUST SPEED    14   HIGHEST GUST DIRECTION    SE (140)
  AVERAGE WIND SPEED     2.8


SKY COVER
  POSSIBLE SUNSHINE  MM
  AVERAGE SKY COVER 0.7


WEATHER CONDITIONS
 THE FOLLOWING WEATHER WAS RECORDED YESTERDAY.
  LIGHT RAIN
  FOG
  FOG W/VISIBILITY <= 1/4 MILE


RELATIVE HUMIDITY (PERCENT)
 HIGHEST   100          1200 AM
 LOWEST     76           400 PM
 AVERAGE    88

..........................................................


THE VERNAL UT CLIMATE NORMALS FOR TODAY
                         NORMAL    RECORD    YEAR
 MAXIMUM TEMPERATURE (F)   31        MM        MM
 MINIMUM TEMPERATURE (F)   11        MM        MM


SUNRISE AND SUNSET
FEBRUARY  1 2015......SUNRISE   728 AM MST   SUNSET   536 PM MST
FEBRUARY  2 2015......SUNRISE   727 AM MST   SUNSET   537 PM MST


-  INDICATES NEGATIVE NUMBERS.
R  INDICATES RECORD WAS SET OR TIED.
MM INDICATES DATA IS MISSING.
T  INDICATES TRACE AMOUNT.




$$
