000
CDUS43 KSGF 210631
CLIVIH


CLIMATE REPORT
NATIONAL WEATHER SERVICE SPRINGFIELD MO
1231 AM CST WED FEB 21 2018


...................................

...THE VICHY-ROLLA MO CLIMATE SUMMARY FOR FEBRUARY 20 2018...

CLIMATE NORMAL PERIOD 1981 TO 2010
CLIMATE RECORD PERIOD 1888 TO 2018


WEATHER ITEM   OBSERVED TIME   RECORD YEAR NORMAL DEPARTURE LAST
                VALUE   (LST)  VALUE       VALUE  FROM      YEAR
                                                  NORMAL
..................................................................
TEMPERATURE (F)
 YESTERDAY
  MAXIMUM         67    541 AM  76    2017  47     20       76
  MINIMUM         31   1159 PM   6    1903  27      4       56
  AVERAGE         49                        37     12       66

PRECIPITATION (IN)
  YESTERDAY        1.10R         0.69 1951   0.07   1.03     0.36
  MONTH TO DATE    2.63                      1.32   1.31     0.36
  SINCE DEC 1      4.93                      6.13  -1.20     2.82
  SINCE JAN 1      4.29                      3.49   0.80     1.96

DEGREE DAYS
 HEATING
  YESTERDAY       16                        28    -12        0
  MONTH TO DATE  627                       610     17      411
  SINCE DEC 1   2647                      2631     16     2243
  SINCE JUL 1   3399                      3578   -179     2871

 COOLING
  YESTERDAY        0                         0      0        1
  MONTH TO DATE    0                         0      0        1
  SINCE DEC 1      0                         0      0        1
  SINCE JAN 1      0                         0      0        1
..................................................................


WIND (MPH)
  HIGHEST WIND SPEED    28   HIGHEST WIND DIRECTION     S (180)
  HIGHEST GUST SPEED    42   HIGHEST GUST DIRECTION     S (190)
  AVERAGE WIND SPEED    17.1


SKY COVER
  AVERAGE SKY COVER 0.9


WEATHER CONDITIONS
 THE FOLLOWING WEATHER WAS RECORDED YESTERDAY.
  HEAVY RAIN
  RAIN
  LIGHT RAIN
  FREEZING RAIN
  LT FREEZING RAIN
  LIGHT SNOW
  FOG


RELATIVE HUMIDITY (PERCENT)
 HIGHEST   100           300 PM
 LOWEST     73           200 AM
 AVERAGE    87

..........................................................


THE VICHY-ROLLA MO CLIMATE NORMALS FOR TODAY
                         NORMAL    RECORD    YEAR
 MAXIMUM TEMPERATURE (F)   48        70      1992
 MINIMUM TEMPERATURE (F)   27         2      1963


SUNRISE AND SUNSET
FEBRUARY 21 2018......SUNRISE   650 AM CST   SUNSET   552 PM CST
FEBRUARY 22 2018......SUNRISE   648 AM CST   SUNSET   553 PM CST


-  INDICATES NEGATIVE NUMBERS.
R  INDICATES RECORD WAS SET OR TIED.
MM INDICATES DATA IS MISSING.
T  INDICATES TRACE AMOUNT.




$$
