000
CDUS43 KSGF 280629
CLIVIH


CLIMATE REPORT
NATIONAL WEATHER SERVICE SPRINGFIELD MO
127 AM CDT WED JUN 28 2017


...................................

...THE VICHY-ROLLA MO CLIMATE SUMMARY FOR JUNE 27 2017...

CLIMATE NORMAL PERIOD 1981 TO 2010
CLIMATE RECORD PERIOD 1888 TO 2017


WEATHER ITEM   OBSERVED TIME   RECORD YEAR NORMAL DEPARTURE LAST
                VALUE   (LST)  VALUE       VALUE  FROM      YEAR
                                                  NORMAL
..................................................................
TEMPERATURE (F)
 YESTERDAY
  MAXIMUM         81    421 PM 101    1901  86     -5       89
  MINIMUM         50R   413 AM  51    1968  65    -15       69
  AVERAGE         66                        75     -9       79

PRECIPITATION (IN)
  YESTERDAY        0.00          1.64 1967   0.13  -0.13     0.01
  MONTH TO DATE    2.81                      4.22  -1.41     1.30
  SINCE JUN 1      2.81                      4.22  -1.41     1.30
  SINCE JAN 1     25.25                     21.03   4.22    15.54

DEGREE DAYS
 HEATING
  YESTERDAY        0                         0      0        0
  MONTH TO DATE    1                        12    -11        0
  SINCE JUN 1      1                        12    -11        0
  SINCE JUL 1   3804                      4846  -1042     4052

 COOLING
  YESTERDAY        1                        10     -9       14
  MONTH TO DATE  195                       202     -7      318
  SINCE JUN 1    195                       202     -7      318
  SINCE JAN 1    299                       309    -10      396
..................................................................


WIND (MPH)
  HIGHEST WIND SPEED    15   HIGHEST WIND DIRECTION     S (160)
  HIGHEST GUST SPEED    22   HIGHEST GUST DIRECTION    SE (140)
  AVERAGE WIND SPEED     5.9


SKY COVER
  AVERAGE SKY COVER 0.0


WEATHER CONDITIONS
 THE FOLLOWING WEATHER WAS RECORDED YESTERDAY.
  FOG


RELATIVE HUMIDITY (PERCENT)
 HIGHEST   100           100 AM
 LOWEST     48           200 PM
 AVERAGE    74

..........................................................


THE VICHY-ROLLA MO CLIMATE NORMALS FOR TODAY
                         NORMAL    RECORD    YEAR
 MAXIMUM TEMPERATURE (F)   86       106      2012
 MINIMUM TEMPERATURE (F)   65        55      2006
                                             1903


SUNRISE AND SUNSET
JUNE 28 2017..........SUNRISE   547 AM CDT   SUNSET   834 PM CDT
JUNE 29 2017..........SUNRISE   547 AM CDT   SUNSET   834 PM CDT


-  INDICATES NEGATIVE NUMBERS.
R  INDICATES RECORD WAS SET OR TIED.
MM INDICATES DATA IS MISSING.
T  INDICATES TRACE AMOUNT.




$$
