000
CDUS43 KSGF 210634
CLIVIH


CLIMATE REPORT
NATIONAL WEATHER SERVICE SPRINGFIELD MO
133 AM CDT TUE OCT 21 2014


...................................

...THE VICHY-ROLLA MO CLIMATE SUMMARY FOR OCTOBER 20 2014...

CLIMATE NORMAL PERIOD 1981 TO 2010
CLIMATE RECORD PERIOD 1888 TO 2014


WEATHER ITEM   OBSERVED TIME   RECORD YEAR NORMAL DEPARTURE LAST
                VALUE   (LST)  VALUE       VALUE  FROM      YEAR
                                                  NORMAL
..................................................................
TEMPERATURE (F)
 YESTERDAY
  MAXIMUM         72    336 PM  86    1963  66      6       69
  MINIMUM         46   1115 PM  25    1960  45      1       42
  AVERAGE         59                        55      4       56

PRECIPITATION (IN)
  YESTERDAY        0.00          1.02 1993   0.12  -0.12     0.00
  MONTH TO DATE    5.20                      2.22   2.98     0.97
  SINCE SEP 1      7.11                      6.26   0.85     3.83
  SINCE JAN 1     24.41                     35.81 -11.40    36.81

DEGREE DAYS
 HEATING
  YESTERDAY        6                        10     -4        9
  MONTH TO DATE  162                       154      8      146
  SINCE SEP 1    223                       215      8      174
  SINCE JUL 1    226                       218      8      178

 COOLING
  YESTERDAY        0                         1     -1        0
  MONTH TO DATE   13                        23    -10       38
  SINCE SEP 1    135                       164    -29      225
  SINCE JAN 1   1174                      1241    -67     1124
..................................................................


WIND (MPH)
  HIGHEST WIND SPEED    15   HIGHEST WIND DIRECTION     W (290)
  HIGHEST GUST SPEED    19   HIGHEST GUST DIRECTION     W (280)
  AVERAGE WIND SPEED     6.9


SKY COVER
  AVERAGE SKY COVER 0.2


WEATHER CONDITIONS
 THE FOLLOWING WEATHER WAS RECORDED YESTERDAY.
  NO SIGNIFICANT WEATHER WAS OBSERVED.


RELATIVE HUMIDITY (PERCENT)
 HIGHEST    93           500 AM
 LOWEST     41           400 PM
 AVERAGE    67

..........................................................


THE VICHY-ROLLA MO CLIMATE NORMALS FOR TODAY
                         NORMAL    RECORD    YEAR
 MAXIMUM TEMPERATURE (F)   66        86      1978
 MINIMUM TEMPERATURE (F)   44        22      1952


SUNRISE AND SUNSET
OCTOBER 21 2014.......SUNRISE   722 AM CDT   SUNSET   621 PM CDT
OCTOBER 22 2014.......SUNRISE   723 AM CDT   SUNSET   620 PM CDT


-  INDICATES NEGATIVE NUMBERS.
R  INDICATES RECORD WAS SET OR TIED.
MM INDICATES DATA IS MISSING.
T  INDICATES TRACE AMOUNT.




$$
