000
CDUS43 KSGF 250638
CLIVIH


CLIMATE REPORT
NATIONAL WEATHER SERVICE SPRINGFIELD MO
1238 AM CST SAT NOV 25 2017


...................................

...THE VICHY-ROLLA MO CLIMATE SUMMARY FOR NOVEMBER 24 2017...

CLIMATE NORMAL PERIOD 1981 TO 2010
CLIMATE RECORD PERIOD 1888 TO 2017


WEATHER ITEM   OBSERVED TIME   RECORD YEAR NORMAL DEPARTURE LAST
                VALUE   (LST)  VALUE       VALUE  FROM      YEAR
                                                  NORMAL
..................................................................
TEMPERATURE (F)
 YESTERDAY
  MAXIMUM         73R   236 PM  71    1966  51     22       48
  MINIMUM         36    111 AM   4    1950  32      4       34
  AVERAGE         55                        41     14       41

PRECIPITATION (IN)
  YESTERDAY        0.00          2.64 2010   0.14  -0.14     0.00
  MONTH TO DATE    0.27                      3.10  -2.83     0.35
  SINCE SEP 1      3.35                     10.65  -7.30     7.55
  SINCE JAN 1     41.95                     40.20   1.75    39.89

DEGREE DAYS
 HEATING
  YESTERDAY       10                        24    -14       24
  MONTH TO DATE  422                       445    -23      327
  SINCE SEP 1    673                       792   -119      480
  SINCE JUL 1    674                       795   -121      480

 COOLING
  YESTERDAY        0                         0      0        0
  MONTH TO DATE    0                         0      0       20
  SINCE SEP 1    277                       166    111      293
  SINCE JAN 1   1247                      1243      4     1482
..................................................................


WIND (MPH)
  HIGHEST WIND SPEED    26   HIGHEST WIND DIRECTION    SW (210)
  HIGHEST GUST SPEED    35   HIGHEST GUST DIRECTION    SW (210)
  AVERAGE WIND SPEED    13.0


SKY COVER
  AVERAGE SKY COVER 0.0


WEATHER CONDITIONS
 THE FOLLOWING WEATHER WAS RECORDED YESTERDAY.
  NO SIGNIFICANT WEATHER WAS OBSERVED.


RELATIVE HUMIDITY (PERCENT)
 HIGHEST    70           100 AM
 LOWEST     26          1200 PM
 AVERAGE    48

..........................................................


THE VICHY-ROLLA MO CLIMATE NORMALS FOR TODAY
                         NORMAL    RECORD    YEAR
 MAXIMUM TEMPERATURE (F)   51        76      1990
 MINIMUM TEMPERATURE (F)   31         4      1950


SUNRISE AND SUNSET
NOVEMBER 25 2017......SUNRISE   659 AM CST   SUNSET   449 PM CST
NOVEMBER 26 2017......SUNRISE   700 AM CST   SUNSET   449 PM CST


-  INDICATES NEGATIVE NUMBERS.
R  INDICATES RECORD WAS SET OR TIED.
MM INDICATES DATA IS MISSING.
T  INDICATES TRACE AMOUNT.




$$
