000
CDUS43 KSGF 222228
CLIVIH


CLIMATE REPORT
NATIONAL WEATHER SERVICE SPRINGFIELD MO
528 PM CDT TUE AUG 22 2017


...................................

...THE VICHY-ROLLA MO CLIMATE SUMMARY FOR AUGUST 22 2017...
VALID TODAY AS OF 0500 PM LOCAL TIME.

CLIMATE NORMAL PERIOD 1981 TO 2010
CLIMATE RECORD PERIOD 1888 TO 2017


WEATHER ITEM   OBSERVED TIME   RECORD YEAR NORMAL DEPARTURE LAST
                VALUE   (LST)  VALUE       VALUE  FROM      YEAR
                                                  NORMAL
..................................................................
TEMPERATURE (F)
 TODAY
  MAXIMUM         80    357 PM  99    2001  87     -7       80
  MINIMUM         69    820 AM  54    2016  65      4       54
                                      1956
  AVERAGE         75                        76     -1       67

PRECIPITATION (IN)
  TODAY            0.66          3.05 1905   0.12   0.54      T
  MONTH TO DATE    5.96                      2.59   3.37     9.41
  SINCE JUN 1     16.16                     11.66   4.50    17.51
  SINCE JAN 1     38.60                     28.47  10.13    31.75

DEGREE DAYS
 HEATING
  TODAY            0                         0      0        0
  MONTH TO DATE    1                         0      1        0
  SINCE JUN 1      2                        15    -13        0
  SINCE JUL 1      1                         1      0        0

 COOLING
  TODAY           10                        11     -1        2
  MONTH TO DATE  185                       266    -81      240
  SINCE JUN 1    826                       883    -57      996
  SINCE JAN 1    930                       990    -60     1074
..................................................................


WIND (MPH)
  HIGHEST WIND SPEED    21   HIGHEST WIND DIRECTION    NW (310)
  HIGHEST GUST SPEED    26   HIGHEST GUST DIRECTION    NW (310)


SKY COVER
  AVERAGE SKY COVER 0.6


WEATHER CONDITIONS
 THE FOLLOWING WEATHER WAS RECORDED TODAY.
  THUNDERSTORM
  HEAVY RAIN
  RAIN
  LIGHT RAIN
  FOG


RELATIVE HUMIDITY (PERCENT)
 HIGHEST   100           300 AM
 LOWEST     62           400 PM
 AVERAGE    81

..........................................................


THE VICHY-ROLLA MO CLIMATE NORMALS FOR TOMORROW
                         NORMAL    RECORD    YEAR
 MAXIMUM TEMPERATURE (F)   87        98      1898
 MINIMUM TEMPERATURE (F)   64        51      2009


SUNRISE AND SUNSET
AUGUST 22 2017........SUNRISE   628 AM CDT   SUNSET   751 PM CDT
AUGUST 23 2017........SUNRISE   629 AM CDT   SUNSET   749 PM CDT


-  INDICATES NEGATIVE NUMBERS.
R  INDICATES RECORD WAS SET OR TIED.
MM INDICATES DATA IS MISSING.
T  INDICATES TRACE AMOUNT.




$$
