000
CDUS42 KTAE 260632
CLIVLD


CLIMATE REPORT
NATIONAL WEATHER SERVICE TALLAHASSEE FL
231 AM EDT MON JUN 26 2017


...................................

...THE VALDOSTA CLIMATE SUMMARY FOR JUNE 25 2017...

CLIMATE NORMAL PERIOD 1981 TO 2010
CLIMATE RECORD PERIOD 1948 TO 2017


WEATHER ITEM   OBSERVED TIME   NORMAL DEPARTURE LAST
                VALUE   (LST)  VALUE  FROM      YEAR
                                      NORMAL
......................................................
TEMPERATURE (F)
 YESTERDAY
  MAXIMUM         92   1203 PM  91      1       97
  MINIMUM         72    444 AM  70      2       71
  AVERAGE         82            80      2       84

PRECIPITATION (IN)
  YESTERDAY        0.04          0.19  -0.15     0.00
  MONTH TO DATE    7.53          5.29   2.24     7.77
  SINCE JUN 1      7.53          5.29   2.24     7.77
  SINCE JAN 1     23.32         24.29  -0.97    32.07

DEGREE DAYS
 COOLING
  YESTERDAY       17            16      1       19
  MONTH TO DATE  333           353    -20      403
  SINCE JUN 1    333           353    -20      403
  SINCE JAN 1    874           765    109      913
......................................................


WIND (MPH)
  HIGHEST WIND SPEED     9   HIGHEST WIND DIRECTION    NW (310)
  HIGHEST GUST SPEED    19   HIGHEST GUST DIRECTION    NW (310)
  AVERAGE WIND SPEED     2.6




RELATIVE HUMIDITY (PERCENT)
 HIGHEST   100
 LOWEST     64
 AVERAGE    82

..........................................................




SUNRISE AND SUNSET
JUNE 26 2017..........SUNRISE   632 AM EDT   SUNSET   840 PM EDT
JUNE 27 2017..........SUNRISE   632 AM EDT   SUNSET   840 PM EDT


-  INDICATES NEGATIVE NUMBERS.
R  INDICATES RECORD WAS SET OR TIED.
MM INDICATES DATA IS MISSING.
T  INDICATES TRACE AMOUNT.




$$
