000
CDUS42 KTAE 130633
CLIVLD


CLIMATE REPORT
NATIONAL WEATHER SERVICE TALLAHASSEE FL
132 AM EST SAT FEB 13 2016


...................................

...THE VALDOSTA CLIMATE SUMMARY FOR FEBRUARY 12 2016...

CLIMATE NORMAL PERIOD 1981 TO 2010
CLIMATE RECORD PERIOD 1948 TO 2016


WEATHER ITEM   OBSERVED TIME   NORMAL DEPARTURE LAST
                VALUE   (LST)  VALUE  FROM      YEAR
                                      NORMAL
......................................................
TEMPERATURE (F)
 YESTERDAY
  MAXIMUM         78    228 PM  66     12       68
  MINIMUM         45    231 AM  41      4       39
  AVERAGE         62            54      8       54

PRECIPITATION (IN)
  YESTERDAY        0.00          0.12  -0.12     0.00
  MONTH TO DATE    3.09          0.99   2.10     0.87
  SINCE DEC 1      9.49          8.73   0.76     9.53
  SINCE JAN 1      6.98          5.56   1.42     5.43

DEGREE DAYS
 HEATING
  YESTERDAY        3            12     -9       11
  MONTH TO DATE  150           153     -3      172
  SINCE DEC 1    719           991   -272      865
  SINCE JUL 1    795          1222   -427     1232
......................................................


WIND (MPH)
  HIGHEST WIND SPEED    12   HIGHEST WIND DIRECTION     W (250)
  HIGHEST GUST SPEED    24   HIGHEST GUST DIRECTION     W (250)
  AVERAGE WIND SPEED     4.1




RELATIVE HUMIDITY (PERCENT)
 HIGHEST   100
 LOWEST     33
 AVERAGE    67

..........................................................




SUNRISE AND SUNSET
FEBRUARY 13 2016......SUNRISE   716 AM EST   SUNSET   619 PM EST
FEBRUARY 14 2016......SUNRISE   715 AM EST   SUNSET   620 PM EST


-  INDICATES NEGATIVE NUMBERS.
R  INDICATES RECORD WAS SET OR TIED.
MM INDICATES DATA IS MISSING.
T  INDICATES TRACE AMOUNT.




$$
