664
CDUS42 KTAE 230632
CLIVLD


CLIMATE REPORT
NATIONAL WEATHER SERVICE TALLAHASSEE FL
232 AM EDT WED AUG 23 2017


...................................

...THE VALDOSTA CLIMATE SUMMARY FOR AUGUST 22 2017...

CLIMATE NORMAL PERIOD 1981 TO 2010
CLIMATE RECORD PERIOD 1948 TO 2017


WEATHER ITEM   OBSERVED TIME   NORMAL DEPARTURE LAST
                VALUE   (LST)  VALUE  FROM      YEAR
                                      NORMAL
......................................................
TEMPERATURE (F)
 YESTERDAY
  MAXIMUM         91    503 PM  91      0       97
  MINIMUM         72    606 AM  71      1       73
  AVERAGE         82            81      1       85

PRECIPITATION (IN)
  YESTERDAY        0.19          0.15   0.04     0.56
  MONTH TO DATE    3.12          3.89  -0.77     1.84
  SINCE JUN 1     15.29         16.58  -1.29    19.95
  SINCE JAN 1     31.08         35.58  -4.50    44.25

DEGREE DAYS
 COOLING
  YESTERDAY       17            16      1       20
  MONTH TO DATE  365           359      6      383
  SINCE JUN 1   1294          1299     -5     1458
  SINCE JAN 1   1835          1711    124     1968
......................................................


WIND (MPH)
  HIGHEST WIND SPEED    14   HIGHEST WIND DIRECTION    NE (30)
  HIGHEST GUST SPEED    15   HIGHEST GUST DIRECTION     N (360)
  AVERAGE WIND SPEED     1.5




RELATIVE HUMIDITY (PERCENT)
 HIGHEST   100
 LOWEST     52
 AVERAGE    76

..........................................................




SUNRISE AND SUNSET
AUGUST 23 2017........SUNRISE   704 AM EDT   SUNSET   806 PM EDT
AUGUST 24 2017........SUNRISE   705 AM EDT   SUNSET   805 PM EDT


-  INDICATES NEGATIVE NUMBERS.
R  INDICATES RECORD WAS SET OR TIED.
MM INDICATES DATA IS MISSING.
T  INDICATES TRACE AMOUNT.




$$
