000
CDUS42 KTAE 250653
CLIVLD


CLIMATE REPORT
NATIONAL WEATHER SERVICE TALLAHASSEE FL
252 AM EDT MON MAY 25 2015


...................................

...THE VALDOSTA CLIMATE SUMMARY FOR MAY 24 2015...

CLIMATE NORMAL PERIOD 1981 TO 2010
CLIMATE RECORD PERIOD 1948 TO 2015


WEATHER ITEM   OBSERVED TIME   NORMAL DEPARTURE LAST
                VALUE   (LST)  VALUE  FROM      YEAR
                                      NORMAL
......................................................
TEMPERATURE (F)
 YESTERDAY
  MAXIMUM         89        MM  88      1       97
  MINIMUM         67        MM  64      3       67
  AVERAGE         78            76      2       82

PRECIPITATION (IN)
  YESTERDAY        0.00          0.09  -0.09     0.00
  MONTH TO DATE    0.40          1.60  -1.20     2.30
  SINCE MAR 1      7.74          9.34  -1.60    15.35
  SINCE JAN 1     16.90         18.07  -1.17    21.49

DEGREE DAYS
 COOLING
  YESTERDAY       13            11      2       17
  MONTH TO DATE  248           197     51      250
  SINCE MAR 1    545           322    223      456
  SINCE JAN 1    549           332    217      488
......................................................


WIND (MPH)
  HIGHEST WIND SPEED    12   HIGHEST WIND DIRECTION     E (90)
  HIGHEST GUST SPEED    18   HIGHEST GUST DIRECTION     E (100)
  AVERAGE WIND SPEED     7.2




RELATIVE HUMIDITY (PERCENT)
 HIGHEST   100
 LOWEST     40
 AVERAGE    70

..........................................................




SUNRISE AND SUNSET
MAY 25 2015...........SUNRISE   633 AM EDT   SUNSET   827 PM EDT
MAY 26 2015...........SUNRISE   633 AM EDT   SUNSET   828 PM EDT


-  INDICATES NEGATIVE NUMBERS.
R  INDICATES RECORD WAS SET OR TIED.
MM INDICATES DATA IS MISSING.
T  INDICATES TRACE AMOUNT.




$$
