000
CDUS42 KTAE 290641
CLIVLD


CLIMATE REPORT
NATIONAL WEATHER SERVICE TALLAHASSEE FL
235 AM EDT SUN MAR 29 2015


...................................

...THE VALDOSTA CLIMATE SUMMARY FOR MARCH 28 2015...

CLIMATE NORMAL PERIOD 1981 TO 2010
CLIMATE RECORD PERIOD 1948 TO 2015


WEATHER ITEM   OBSERVED TIME   NORMAL DEPARTURE LAST
                VALUE   (LST)  VALUE  FROM      YEAR
                                      NORMAL
......................................................
TEMPERATURE (F)
 YESTERDAY
  MAXIMUM         61    310 PM  75    -14       76
  MINIMUM         38    645 AM  49    -11       60
  AVERAGE         50            62    -12       68

PRECIPITATION (IN)
  YESTERDAY        0.00          0.15  -0.15    MM
  MONTH TO DATE    2.50          4.41  -1.91     4.16
  SINCE MAR 1      2.50          4.41  -1.91     4.16
  SINCE JAN 1     11.66         13.14  -1.48    10.30

DEGREE DAYS
 HEATING
  YESTERDAY       15             4     11        0
  MONTH TO DATE   81           174    -93      155
  SINCE MAR 1     81           174    -93      155
  SINCE JUL 1   1565          1554     11     1206

 COOLING
  YESTERDAY        0             1     -1        3
  MONTH TO DATE   89            28     61       26
  SINCE MAR 1     89            28     61       26
  SINCE JAN 1     93            38     55       58
......................................................


WIND (MPH)
  HIGHEST WIND SPEED    10   HIGHEST WIND DIRECTION    NW (300)
  HIGHEST GUST SPEED    19   HIGHEST GUST DIRECTION    NW (300)
  AVERAGE WIND SPEED     2.9




RELATIVE HUMIDITY (PERCENT)
 HIGHEST    92
 LOWEST     29
 AVERAGE    61

..........................................................




SUNRISE AND SUNSET
MARCH 29 2015.........SUNRISE   726 AM EDT   SUNSET   750 PM EDT
MARCH 30 2015.........SUNRISE   725 AM EDT   SUNSET   751 PM EDT


-  INDICATES NEGATIVE NUMBERS.
R  INDICATES RECORD WAS SET OR TIED.
MM INDICATES DATA IS MISSING.
T  INDICATES TRACE AMOUNT.




$$
