512
CDUS42 KFFC 110919
CLIVPC


CLIMATE REPORT
NATIONAL WEATHER SERVICE PEACHTREE CITY GA
418 AM EST THU FEB 11 2016


...................................

...THE CARTERSVILLE CLIMATE SUMMARY FOR FEBRUARY 10 2016...

CLIMATE NORMAL PERIOD 1981 TO 2010
CLIMATE RECORD PERIOD 9999 TO 9999


WEATHER ITEM   OBSERVED TIME   RECORD YEAR NORMAL DEPARTURE LAST
                VALUE   (LST)  VALUE       VALUE  FROM      YEAR
                                                  NORMAL
..................................................................
TEMPERATURE (F)
 YESTERDAY
  MAXIMUM         36    355 PM  MM      MM  55    -19       50
  MINIMUM         21    722 AM  MM      MM  32    -11       34
  AVERAGE         29                        44    -15       42

PRECIPITATION (IN)
  YESTERDAY        T            MM      MM   0.15  -0.15     0.00
  MONTH TO DATE    1.13                      1.62  -0.49     0.92
  SINCE DEC 1     14.74                     10.46   4.28    10.32
  SINCE JAN 1      5.02                      6.22  -1.20     5.95

SNOWFALL (IN)
  YESTERDAY        T            MM      MM  MM     MM       MM
  MONTH TO DATE    T                        MM     MM        0.0
  SINCE DEC 1      T                        MM     MM        0.0
  SINCE JUL 1      T                        MM     MM        0.0
  SNOW DEPTH      MM

DEGREE DAYS
 HEATING
  YESTERDAY       36                        21     15       23
  MONTH TO DATE  204                       222    -18      229
  SINCE DEC 1   1333                      1654   -321     1586
  SINCE JUL 1   1771                      2263   -492     2305
..................................................................


WIND (MPH)
  RESULTANT WIND SPEED   2   RESULTANT WIND DIRECTION   E (100)
  HIGHEST WIND SPEED    12   HIGHEST WIND DIRECTION    NW (310)
  HIGHEST GUST SPEED    18   HIGHEST GUST DIRECTION     N (350)
  AVERAGE WIND SPEED     2.7


SKY COVER
  AVERAGE SKY COVER 0.7


WEATHER CONDITIONS
 THE FOLLOWING WEATHER WAS RECORDED YESTERDAY.
  LIGHT SNOW


RELATIVE HUMIDITY (PERCENT)
 HIGHEST    68          1200 AM
 LOWEST     35           700 PM
 AVERAGE    52

..........................................................


THE CARTERSVILLE CLIMATE NORMALS FOR TODAY
                         NORMAL    RECORD    YEAR
 MAXIMUM TEMPERATURE (F)   55        MM        MM
 MINIMUM TEMPERATURE (F)   33        MM        MM


SUNRISE AND SUNSET
FEBRUARY 11 2016......SUNRISE   729 AM EST   SUNSET   619 PM EST
FEBRUARY 12 2016......SUNRISE   728 AM EST   SUNSET   620 PM EST


-  INDICATES NEGATIVE NUMBERS.
R  INDICATES RECORD WAS SET OR TIED.
MM INDICATES DATA IS MISSING.
T  INDICATES TRACE AMOUNT.




$$
