872
CDUS43 KLOT 230635
CLIVPZ


CLIMATE REPORT
NATIONAL WEATHER SERVICE CHICAGO IL
133 AM CDT SAT JUL 23 2016


...................................

...THE VALPARAISO CLIMATE SUMMARY FOR JULY 22 2016...

CLIMATE NORMAL PERIOD 1981 TO 2010
CLIMATE RECORD PERIOD 1998 TO 2016


WEATHER ITEM   OBSERVED TIME   RECORD YEAR NORMAL DEPARTURE LAST
                VALUE   (LST)  VALUE       VALUE  FROM      YEAR
                                                  NORMAL
..................................................................
TEMPERATURE (F)
 YESTERDAY
  MAXIMUM         89    410 PM  93    2002  83      6       82
  MINIMUM         70    505 AM  52    2007  62      8       60
  AVERAGE         80                        72      8       71

PRECIPITATION (IN)
  YESTERDAY        0.04          0.49 2001   0.14  -0.10     0.00
  MONTH TO DATE    2.48                      3.19  -0.71     4.92
  SINCE JUN 1      2.73                      7.10  -4.37    10.53
  SINCE JAN 1     12.13                     20.08  -7.95    19.32

DEGREE DAYS
 HEATING
  YESTERDAY        0                         0      0        0
  MONTH TO DATE    8                         0      8        6
  SINCE JUN 1     28                        41    -13       33
  SINCE JUL 1      8                         0      8        6

 COOLING
  YESTERDAY       15                         8      7        6
  MONTH TO DATE  180                       176      4      111
  SINCE JUN 1    380                       340     40      243
  SINCE JAN 1    457                       387     70      319
..................................................................


WIND (MPH)
  RESULTANT WIND SPEED   2   RESULTANT WIND DIRECTION  SW (240)
  HIGHEST WIND SPEED    17   HIGHEST WIND DIRECTION     W (280)
  HIGHEST GUST SPEED    23   HIGHEST GUST DIRECTION    SE (120)
  AVERAGE WIND SPEED     6.3



WEATHER CONDITIONS
 THE FOLLOWING WEATHER WAS RECORDED YESTERDAY.
  RAIN
  LIGHT RAIN


..........................................................


THE VALPARAISO CLIMATE NORMALS FOR TODAY
                         NORMAL    RECORD    YEAR
 MAXIMUM TEMPERATURE (F)   82        96      2012
 MINIMUM TEMPERATURE (F)   62        55      2007


SUNRISE AND SUNSET
JULY 23 2016..........SUNRISE   535 AM CDT   SUNSET   814 PM CDT
JULY 24 2016..........SUNRISE   536 AM CDT   SUNSET   813 PM CDT


-  INDICATES NEGATIVE NUMBERS.
R  INDICATES RECORD WAS SET OR TIED.
MM INDICATES DATA IS MISSING.
T  INDICATES TRACE AMOUNT.




$$
