000
CDUS43 KLOT 230633
CLIVPZ


CLIMATE REPORT
NATIONAL WEATHER SERVICE CHICAGO IL
1232 AM CST SUN NOV 23 2014


...................................

...THE VALPARAISO CLIMATE SUMMARY FOR NOVEMBER 22 2014...

CLIMATE NORMAL PERIOD 1981 TO 2010
CLIMATE RECORD PERIOD 1998 TO 2014


WEATHER ITEM   OBSERVED TIME   RECORD YEAR NORMAL DEPARTURE LAST
                VALUE   (LST)  VALUE       VALUE  FROM      YEAR
                                                  NORMAL
..................................................................
TEMPERATURE (F)
 YESTERDAY
  MAXIMUM         50   1159 PM  66    2010  45      5       45
  MINIMUM         32    527 AM  13    2000  30      2       24
  AVERAGE         41                        38      3       35

PRECIPITATION (IN)
  YESTERDAY        0.10          0.87 2010   0.10   0.00     0.01
  MONTH TO DATE    0.34                      2.52  -2.18     2.08
  SINCE SEP 1      6.94                      8.98  -2.04     8.87
  SINCE JAN 1     36.30                     34.52   1.78    34.55

DEGREE DAYS
 HEATING
  YESTERDAY       24                        27     -3       30
  MONTH TO DATE  678                       491    187      534
  SINCE SEP 1   1212                      1004    208     1045
  SINCE JUL 1   1252                      1021    231     1073

 COOLING
  YESTERDAY        0                         0      0        0
  MONTH TO DATE    0                         0      0        0
  SINCE SEP 1     64                        77    -13      143
  SINCE JAN 1    611                       713   -102      810
..................................................................


WIND (MPH)
  RESULTANT WIND SPEED  11   RESULTANT WIND DIRECTION   S (200)
  HIGHEST WIND SPEED    18   HIGHEST WIND DIRECTION     S (190)
  HIGHEST GUST SPEED    25   HIGHEST GUST DIRECTION     S (190)
  AVERAGE WIND SPEED    11.3



WEATHER CONDITIONS
 THE FOLLOWING WEATHER WAS RECORDED YESTERDAY.
  LIGHT RAIN
  FREEZING RAIN
  LT FREEZING RAIN
  FOG


..........................................................


THE VALPARAISO CLIMATE NORMALS FOR TODAY
                         NORMAL    RECORD    YEAR
 MAXIMUM TEMPERATURE (F)   44        65      2003
                                             1999
 MINIMUM TEMPERATURE (F)   30        15      2008
                                             2000


SUNRISE AND SUNSET
NOVEMBER 23 2014......SUNRISE   646 AM CST   SUNSET   423 PM CST
NOVEMBER 24 2014......SUNRISE   647 AM CST   SUNSET   422 PM CST


-  INDICATES NEGATIVE NUMBERS.
R  INDICATES RECORD WAS SET OR TIED.
MM INDICATES DATA IS MISSING.
T  INDICATES TRACE AMOUNT.




$$
