000
CDUS43 KLOT 200635
CLIVPZ


CLIMATE REPORT
NATIONAL WEATHER SERVICE CHICAGO IL
1235 AM CST SAT DEC 20 2014


...................................

...THE VALPARAISO CLIMATE SUMMARY FOR DECEMBER 19 2014...

CLIMATE NORMAL PERIOD 1981 TO 2010
CLIMATE RECORD PERIOD 1998 TO 2014


WEATHER ITEM   OBSERVED TIME   RECORD YEAR NORMAL DEPARTURE LAST
                VALUE   (LST)  VALUE       VALUE  FROM      YEAR
                                                  NORMAL
..................................................................
TEMPERATURE (F)
 YESTERDAY
  MAXIMUM         32    208 PM  53    2011  33     -1       38
  MINIMUM         26    305 AM  -2    2005  20      6       29
  AVERAGE         29                        27      2       34

PRECIPITATION (IN)
  YESTERDAY        0.00          0.19 1998   0.06  -0.06     0.01
  MONTH TO DATE    0.26                      1.40  -1.14     0.46
  SINCE DEC 1      0.26                      1.40  -1.14     0.46
  SINCE JAN 1     38.08                     36.73   1.35    35.01

DEGREE DAYS
 HEATING
  YESTERDAY       36                        38     -2       31
  MONTH TO DATE  616                       669    -53      802
  SINCE DEC 1    616                       669    -53      802
  SINCE JUL 1   2117                      1927    190     2188

 COOLING
  YESTERDAY        0                         0      0        0
  MONTH TO DATE    0                         0      0        0
  SINCE DEC 1      0                         0      0        0
  SINCE JAN 1    611                       713   -102      810
..................................................................


WIND (MPH)
  RESULTANT WIND SPEED   5   RESULTANT WIND DIRECTION   W (280)
  HIGHEST WIND SPEED    12   HIGHEST WIND DIRECTION     W (280)
  HIGHEST GUST SPEED    13   HIGHEST GUST DIRECTION    NW (310)
  AVERAGE WIND SPEED     5.7



WEATHER CONDITIONS
 THE FOLLOWING WEATHER WAS RECORDED YESTERDAY.
  HAZE


..........................................................


THE VALPARAISO CLIMATE NORMALS FOR TODAY
                         NORMAL    RECORD    YEAR
 MAXIMUM TEMPERATURE (F)   33        52      2012
 MINIMUM TEMPERATURE (F)   20        -6      2000


SUNRISE AND SUNSET
DECEMBER 20 2014......SUNRISE   710 AM CST   SUNSET   421 PM CST
DECEMBER 21 2014......SUNRISE   711 AM CST   SUNSET   421 PM CST


-  INDICATES NEGATIVE NUMBERS.
R  INDICATES RECORD WAS SET OR TIED.
MM INDICATES DATA IS MISSING.
T  INDICATES TRACE AMOUNT.




$$
