000
CDUS43 KLOT 230633
CLIVPZ


CLIMATE REPORT
NATIONAL WEATHER SERVICE CHICAGO IL
132 AM CDT FRI JUN 23 2017


...................................

...THE VALPARAISO CLIMATE SUMMARY FOR JUNE 22 2017...

CLIMATE NORMAL PERIOD 1981 TO 2010
CLIMATE RECORD PERIOD 1998 TO 2017


WEATHER ITEM   OBSERVED TIME   RECORD YEAR NORMAL DEPARTURE LAST
                VALUE   (LST)  VALUE       VALUE  FROM      YEAR
                                                  NORMAL
..................................................................
TEMPERATURE (F)
 YESTERDAY
  MAXIMUM         89    114 PM  95    2002  82      7       76
  MINIMUM         72    153 AM  53    2003  61     11       61
                                      2001
  AVERAGE         81                        71     10       69

PRECIPITATION (IN)
  YESTERDAY        0.02          0.08 2008   0.13  -0.11    MM
  MONTH TO DATE    1.07                      2.77  -1.70     0.19
  SINCE JUN 1      1.07                      2.77  -1.70     0.19
  SINCE JAN 1     16.47                     15.75   0.72     9.59

DEGREE DAYS
 HEATING
  YESTERDAY        0                         1     -1        0
  MONTH TO DATE    1                        40    -39       13
  SINCE JUN 1      1                        40    -39       13
  SINCE JUL 1   5037                      6319  -1282     5251

 COOLING
  YESTERDAY       16                         7      9        4
  MONTH TO DATE  213                       106    107      158
  SINCE JUN 1    213                       106    107      158
  SINCE JAN 1    270                       153    117      235
..................................................................


WIND (MPH)
  RESULTANT WIND SPEED  11   RESULTANT WIND DIRECTION   S (200)
  HIGHEST WIND SPEED    22   HIGHEST WIND DIRECTION    SW (210)
  HIGHEST GUST SPEED    37   HIGHEST GUST DIRECTION    NW (330)
  AVERAGE WIND SPEED    11.1



WEATHER CONDITIONS
 THE FOLLOWING WEATHER WAS RECORDED YESTERDAY.
  LIGHT RAIN
  FOG


..........................................................


THE VALPARAISO CLIMATE NORMALS FOR TODAY
                         NORMAL    RECORD    YEAR
 MAXIMUM TEMPERATURE (F)   82        93      2002
 MINIMUM TEMPERATURE (F)   61        51      2004
                                             2001


SUNRISE AND SUNSET
JUNE 23 2017..........SUNRISE   515 AM CDT   SUNSET   826 PM CDT
JUNE 24 2017..........SUNRISE   515 AM CDT   SUNSET   826 PM CDT


-  INDICATES NEGATIVE NUMBERS.
R  INDICATES RECORD WAS SET OR TIED.
MM INDICATES DATA IS MISSING.
T  INDICATES TRACE AMOUNT.




$$
