882
CDUS43 KLOT 100635
CLIVPZ


CLIMATE REPORT
NATIONAL WEATHER SERVICE CHICAGO IL
1234 AM CST WED FEB 10 2016


...................................

...THE VALPARAISO CLIMATE SUMMARY FOR FEBRUARY 9 2016...

CLIMATE NORMAL PERIOD 1981 TO 2010
CLIMATE RECORD PERIOD 1998 TO 2016


WEATHER ITEM   OBSERVED TIME   RECORD YEAR NORMAL DEPARTURE LAST
                VALUE   (LST)  VALUE       VALUE  FROM      YEAR
                                                  NORMAL
..................................................................
TEMPERATURE (F)
 YESTERDAY
  MAXIMUM         25   1209 AM  56    2001  34     -9       27
                                      1999
  MINIMUM         15   1159 PM  -7    2011  18     -3       22
  AVERAGE         20                        26     -6       25

PRECIPITATION (IN)
  YESTERDAY        T             0.85 2001   0.05  -0.05     0.00
  MONTH TO DATE    0.69                      0.42   0.27     0.71
  SINCE DEC 1      3.28                      4.35  -1.07     2.42
  SINCE JAN 1      1.15                      2.17  -1.02     1.61

DEGREE DAYS
 HEATING
  YESTERDAY       45                        39      6       40
  MONTH TO DATE  294                       360    -66      391
  SINCE DEC 1   2199                      2787   -588     2747
  SINCE JUL 1   3175                      4045   -870     4248

 COOLING
  YESTERDAY        0                         0      0        0
  MONTH TO DATE    0                         0      0        0
  SINCE DEC 1      0                         0      0        0
  SINCE JAN 1      0                         0      0        0
..................................................................


WIND (MPH)
  RESULTANT WIND SPEED  13   RESULTANT WIND DIRECTION  NW (300)
  HIGHEST WIND SPEED    18   HIGHEST WIND DIRECTION     W (290)
  HIGHEST GUST SPEED    26   HIGHEST GUST DIRECTION    NW (300)
  AVERAGE WIND SPEED    13.6



WEATHER CONDITIONS
 THE FOLLOWING WEATHER WAS RECORDED YESTERDAY.
  SNOW
  LIGHT SNOW


..........................................................


THE VALPARAISO CLIMATE NORMALS FOR TODAY
                         NORMAL    RECORD    YEAR
 MAXIMUM TEMPERATURE (F)   34        61      2009
 MINIMUM TEMPERATURE (F)   19       -13      2011


SUNRISE AND SUNSET
FEBRUARY 10 2016......SUNRISE   650 AM CST   SUNSET   515 PM CST
FEBRUARY 11 2016......SUNRISE   649 AM CST   SUNSET   516 PM CST


-  INDICATES NEGATIVE NUMBERS.
R  INDICATES RECORD WAS SET OR TIED.
MM INDICATES DATA IS MISSING.
T  INDICATES TRACE AMOUNT.




$$
