000
CDUS42 KMLB 242016
CLIVRB


CLIMATE REPORT
NATIONAL WEATHER SERVICE MELBOURNE FL
416 PM EDT SAT JUN 24 2017


...................................

...THE VERO BEACH CLIMATE SUMMARY FOR JUNE 24 2017...
VALID TODAY AS OF 0400 PM LOCAL TIME.

CLIMATE NORMAL PERIOD 1981 TO 2010
CLIMATE RECORD PERIOD 1942 TO 2017


WEATHER ITEM   OBSERVED TIME   RECORD YEAR NORMAL DEPARTURE LAST
                VALUE   (LST)  VALUE       VALUE  FROM      YEAR
                                                  NORMAL
..................................................................
TEMPERATURE (F)
 TODAY
  MAXIMUM         92   1250 PM  98    1944  89      3       90
  MINIMUM         73    603 AM  67    2003  73      0       74
                                      1967
  AVERAGE         83                        81      2       82

PRECIPITATION (IN)
  TODAY            0.00          2.10 2000   0.22  -0.22     0.00
  MONTH TO DATE    6.14                      5.30   0.84     3.21
  SINCE JUN 1      6.14                      5.30   0.84     3.21
  SINCE JAN 1     17.18                     20.67  -3.49    39.00

SNOWFALL (IN)
  TODAY            0.0
  MONTH TO DATE    0.0
  SINCE JUL 1      0.0

DEGREE DAYS
 HEATING
  TODAY            0                         0      0        0
  MONTH TO DATE    0                         0      0        0
  SINCE JUN 1      0                         0      0        0
  SINCE JUL 1    185                       456   -271      284

 COOLING
  TODAY           18                        16      2       17
  MONTH TO DATE  382                       361     21      413
  SINCE JUN 1    382                       361     21      413
  SINCE JAN 1   1447                      1167    280     1342
..................................................................


WIND (MPH)
  HIGHEST WIND SPEED    18   HIGHEST WIND DIRECTION    SE (120)
  HIGHEST GUST SPEED    22   HIGHEST GUST DIRECTION    SE (130)
  AVERAGE WIND SPEED     7.8


SKY COVER
  AVERAGE SKY COVER 0.3


WEATHER CONDITIONS
 THE FOLLOWING WEATHER WAS RECORDED TODAY.
  FOG


RELATIVE HUMIDITY (PERCENT)
 HIGHEST    94           400 AM
 LOWEST     59          1200 PM
 AVERAGE    77

..........................................................


THE VERO BEACH CLIMATE NORMALS FOR TOMORROW
                         NORMAL    RECORD    YEAR
 MAXIMUM TEMPERATURE (F)   89        98      1944
 MINIMUM TEMPERATURE (F)   73        66      2001


SUNRISE AND SUNSET
JUNE 24 2017..........SUNRISE   627 AM EDT   SUNSET   821 PM EDT
JUNE 25 2017..........SUNRISE   628 AM EDT   SUNSET   821 PM EDT


-  INDICATES NEGATIVE NUMBERS.
R  INDICATES RECORD WAS SET OR TIED.
MM INDICATES DATA IS MISSING.
T  INDICATES TRACE AMOUNT.




$$
