649
CDUS42 KMLB 200642
CLIVRB


CLIMATE REPORT
NATIONAL WEATHER SERVICE MELBOURNE FL
132 AM EST TUE FEB 20 2018


...................................

...THE VERO BEACH CLIMATE SUMMARY FOR FEBRUARY 19 2018...

CLIMATE NORMAL PERIOD 1981 TO 2010
CLIMATE RECORD PERIOD 1942 TO 2018


WEATHER ITEM   OBSERVED TIME   RECORD YEAR NORMAL DEPARTURE LAST
                VALUE   (LST)  VALUE       VALUE  FROM      YEAR
                                                  NORMAL
..................................................................
TEMPERATURE (F)
 YESTERDAY
  MAXIMUM         81    311 PM  87    2012  75      6       82
                                      1992
                                      1975
  MINIMUM         70    429 AM  32    1958  55     15       57
  AVERAGE         76                        65     11       70

PRECIPITATION (IN)
  YESTERDAY        0.00          1.43 1968   0.08  -0.08      T
  MONTH TO DATE    0.43                      1.76  -1.33     0.62
  SINCE DEC 1      5.34                      6.45  -1.11     3.49
  SINCE JAN 1      3.11                      4.26  -1.15     1.35

SNOWFALL (IN)
  YESTERDAY        0.0
  MONTH TO DATE    0.0
  SINCE JUL 1      0.0

DEGREE DAYS
 HEATING
  YESTERDAY        0                         3     -3        0
  MONTH TO DATE    8                        71    -63       20
  SINCE DEC 1    247                       328    -81      124
  SINCE JUL 1    267                       358    -91      143

 COOLING
  YESTERDAY       11                         3      8        5
  MONTH TO DATE  122                        49     73       54
  SINCE DEC 1    314                       203    111      359
  SINCE JAN 1    196                       110     86      154
..................................................................


WIND (MPH)
  HIGHEST WIND SPEED    20   HIGHEST WIND DIRECTION    SE (120)
  HIGHEST GUST SPEED    24   HIGHEST GUST DIRECTION    SE (120)
  AVERAGE WIND SPEED    12.2


SKY COVER
  AVERAGE SKY COVER 0.2


WEATHER CONDITIONS
 THE FOLLOWING WEATHER WAS RECORDED YESTERDAY.
  NO SIGNIFICANT WEATHER WAS OBSERVED.


RELATIVE HUMIDITY (PERCENT)
 HIGHEST    84          1100 PM
 LOWEST     62          1100 AM
 AVERAGE    73

..........................................................


THE VERO BEACH CLIMATE NORMALS FOR TODAY
                         NORMAL    RECORD    YEAR
 MAXIMUM TEMPERATURE (F)   75        87      1975
 MINIMUM TEMPERATURE (F)   55        30      2015


SUNRISE AND SUNSET
FEBRUARY 20 2018......SUNRISE   655 AM EST   SUNSET   616 PM EST
FEBRUARY 21 2018......SUNRISE   654 AM EST   SUNSET   617 PM EST


-  INDICATES NEGATIVE NUMBERS.
R  INDICATES RECORD WAS SET OR TIED.
MM INDICATES DATA IS MISSING.
T  INDICATES TRACE AMOUNT.




$$
