000
CDUS42 KMLB 290642
CLIVRB


CLIMATE REPORT
NATIONAL WEATHER SERVICE MELBOURNE FL
131 AM EST MON DEC 29 2014


...................................

...THE VERO BEACH CLIMATE SUMMARY FOR DECEMBER 28 2014...

CLIMATE NORMAL PERIOD 1981 TO 2010
CLIMATE RECORD PERIOD 1942 TO 2014


WEATHER ITEM   OBSERVED TIME   RECORD YEAR NORMAL DEPARTURE LAST
                VALUE   (LST)  VALUE       VALUE  FROM      YEAR
                                                  NORMAL
..................................................................
TEMPERATURE (F)
 YESTERDAY
  MAXIMUM         83    125 PM  84    1981  73     10       80
  MINIMUM         63    634 AM  29    2010  53     10       70
  AVERAGE         73                        63     10       75

PRECIPITATION (IN)
  YESTERDAY        0.00          2.16 1978   0.07  -0.07     0.09
  MONTH TO DATE    2.82                      1.98   0.84     2.27
  SINCE DEC 1      2.82                      1.98   0.84     2.27
  SINCE JAN 1     53.50                     51.66   1.84    44.48

SNOWFALL (IN)
  YESTERDAY        0.0
  MONTH TO DATE    0.0
  SINCE JUL 1      0.0

DEGREE DAYS
 HEATING
  YESTERDAY        0                         5     -5        0
  MONTH TO DATE   75                        91    -16       18
  SINCE DEC 1     75                        91    -16       18
  SINCE JUL 1    154                       121     33       29

 COOLING
  YESTERDAY        8                         2      6       10
  MONTH TO DATE   97                        86     11      155
  SINCE DEC 1     97                        86     11      155
  SINCE JAN 1   3251                      3397   -146     3628
..................................................................


WIND (MPH)
  HIGHEST WIND SPEED    13   HIGHEST WIND DIRECTION    SE (140)
  HIGHEST GUST SPEED    15   HIGHEST GUST DIRECTION     S (160)
  AVERAGE WIND SPEED     4.7


SKY COVER
  AVERAGE SKY COVER 0.4


WEATHER CONDITIONS
 THE FOLLOWING WEATHER WAS RECORDED YESTERDAY.
  FOG
  FOG W/VISIBILITY <= 1/4 MILE


RELATIVE HUMIDITY (PERCENT)
 HIGHEST   100           400 AM
 LOWEST     58          1200 PM
 AVERAGE    79

..........................................................


THE VERO BEACH CLIMATE NORMALS FOR TODAY
                         NORMAL    RECORD    YEAR
 MAXIMUM TEMPERATURE (F)   73        85      2012
 MINIMUM TEMPERATURE (F)   53        28      2010


SUNRISE AND SUNSET
DECEMBER 29 2014......SUNRISE   711 AM EST   SUNSET   536 PM EST
DECEMBER 30 2014......SUNRISE   712 AM EST   SUNSET   537 PM EST


-  INDICATES NEGATIVE NUMBERS.
R  INDICATES RECORD WAS SET OR TIED.
MM INDICATES DATA IS MISSING.
T  INDICATES TRACE AMOUNT.




$$
