608
CDUS42 KMLB 090635
CLIVRB


CLIMATE REPORT
NATIONAL WEATHER SERVICE MELBOURNE FL
135 AM EST FRI DEC 9 2016


...................................

...THE VERO BEACH CLIMATE SUMMARY FOR DECEMBER 8 2016...

CLIMATE NORMAL PERIOD 1981 TO 2010
CLIMATE RECORD PERIOD 1942 TO 2016


WEATHER ITEM   OBSERVED TIME   RECORD YEAR NORMAL DEPARTURE LAST
                VALUE   (LST)  VALUE       VALUE  FROM      YEAR
                                                  NORMAL
..................................................................
TEMPERATURE (F)
 YESTERDAY
  MAXIMUM         78   1229 PM  85    1978  75      3       77
                                      1948
  MINIMUM         57    727 AM  32    2010  57      0       60
  AVERAGE         68                        66      2       69

PRECIPITATION (IN)
  YESTERDAY        0.00          1.88 2005   0.07  -0.07     0.40
  MONTH TO DATE    0.49                      0.60  -0.11     3.31
  SINCE DEC 1      0.49                      0.60  -0.11     3.31
  SINCE JAN 1     63.65                     50.28  13.37    48.43

SNOWFALL (IN)
  YESTERDAY        0.0
  MONTH TO DATE    0.0
  SINCE JUL 1      0.0

DEGREE DAYS
 HEATING
  YESTERDAY        0                         3     -3        0
  MONTH TO DATE    0                        17    -17        0
  SINCE DEC 1      0                        17    -17        0
  SINCE JUL 1     19                        47    -28        1

 COOLING
  YESTERDAY        3                         3      0        4
  MONTH TO DATE   56                        31     25       60
  SINCE DEC 1     56                        31     25       60
  SINCE JAN 1   3736                      3342    394     4187
..................................................................


WIND (MPH)
  HIGHEST WIND SPEED    14   HIGHEST WIND DIRECTION     N (360)
  HIGHEST GUST SPEED    20   HIGHEST GUST DIRECTION     N (360)
  AVERAGE WIND SPEED     6.4


SKY COVER
  AVERAGE SKY COVER 0.4


WEATHER CONDITIONS
 THE FOLLOWING WEATHER WAS RECORDED YESTERDAY.
  FOG


RELATIVE HUMIDITY (PERCENT)
 HIGHEST   100          1200 AM
 LOWEST     73           100 PM
 AVERAGE    87

..........................................................


THE VERO BEACH CLIMATE NORMALS FOR TODAY
                         NORMAL    RECORD    YEAR
 MAXIMUM TEMPERATURE (F)   75        87      2009
 MINIMUM TEMPERATURE (F)   56        38      1984


SUNRISE AND SUNSET
DECEMBER  9 2016......SUNRISE   701 AM EST   SUNSET   527 PM EST
DECEMBER 10 2016......SUNRISE   702 AM EST   SUNSET   528 PM EST


-  INDICATES NEGATIVE NUMBERS.
R  INDICATES RECORD WAS SET OR TIED.
MM INDICATES DATA IS MISSING.
T  INDICATES TRACE AMOUNT.




$$
