000
CDUS42 KMLB 010635
CLIVRB


CLIMATE REPORT
NATIONAL WEATHER SERVICE MELBOURNE FL
235 AM EDT MON SEP 1 2014


...................................

...THE VERO BEACH CLIMATE SUMMARY FOR AUGUST 31 2014...

CLIMATE NORMAL PERIOD 1981 TO 2010
CLIMATE RECORD PERIOD 1942 TO 2014


WEATHER ITEM   OBSERVED TIME   RECORD YEAR NORMAL DEPARTURE LAST
                VALUE   (LST)  VALUE       VALUE  FROM      YEAR
                                                  NORMAL
..................................................................
TEMPERATURE (F)
 YESTERDAY
  MAXIMUM         89    120 PM  96    1977  89      0       90
  MINIMUM         73    619 AM  68    1967  74     -1       74
  AVERAGE         81                        81      0       82

PRECIPITATION (IN)
  YESTERDAY        0.00          1.44 1999   0.25  -0.25     0.00
  MONTH TO DATE    6.29                      7.03  -0.74     1.47
  SINCE JUN 1     20.13                     19.33   0.80    12.46
  SINCE JAN 1     33.31                     34.70  -1.39    27.68

SNOWFALL (IN)
  YESTERDAY        0.0
  MONTH TO DATE    0.0
  SINCE JUL 1      0.0

DEGREE DAYS
 HEATING
  YESTERDAY        0                         0      0        0
  MONTH TO DATE    0                         0      0        0
  SINCE JUN 1      0                         0      0        0
  SINCE JUL 1      0                         0      0        0

 COOLING
  YESTERDAY       16                        16      0       17
  MONTH TO DATE  519                       518      1      518
  SINCE JUN 1   1441                      1492    -51     1499
  SINCE JAN 1   2367                      2298     69     2406
..................................................................


WIND (MPH)
  HIGHEST WIND SPEED    16   HIGHEST WIND DIRECTION     E (110)
  HIGHEST GUST SPEED    21   HIGHEST GUST DIRECTION     E (110)
  AVERAGE WIND SPEED     6.3


SKY COVER
  AVERAGE SKY COVER 0.2


WEATHER CONDITIONS
 THE FOLLOWING WEATHER WAS RECORDED YESTERDAY.
  NO SIGNIFICANT WEATHER WAS OBSERVED.


RELATIVE HUMIDITY (PERCENT)
 HIGHEST    94           400 AM
 LOWEST     35           900 AM
 AVERAGE    65

..........................................................


THE VERO BEACH CLIMATE NORMALS FOR TODAY
                         NORMAL    RECORD    YEAR
 MAXIMUM TEMPERATURE (F)   89        94      1989
                                             1947
 MINIMUM TEMPERATURE (F)   74        69      1972
                                             1970


SUNRISE AND SUNSET
SEPTEMBER  1 2014.....SUNRISE   700 AM EDT   SUNSET   742 PM EDT
SEPTEMBER  2 2014.....SUNRISE   701 AM EDT   SUNSET   741 PM EDT


-  INDICATES NEGATIVE NUMBERS.
R  INDICATES RECORD WAS SET OR TIED.
MM INDICATES DATA IS MISSING.
T  INDICATES TRACE AMOUNT.




$$
