000
CDUS42 KMLB 290642
CLIVRB


CLIMATE REPORT
NATIONAL WEATHER SERVICE MELBOURNE FL
231 AM EDT SUN MAR 29 2015


...................................

...THE VERO BEACH CLIMATE SUMMARY FOR MARCH 28 2015...

CLIMATE NORMAL PERIOD 1981 TO 2010
CLIMATE RECORD PERIOD 1942 TO 2015


WEATHER ITEM   OBSERVED TIME   RECORD YEAR NORMAL DEPARTURE LAST
                VALUE   (LST)  VALUE       VALUE  FROM      YEAR
                                                  NORMAL
..................................................................
TEMPERATURE (F)
 YESTERDAY
  MAXIMUM         71    207 PM  90    1994  78     -7       81
                                      1946
  MINIMUM         53   1155 PM  41    2013  59     -6       69
  AVERAGE         62                        69     -7       75

PRECIPITATION (IN)
  YESTERDAY        0.00          2.26 2010   0.12  -0.12      T
  MONTH TO DATE    2.38                      3.72  -1.34     0.70
  SINCE MAR 1      2.38                      3.72  -1.34     0.70
  SINCE JAN 1      6.01                      8.89  -2.88     7.25

SNOWFALL (IN)
  YESTERDAY        0.0
  MONTH TO DATE    0.0
  SINCE JUL 1      0.0

DEGREE DAYS
 HEATING
  YESTERDAY        3                         1      2        0
  MONTH TO DATE    3                        52    -49       26
  SINCE MAR 1      3                        52    -49       26
  SINCE JUL 1    375                       437    -62      261

 COOLING
  YESTERDAY        0                         5     -5       10
  MONTH TO DATE  242                       115    127      110
  SINCE MAR 1    242                       115    127      110
  SINCE JAN 1    367                       254    113      318
..................................................................


WIND (MPH)
  HIGHEST WIND SPEED    21   HIGHEST WIND DIRECTION     W (290)
  HIGHEST GUST SPEED    27   HIGHEST GUST DIRECTION     W (290)
  AVERAGE WIND SPEED     9.3


SKY COVER
  AVERAGE SKY COVER 0.0


WEATHER CONDITIONS
 THE FOLLOWING WEATHER WAS RECORDED YESTERDAY.
  NO SIGNIFICANT WEATHER WAS OBSERVED.


RELATIVE HUMIDITY (PERCENT)
 HIGHEST    80           300 AM
 LOWEST     22           300 PM
 AVERAGE    51

..........................................................


THE VERO BEACH CLIMATE NORMALS FOR TODAY
                         NORMAL    RECORD    YEAR
 MAXIMUM TEMPERATURE (F)   79        91      1997
 MINIMUM TEMPERATURE (F)   59        44      2013


SUNRISE AND SUNSET
MARCH 29 2015.........SUNRISE   716 AM EDT   SUNSET   738 PM EDT
MARCH 30 2015.........SUNRISE   715 AM EDT   SUNSET   738 PM EDT


-  INDICATES NEGATIVE NUMBERS.
R  INDICATES RECORD WAS SET OR TIED.
MM INDICATES DATA IS MISSING.
T  INDICATES TRACE AMOUNT.




$$
