000
CDUS42 KMLB 220627
CLIVRB


CLIMATE REPORT
NATIONAL WEATHER SERVICE MELBOURNE FL
227 AM EDT SUN OCT 22 2017


...................................

...THE VERO BEACH CLIMATE SUMMARY FOR OCTOBER 21 2017...

CLIMATE NORMAL PERIOD 1981 TO 2010
CLIMATE RECORD PERIOD 1942 TO 2017


WEATHER ITEM   OBSERVED TIME   RECORD YEAR NORMAL DEPARTURE LAST
                VALUE   (LST)  VALUE       VALUE  FROM      YEAR
                                                  NORMAL
..................................................................
TEMPERATURE (F)
 YESTERDAY
  MAXIMUM         85    128 PM  89    2013  83      2       86
                                      2002
                                      1988
  MINIMUM         77    657 AM  46    1989  68      9       65
  AVERAGE         81                        76      5       76

PRECIPITATION (IN)
  YESTERDAY        0.00          1.56 2014   0.14  -0.14     0.00
  MONTH TO DATE    5.73                      3.71   2.02     4.13
  SINCE SEP 1     18.17                     10.50   7.67     9.03
  SINCE JAN 1     47.59                     45.20   2.39    62.46

SNOWFALL (IN)
  YESTERDAY        0.0
  MONTH TO DATE    0.0
  SINCE JUL 1      0.0

DEGREE DAYS
 HEATING
  YESTERDAY        0                         0      0        0
  MONTH TO DATE    0                         0      0        0
  SINCE SEP 1      0                         0      0        0
  SINCE JUL 1      0                         0      0        0

 COOLING
  YESTERDAY       16                        11      5       11
  MONTH TO DATE  326                       266     60      319
  SINCE SEP 1    821                       735     86      842
  SINCE JAN 1   3533                      3033    500     3432
..................................................................


WIND (MPH)
  HIGHEST WIND SPEED    21   HIGHEST WIND DIRECTION     E (70)
  HIGHEST GUST SPEED    27   HIGHEST GUST DIRECTION     E (70)
  AVERAGE WIND SPEED    13.7


SKY COVER
  AVERAGE SKY COVER 0.3


WEATHER CONDITIONS
 THE FOLLOWING WEATHER WAS RECORDED YESTERDAY.
  NO SIGNIFICANT WEATHER WAS OBSERVED.


RELATIVE HUMIDITY (PERCENT)
 HIGHEST    79           600 PM
 LOWEST     55          1100 AM
 AVERAGE    67

..........................................................


THE VERO BEACH CLIMATE NORMALS FOR TODAY
                         NORMAL    RECORD    YEAR
 MAXIMUM TEMPERATURE (F)   83        92      2013
 MINIMUM TEMPERATURE (F)   67        50      1976


SUNRISE AND SUNSET
OCTOBER 22 2017.......SUNRISE   726 AM EDT   SUNSET   646 PM EDT
OCTOBER 23 2017.......SUNRISE   727 AM EDT   SUNSET   645 PM EDT


-  INDICATES NEGATIVE NUMBERS.
R  INDICATES RECORD WAS SET OR TIED.
MM INDICATES DATA IS MISSING.
T  INDICATES TRACE AMOUNT.




$$
