000
CDUS41 KBTV 220521
CLIVSF


CLIMATE REPORT
NATIONAL WEATHER SERVICE BURLINGTON VT
1219 AM EST MON JAN 22 2018


...................................

...THE SPRINGFIELD VT CLIMATE SUMMARY FOR JANUARY 21 2018...

CLIMATE NORMAL PERIOD 1981 TO 2010
CLIMATE RECORD PERIOD 9999 TO 9999


WEATHER ITEM   OBSERVED TIME   NORMAL DEPARTURE LAST
                VALUE   (LST)  VALUE  FROM      YEAR
                                      NORMAL
......................................................
TEMPERATURE (F)
 YESTERDAY
  MAXIMUM         44        MM  29     15       42
  MINIMUM         26        MM   9     17       29
  AVERAGE         35            19     16       36

PRECIPITATION (IN)
  YESTERDAY        0.00          0.06  -0.06     0.00
  MONTH TO DATE    1.97          2.13  -0.16     0.92
  SINCE DEC 1      5.38          5.40  -0.02     3.32
  SINCE JAN 1      1.97          2.13  -0.16     0.92

DEGREE DAYS
 HEATING
  YESTERDAY       30            46    -16       29
  MONTH TO DATE 1024           955     69      838
  SINCE DEC 1   2396          2175    221     2053
  SINCE JUL 1   3788          3818    -30     3509

 COOLING
  YESTERDAY        0             0      0        0
  MONTH TO DATE    0             0      0        0
  SINCE DEC 1      0             0      0        0
  SINCE JAN 1      0             0      0        0
......................................................


WIND (MPH)
  HIGHEST WIND SPEED     7   HIGHEST WIND DIRECTION    NW (300)
  HIGHEST GUST SPEED    MM   HIGHEST GUST DIRECTION    MM
  AVERAGE WIND SPEED     2.0


SKY COVER
  AVERAGE SKY COVER 0.6


WEATHER CONDITIONS
 THE FOLLOWING WEATHER WAS RECORDED YESTERDAY.
  NO SIGNIFICANT WEATHER WAS OBSERVED.


RELATIVE HUMIDITY (PERCENT)
 HIGHEST   100           300 AM
 LOWEST     57          1200 PM
 AVERAGE    79

..........................................................


THE SPRINGFIELD VT CLIMATE NORMALS FOR TODAY
                         NORMAL    RECORD    YEAR
 MAXIMUM TEMPERATURE (F)   29        45      1997
 MINIMUM TEMPERATURE (F)    9       -14      2005


SUNRISE AND SUNSET
JANUARY 22 2018.......SUNRISE   715 AM EST   SUNSET   449 PM EST
JANUARY 23 2018.......SUNRISE   714 AM EST   SUNSET   450 PM EST


-  INDICATES NEGATIVE NUMBERS.
R  INDICATES RECORD WAS SET OR TIED.
MM INDICATES DATA IS MISSING.
T  INDICATES TRACE AMOUNT.




$$
