000
CDUS41 KBTV 210550
CLIVSF


CLIMATE REPORT
NATIONAL WEATHER SERVICE BURLINGTON VT
1246 AM EST SAT JAN 21 2017


...................................

...THE SPRINGFIELD VT CLIMATE SUMMARY FOR JANUARY 20 2017...

CLIMATE NORMAL PERIOD 1981 TO 2010
CLIMATE RECORD PERIOD 9999 TO 9999


WEATHER ITEM   OBSERVED TIME   NORMAL DEPARTURE LAST
                VALUE   (LST)  VALUE  FROM      YEAR
                                      NORMAL
......................................................
TEMPERATURE (F)
 YESTERDAY
  MAXIMUM         34    704 PM  29      5       26
  MINIMUM         31    802 AM   9     22       10
  AVERAGE         33            19     14       18

PRECIPITATION (IN)
  YESTERDAY        0.00          0.08  -0.08     0.00
  MONTH TO DATE    0.92          2.07  -1.15     1.49
  SINCE DEC 1      3.32          5.34  -2.02     4.81
  SINCE JAN 1      0.92          2.07  -1.15     1.49

DEGREE DAYS
 HEATING
  YESTERDAY       32            46    -14       47
  MONTH TO DATE  809           909   -100      825
  SINCE DEC 1   2024          2129   -105     1695
  SINCE JUL 1   3480          3772   -292     3108

 COOLING
  YESTERDAY        0             0      0        0
  MONTH TO DATE    0             0      0        0
  SINCE DEC 1      0             0      0        0
  SINCE JAN 1      0             0      0        0
......................................................


WIND (MPH)
  HIGHEST WIND SPEED     8   HIGHEST WIND DIRECTION     E (110)
  HIGHEST GUST SPEED    11   HIGHEST GUST DIRECTION     E (110)
  AVERAGE WIND SPEED     1.5


SKY COVER
  AVERAGE SKY COVER 1.0


WEATHER CONDITIONS
 THE FOLLOWING WEATHER WAS RECORDED YESTERDAY.
  FOG


RELATIVE HUMIDITY (PERCENT)
 HIGHEST   100           500 AM
 LOWEST     75          1100 AM
 AVERAGE    88

..........................................................


THE SPRINGFIELD VT CLIMATE NORMALS FOR TODAY
                         NORMAL    RECORD    YEAR
 MAXIMUM TEMPERATURE (F)   29        55      2006
 MINIMUM TEMPERATURE (F)    9        -7      2005


SUNRISE AND SUNSET
JANUARY 21 2017.......SUNRISE   716 AM EST   SUNSET   448 PM EST
JANUARY 22 2017.......SUNRISE   715 AM EST   SUNSET   449 PM EST


-  INDICATES NEGATIVE NUMBERS.
R  INDICATES RECORD WAS SET OR TIED.
MM INDICATES DATA IS MISSING.
T  INDICATES TRACE AMOUNT.




$$
