000
CDUS41 KBTV 300605
CLIVSF


CLIMATE REPORT
NATIONAL WEATHER SERVICE BURLINGTON VT
203 AM EDT TUE MAY 30 2017


...................................

...THE SPRINGFIELD VT CLIMATE SUMMARY FOR MAY 29 2017...

CLIMATE NORMAL PERIOD 1981 TO 2010
CLIMATE RECORD PERIOD 9999 TO 9999


WEATHER ITEM   OBSERVED TIME   NORMAL DEPARTURE LAST
                VALUE   (LST)  VALUE  FROM      YEAR
                                      NORMAL
......................................................
TEMPERATURE (F)
 YESTERDAY
  MAXIMUM         60   1228 AM  71    -11       76
  MINIMUM         48   1159 PM  46      2       60
  AVERAGE         54            59     -5       68

PRECIPITATION (IN)
  YESTERDAY        0.24          0.16   0.08      T
  MONTH TO DATE    5.66          3.40   2.26     2.04
  SINCE MAR 1     12.77         10.32   2.45     5.15
  SINCE JAN 1     16.32         15.93   0.39    10.37

DEGREE DAYS
 HEATING
  YESTERDAY       11             7      4        0
  MONTH TO DATE  321           303     18      292
  SINCE MAR 1   1934          1964    -30     1791
  SINCE JUL 1   6811          7409   -598     6447

 COOLING
  YESTERDAY        0             1     -1        3
  MONTH TO DATE   14             3     11       31
  SINCE MAR 1     14             5      9       31
  SINCE JAN 1     14             5      9       31
......................................................


WIND (MPH)
  HIGHEST WIND SPEED    10   HIGHEST WIND DIRECTION    SE (130)
  HIGHEST GUST SPEED    14   HIGHEST GUST DIRECTION    SE (150)
  AVERAGE WIND SPEED     3.1


SKY COVER
  AVERAGE SKY COVER 0.9


WEATHER CONDITIONS
 THE FOLLOWING WEATHER WAS RECORDED YESTERDAY.
  RAIN
  LIGHT RAIN
  FOG


RELATIVE HUMIDITY (PERCENT)
 HIGHEST    93          1100 PM
 LOWEST     72           700 AM
 AVERAGE    83

..........................................................


THE SPRINGFIELD VT CLIMATE NORMALS FOR TODAY
                         NORMAL    RECORD    YEAR
 MAXIMUM TEMPERATURE (F)   71        89      2015
 MINIMUM TEMPERATURE (F)   47        38      2004


SUNRISE AND SUNSET
MAY 30 2017...........SUNRISE   514 AM EDT   SUNSET   822 PM EDT
MAY 31 2017...........SUNRISE   513 AM EDT   SUNSET   823 PM EDT


-  INDICATES NEGATIVE NUMBERS.
R  INDICATES RECORD WAS SET OR TIED.
MM INDICATES DATA IS MISSING.
T  INDICATES TRACE AMOUNT.




$$
