000
CDUS41 KBTV 170637
CLIVSF


CLIMATE REPORT
NATIONAL WEATHER SERVICE BURLINGTON VT
135 AM EST FRI NOV 17 2017


...................................

...THE SPRINGFIELD VT CLIMATE SUMMARY FOR NOVEMBER 16 2017...

CLIMATE NORMAL PERIOD 1981 TO 2010
CLIMATE RECORD PERIOD 9999 TO 9999


WEATHER ITEM   OBSERVED TIME   NORMAL DEPARTURE LAST
                VALUE   (LST)  VALUE  FROM      YEAR
                                      NORMAL
......................................................
TEMPERATURE (F)
 YESTERDAY
  MAXIMUM         40    358 PM  46     -6       52
  MINIMUM         28   1229 AM  29     -1       39
  AVERAGE         34            37     -3       46

PRECIPITATION (IN)
  YESTERDAY        0.30          0.14   0.16      T
  MONTH TO DATE    1.02          2.12  -1.10     0.91
  SINCE SEP 1      8.65         10.30  -1.65     5.09
  SINCE JAN 1     36.94         38.67  -1.73    23.97

DEGREE DAYS
 HEATING
  YESTERDAY       31            28      3       19
  MONTH TO DATE  444           403     41      379
  SINCE SEP 1    884          1157   -273     1027
  SINCE JUL 1    949          1212   -263     1049

 COOLING
  YESTERDAY        0             0      0        0
  MONTH TO DATE    0             0      0        0
  SINCE SEP 1     86            24     62       44
  SINCE JAN 1    386           345     41      481
......................................................


WIND (MPH)
  HIGHEST WIND SPEED    15   HIGHEST WIND DIRECTION     W (260)
  HIGHEST GUST SPEED    22   HIGHEST GUST DIRECTION     W (280)
  AVERAGE WIND SPEED     0.8


SKY COVER
  AVERAGE SKY COVER 1.0


WEATHER CONDITIONS
 THE FOLLOWING WEATHER WAS RECORDED YESTERDAY.
  RAIN
  LIGHT RAIN
  LIGHT SNOW
  FOG
  FOG W/VISIBILITY <= 1/4 MILE


RELATIVE HUMIDITY (PERCENT)
 HIGHEST   100           700 AM
 LOWEST     85           200 AM
 AVERAGE    93

..........................................................


THE SPRINGFIELD VT CLIMATE NORMALS FOR TODAY
                         NORMAL    RECORD    YEAR
 MAXIMUM TEMPERATURE (F)   46        66      2006
 MINIMUM TEMPERATURE (F)   28        14      1997


SUNRISE AND SUNSET
NOVEMBER 17 2017......SUNRISE   646 AM EST   SUNSET   424 PM EST
NOVEMBER 18 2017......SUNRISE   647 AM EST   SUNSET   423 PM EST


-  INDICATES NEGATIVE NUMBERS.
R  INDICATES RECORD WAS SET OR TIED.
MM INDICATES DATA IS MISSING.
T  INDICATES TRACE AMOUNT.




$$
