422
CDUS41 KBTV 300549
CLIVSF


CLIMATE REPORT
NATIONAL WEATHER SERVICE BURLINGTON VT
145 AM EDT THU MAR 30 2017


...................................

...THE SPRINGFIELD VT CLIMATE SUMMARY FOR MARCH 29 2017...

CLIMATE NORMAL PERIOD 1981 TO 2010
CLIMATE RECORD PERIOD 9999 TO 9999


WEATHER ITEM   OBSERVED TIME   NORMAL DEPARTURE LAST
                VALUE   (LST)  VALUE  FROM      YEAR
                                      NORMAL
......................................................
TEMPERATURE (F)
 YESTERDAY
  MAXIMUM         42   1106 AM  47     -5       43
  MINIMUM         36   1159 PM  25     11       28
  AVERAGE         39            36      3       36

PRECIPITATION (IN)
  YESTERDAY        T             0.13  -0.13      T
  MONTH TO DATE    1.81          3.02  -1.21     1.68
  SINCE MAR 1      1.81          3.02  -1.21     1.68
  SINCE JAN 1      5.36          8.63  -3.27     6.90

DEGREE DAYS
 HEATING
  YESTERDAY       26            29     -3       29
  MONTH TO DATE 1065           980     85      777
  SINCE MAR 1   1065           980     85      777
  SINCE JUL 1   5942          6425   -483     5433

 COOLING
  YESTERDAY        0             0      0        0
  MONTH TO DATE    0             0      0        0
  SINCE MAR 1      0             0      0        0
  SINCE JAN 1      0             0      0        0
......................................................


WIND (MPH)
  HIGHEST WIND SPEED    16   HIGHEST WIND DIRECTION    NW (330)
  HIGHEST GUST SPEED    26   HIGHEST GUST DIRECTION    NW (300)
  AVERAGE WIND SPEED     7.2


SKY COVER
  AVERAGE SKY COVER 0.9


WEATHER CONDITIONS
 THE FOLLOWING WEATHER WAS RECORDED YESTERDAY.
  FOG


RELATIVE HUMIDITY (PERCENT)
 HIGHEST    92          1200 AM
 LOWEST     40           500 PM
 AVERAGE    66

..........................................................


THE SPRINGFIELD VT CLIMATE NORMALS FOR TODAY
                         NORMAL    RECORD    YEAR
 MAXIMUM TEMPERATURE (F)   48        82      1998
 MINIMUM TEMPERATURE (F)   26        10      2008


SUNRISE AND SUNSET
MARCH 30 2017.........SUNRISE   635 AM EDT   SUNSET   715 PM EDT
MARCH 31 2017.........SUNRISE   633 AM EDT   SUNSET   716 PM EDT


-  INDICATES NEGATIVE NUMBERS.
R  INDICATES RECORD WAS SET OR TIED.
MM INDICATES DATA IS MISSING.
T  INDICATES TRACE AMOUNT.




$$
