000
CDUS41 KBTV 010535
CLIVSF


CLIMATE REPORT
NATIONAL WEATHER SERVICE BURLINGTON VT
135 AM EDT WED JUN 1 2016


...................................

...THE SPRINGFIELD VT CLIMATE SUMMARY FOR MAY 31 2016...

CLIMATE NORMAL PERIOD 1981 TO 2010
CLIMATE RECORD PERIOD 9999 TO 9999


WEATHER ITEM   OBSERVED TIME   NORMAL DEPARTURE LAST
                VALUE   (LST)  VALUE  FROM      YEAR
                                      NORMAL
......................................................
TEMPERATURE (F)
 YESTERDAY
  MAXIMUM         83    413 PM  72     11       68
  MINIMUM         55   1159 PM  47      8       47
  AVERAGE         69            59     10       58

PRECIPITATION (IN)
  YESTERDAY        0.00          0.17  -0.17     0.56
  MONTH TO DATE    2.09          3.74  -1.65     1.26
  SINCE MAR 1      5.20         10.66  -5.46     4.35
  SINCE JAN 1     10.42         16.27  -5.85     8.50

DEGREE DAYS
 HEATING
  YESTERDAY        0             7     -7        7
  MONTH TO DATE  292           317    -25      177
  SINCE MAR 1   1791          1978   -187     2036
  SINCE JUL 1   6447          7423   -976     7588

 COOLING
  YESTERDAY        4             1      3        0
  MONTH TO DATE   41            10     31       49
  SINCE MAR 1     41            12     29       49
  SINCE JAN 1     41            12     29       49
......................................................


WIND (MPH)
  HIGHEST WIND SPEED    18   HIGHEST WIND DIRECTION    NW (300)
  HIGHEST GUST SPEED    27   HIGHEST GUST DIRECTION    NW (310)
  AVERAGE WIND SPEED     5.8


SKY COVER
  AVERAGE SKY COVER  MM


WEATHER CONDITIONS
 THE FOLLOWING WEATHER WAS RECORDED YESTERDAY.
  NO SIGNIFICANT WEATHER WAS OBSERVED.


RELATIVE HUMIDITY (PERCENT)
 HIGHEST    MM
 LOWEST     MM
 AVERAGE    MM

..........................................................


THE SPRINGFIELD VT CLIMATE NORMALS FOR TODAY
                         NORMAL    RECORD    YEAR
 MAXIMUM TEMPERATURE (F)   72        91      2013
 MINIMUM TEMPERATURE (F)   47        31      2009


SUNRISE AND SUNSET
JUNE  1 2016..........SUNRISE   512 AM EDT   SUNSET   824 PM EDT
JUNE  2 2016..........SUNRISE   512 AM EDT   SUNSET   825 PM EDT


-  INDICATES NEGATIVE NUMBERS.
R  INDICATES RECORD WAS SET OR TIED.
MM INDICATES DATA IS MISSING.
T  INDICATES TRACE AMOUNT.




$$
