000
CDUS41 KBTV 020607
CLIVSF


CLIMATE REPORT
NATIONAL WEATHER SERVICE BURLINGTON VT
205 AM EDT TUE JUN 2 2015


...................................

...THE SPRINGFIELD VT CLIMATE SUMMARY FOR JUNE 1 2015...

CLIMATE NORMAL PERIOD 1981 TO 2010
CLIMATE RECORD PERIOD 9999 TO 9999


WEATHER ITEM   OBSERVED TIME   NORMAL DEPARTURE LAST
                VALUE   (LST)  VALUE  FROM      YEAR
                                      NORMAL
......................................................
TEMPERATURE (F)
 YESTERDAY
  MAXIMUM         50    334 PM  72    -22       76
  MINIMUM         46   1159 PM  47     -1       47
  AVERAGE         48            60    -12       62

PRECIPITATION (IN)
  YESTERDAY        0.76          0.15   0.61     0.00
  MONTH TO DATE    0.76          0.15   0.61     0.00
  SINCE JUN 1      0.76          0.15   0.61     0.00
  SINCE JAN 1      9.26         16.42  -7.16    13.53

DEGREE DAYS
 HEATING
  YESTERDAY       17             6     11        3
  MONTH TO DATE   17             6     11        3
  SINCE JUN 1     17             6     11        3
  SINCE JUL 1   7605          7429    176     7911

 COOLING
  YESTERDAY        0             1     -1        0
  MONTH TO DATE    0             1     -1        0
  SINCE JUN 1      0             1     -1        0
  SINCE JAN 1     49            13     36        5
......................................................


WIND (MPH)
  HIGHEST WIND SPEED    13   HIGHEST WIND DIRECTION     E (70)
  HIGHEST GUST SPEED    17   HIGHEST GUST DIRECTION     E (90)
  AVERAGE WIND SPEED     3.7


SKY COVER
  AVERAGE SKY COVER 1.0


WEATHER CONDITIONS
 THE FOLLOWING WEATHER WAS RECORDED YESTERDAY.
  HEAVY RAIN
  RAIN
  LIGHT RAIN
  FOG


RELATIVE HUMIDITY (PERCENT)
 HIGHEST   100           100 AM
 LOWEST     80           300 PM
 AVERAGE    90

..........................................................


THE SPRINGFIELD VT CLIMATE NORMALS FOR TODAY
                         NORMAL    RECORD    YEAR
 MAXIMUM TEMPERATURE (F)   72        88      2013
 MINIMUM TEMPERATURE (F)   48        37      1998


SUNRISE AND SUNSET
JUNE  2 2015..........SUNRISE   512 AM EDT   SUNSET   824 PM EDT
JUNE  3 2015..........SUNRISE   512 AM EDT   SUNSET   825 PM EDT


-  INDICATES NEGATIVE NUMBERS.
R  INDICATES RECORD WAS SET OR TIED.
MM INDICATES DATA IS MISSING.
T  INDICATES TRACE AMOUNT.




$$
