000
CDUS43 KLBF 240935
CLIVTN

CLIMATE REPORT
NATIONAL WEATHER SERVICE NORTH PLATTE
434 AM CDT THU JUL 24 2014


...................................

...THE VALENTINE NE CLIMATE SUMMARY FOR JULY 23 2014...

CLIMATE NORMAL PERIOD 1981 TO 2010
CLIMATE RECORD PERIOD 1885 TO 2014


WEATHER ITEM   OBSERVED TIME   RECORD YEAR NORMAL DEPARTURE LAST
                VALUE   (LST)  VALUE       VALUE  FROM      YEAR
                                                  NORMAL
..................................................................
TEMPERATURE (F)
 YESTERDAY
  MAXIMUM         89    251 PM 109    2012  89      0       82
                                      1964
  MINIMUM         68    532 AM  45    1990  61      7       62
  AVERAGE         79                        75      4       72

PRECIPITATION (IN)
  YESTERDAY        0.00          1.40 1896   0.11  -0.11     0.04
  MONTH TO DATE    0.58                      2.42  -1.84     1.59
  SINCE JUN 1      9.21                      5.98   3.23     4.04
  SINCE JAN 1     16.42                     13.14   3.28    13.44

SNOWFALL (IN)
  YESTERDAY        0.0           0.0    MM   0.0    0.0      0.0
  MONTH TO DATE    0.0                       0.0    0.0      0.0
  SINCE JUN 1      0.0                       0.0    0.0      0.0
  SINCE JUL 1      0.0                       0.0    0.0      0.0
  SNOW DEPTH       0

DEGREE DAYS
 HEATING
  YESTERDAY        0                         0      0        0
  MONTH TO DATE   19                         2     17        0
  SINCE JUN 1     73                        63     10       54
  SINCE JUL 1     19                         2     17        0

 COOLING
  YESTERDAY       14                        11      3        7
  MONTH TO DATE  177                       219    -42      254
  SINCE JUN 1    288                       356    -68      400
  SINCE JAN 1    349                       390    -41      439
..................................................................


WIND (MPH)
  HIGHEST WIND SPEED    22   HIGHEST WIND DIRECTION     S (170)
  HIGHEST GUST SPEED    25   HIGHEST GUST DIRECTION    SE (130)
  AVERAGE WIND SPEED    11.8


SKY COVER
  POSSIBLE SUNSHINE  MM
  AVERAGE SKY COVER 0.0


WEATHER CONDITIONS
 THE FOLLOWING WEATHER WAS RECORDED YESTERDAY.
  NO SIGNIFICANT WEATHER WAS OBSERVED.


RELATIVE HUMIDITY (PERCENT)
 HIGHEST    81           500 AM
 LOWEST     36           300 PM
 AVERAGE    59

..........................................................


THE VALENTINE NE CLIMATE NORMALS FOR TODAY
                         NORMAL    RECORD    YEAR
 MAXIMUM TEMPERATURE (F)   89       108      1940
 MINIMUM TEMPERATURE (F)   61        44      1911


SUNRISE AND SUNSET
JULY 24 2014..........SUNRISE   625 AM CDT   SUNSET   911 PM CDT
JULY 25 2014..........SUNRISE   626 AM CDT   SUNSET   911 PM CDT


-  INDICATES NEGATIVE NUMBERS.
R  INDICATES RECORD WAS SET OR TIED.
MM INDICATES DATA IS MISSING.
T  INDICATES TRACE AMOUNT.




$$
