000
CDUS43 KLBF 292220
CLIVTN

CLIMATE REPORT
NATIONAL WEATHER SERVICE NORTH PLATTE
519 PM CDT FRI MAY 29 2015


...................................

...THE VALENTINE NE CLIMATE SUMMARY FOR MAY 29 2015...
VALID TODAY AS OF 0500 PM LOCAL TIME.

CLIMATE NORMAL PERIOD 1981 TO 2010
CLIMATE RECORD PERIOD 1885 TO 2015


WEATHER ITEM   OBSERVED TIME   RECORD YEAR NORMAL DEPARTURE LAST
                VALUE   (LST)  VALUE       VALUE  FROM      YEAR
                                                  NORMAL
..................................................................
TEMPERATURE (F)
 TODAY
  MAXIMUM         64    752 AM 102    1934  75    -11       92
  MINIMUM         48    413 PM  26    1947  49     -1       62
  AVERAGE         56                        62     -6       77

PRECIPITATION (IN)
  TODAY            0.02          3.76 1949   0.11  -0.09     0.00
  MONTH TO DATE    7.10                      2.88   4.22     1.90
  SINCE MAR 1      8.75                      6.17   2.58     5.44
  SINCE JAN 1      9.37                      6.91   2.46     6.10

SNOWFALL (IN)
  TODAY            0.0           0.0    MM   0.0    0.0      0.0
  MONTH TO DATE    0.0                       0.1   -0.1      1.0
  SINCE MAR 1      0.8                      11.2  -10.4      9.3
  SINCE JUL 1     22.5                      33.3  -10.8     35.8
  SNOW DEPTH       0

DEGREE DAYS
 HEATING
  TODAY            9                         5      4        0
  MONTH TO DATE  286                       252     34      271
  SINCE MAR 1   1421                      1699   -278     1766
  SINCE JUL 1   6547                      6935   -388     7244

 COOLING
  TODAY            0                         2     -2       12
  MONTH TO DATE    4                        27    -23       44
  SINCE MAR 1      6                        31    -25       44
  SINCE JAN 1      6                        31    -25       44
..................................................................


WIND (MPH)
  HIGHEST WIND SPEED    25   HIGHEST WIND DIRECTION     N (360)
  HIGHEST GUST SPEED    31   HIGHEST GUST DIRECTION     N (360)
  AVERAGE WIND SPEED    13.0


SKY COVER
  POSSIBLE SUNSHINE  MM
  AVERAGE SKY COVER 0.8


WEATHER CONDITIONS
 THE FOLLOWING WEATHER WAS RECORDED TODAY.
  LIGHT RAIN
  FOG


RELATIVE HUMIDITY (PERCENT)
 HIGHEST   100          1000 AM
 LOWEST     73           800 AM
 AVERAGE    87

..........................................................


THE VALENTINE NE CLIMATE NORMALS FOR TOMORROW
                         NORMAL    RECORD    YEAR
 MAXIMUM TEMPERATURE (F)   75        98      1934
 MINIMUM TEMPERATURE (F)   49        32      1947


SUNRISE AND SUNSET
MAY 29 2015...........SUNRISE   608 AM CDT   SUNSET   912 PM CDT
MAY 30 2015...........SUNRISE   607 AM CDT   SUNSET   912 PM CDT


-  INDICATES NEGATIVE NUMBERS.
R  INDICATES RECORD WAS SET OR TIED.
MM INDICATES DATA IS MISSING.
T  INDICATES TRACE AMOUNT.

$$
