836
CDUS43 KLBF 230940
CLIVTN


CLIMATE REPORT
NATIONAL WEATHER SERVICE NORTH PLATTE
439 AM CDT SAT JUL 23 2016


...................................

...THE VALENTINE NE CLIMATE SUMMARY FOR JULY 22 2016...

CLIMATE NORMAL PERIOD 1981 TO 2010
CLIMATE RECORD PERIOD 1885 TO 2016


WEATHER ITEM   OBSERVED TIME   RECORD YEAR NORMAL DEPARTURE LAST
                VALUE   (LST)  VALUE       VALUE  FROM      YEAR
                                                  NORMAL
..................................................................
TEMPERATURE (F)
 YESTERDAY
  MAXIMUM         99    341 PM 109    1964  89     10       86
  MINIMUM         66    536 AM  43    1990  61      5       67
  AVERAGE         83                        75      8       77

PRECIPITATION (IN)
  YESTERDAY        0.00          0.56 1889   0.10  -0.10     0.00
  MONTH TO DATE    1.36                      2.31  -0.95     3.25
  SINCE JUN 1      5.52                      5.87  -0.35     6.67
  SINCE JAN 1     18.84                     13.03   5.81    16.06

SNOWFALL (IN)
  YESTERDAY        0.0         999.0  2015   0.0    0.0      0.0
  MONTH TO DATE    0.0                       0.0    0.0      0.0
  SINCE JUN 1      0.0                       0.0    0.0      0.0
  SINCE JUL 1      0.0                       0.0    0.0      0.0
  SNOW DEPTH       0

DEGREE DAYS
 HEATING
  YESTERDAY        0                         0      0        0
  MONTH TO DATE    5                         2      3        2
  SINCE JUN 1     16                        63    -47       10
  SINCE JUL 1      5                         2      3        2

 COOLING
  YESTERDAY       18                        10      8       12
  MONTH TO DATE  209                       208      1      173
  SINCE JUN 1    446                       345    101      313
  SINCE JAN 1    464                       379     85      319
..................................................................


WIND (MPH)
  HIGHEST WIND SPEED    25   HIGHEST WIND DIRECTION     E (110)
  HIGHEST GUST SPEED    33   HIGHEST GUST DIRECTION     E (110)
  AVERAGE WIND SPEED     7.8


SKY COVER
  POSSIBLE SUNSHINE  MM
  AVERAGE SKY COVER 0.0


WEATHER CONDITIONS
 THE FOLLOWING WEATHER WAS RECORDED YESTERDAY.
  FOG


RELATIVE HUMIDITY (PERCENT)
 HIGHEST    93           400 AM
 LOWEST     25           200 PM
 AVERAGE    59

..........................................................


THE VALENTINE NE CLIMATE NORMALS FOR TODAY
                         NORMAL    RECORD    YEAR
 MAXIMUM TEMPERATURE (F)   89       109      2012
                                             1964
 MINIMUM TEMPERATURE (F)   61        45      1990


SUNRISE AND SUNSET
JULY 23 2016..........SUNRISE   625 AM CDT   SUNSET   912 PM CDT
JULY 24 2016..........SUNRISE   626 AM CDT   SUNSET   911 PM CDT


-  INDICATES NEGATIVE NUMBERS.
R  INDICATES RECORD WAS SET OR TIED.
MM INDICATES DATA IS MISSING.
T  INDICATES TRACE AMOUNT.




$$
