000
CDUS43 KLBF 060941
CLIVTN

CLIMATE REPORT
NATIONAL WEATHER SERVICE NORTH PLATTE
440 AM CDT MON JUL 6 2015


...................................

...THE VALENTINE NE CLIMATE SUMMARY FOR JULY 5 2015...

CLIMATE NORMAL PERIOD 1981 TO 2010
CLIMATE RECORD PERIOD 1885 TO 2015


WEATHER ITEM   OBSERVED TIME   RECORD YEAR NORMAL DEPARTURE LAST
                VALUE   (LST)  VALUE       VALUE  FROM      YEAR
                                                  NORMAL
..................................................................
TEMPERATURE (F)
 YESTERDAY
  MAXIMUM         96    413 PM 108    1936  88      8       98
  MINIMUM         65   1159 PM  39    1915  59      6       64
  AVERAGE         81                        73      8       81

PRECIPITATION (IN)
  YESTERDAY        1.69R         1.60 1930   0.12   1.57     0.00
  MONTH TO DATE    1.72                      0.55   1.17     0.00
  SINCE JUN 1      5.14                      4.11   1.03     8.63
  SINCE JAN 1     14.53                     11.27   3.26    15.84

SNOWFALL (IN)
  YESTERDAY        0.0           0.0    MM   0.0    0.0      0.0
  MONTH TO DATE    0.0                       0.0    0.0      0.0
  SINCE JUN 1      0.0                       0.0    0.0      0.0
  SINCE JUL 1      0.0                       0.0    0.0      0.0
  SNOW DEPTH       0

DEGREE DAYS
 HEATING
  YESTERDAY        0                         0      0        0
  MONTH TO DATE    0                         2     -2        6
  SINCE JUN 1      8                        63    -55       60
  SINCE JUL 1      0                         2     -2        6

 COOLING
  YESTERDAY       16                         9      7       16
  MONTH TO DATE   48                        42      6       35
  SINCE JUN 1    188                       179      9      146
  SINCE JAN 1    194                       213    -19      207
..................................................................


WIND (MPH)
  HIGHEST WIND SPEED    38   HIGHEST WIND DIRECTION     N (10)
  HIGHEST GUST SPEED    54   HIGHEST GUST DIRECTION     N (10)
  AVERAGE WIND SPEED    14.6


SKY COVER
  POSSIBLE SUNSHINE  MM
  AVERAGE SKY COVER 0.1


WEATHER CONDITIONS
 THE FOLLOWING WEATHER WAS RECORDED YESTERDAY.
  THUNDERSTORM
  HEAVY RAIN
  RAIN
  LIGHT RAIN
  FOG


RELATIVE HUMIDITY (PERCENT)
 HIGHEST    93          1000 PM
 LOWEST     37           300 AM
 AVERAGE    65

..........................................................


THE VALENTINE NE CLIMATE NORMALS FOR TODAY
                         NORMAL    RECORD    YEAR
 MAXIMUM TEMPERATURE (F)   88       106      1973
                                             1889
 MINIMUM TEMPERATURE (F)   59        46      1999


SUNRISE AND SUNSET
JULY  6 2015..........SUNRISE   610 AM CDT   SUNSET   923 PM CDT
JULY  7 2015..........SUNRISE   611 AM CDT   SUNSET   923 PM CDT


-  INDICATES NEGATIVE NUMBERS.
R  INDICATES RECORD WAS SET OR TIED.
MM INDICATES DATA IS MISSING.
T  INDICATES TRACE AMOUNT.

$$
