000
CDUS43 KLBF 252235
CLIVTN


CLIMATE REPORT
NATIONAL WEATHER SERVICE NORTH PLATTE
533 PM CDT MON SEP 25 2017


...................................

...THE VALENTINE NE CLIMATE SUMMARY FOR SEPTEMBER 25 2017...
VALID TODAY AS OF 0500 PM LOCAL TIME.

CLIMATE NORMAL PERIOD 1981 TO 2010
CLIMATE RECORD PERIOD 1885 TO 2017


WEATHER ITEM   OBSERVED TIME   RECORD YEAR NORMAL DEPARTURE LAST
                VALUE   (LST)  VALUE       VALUE  FROM      YEAR
                                                  NORMAL
..................................................................
TEMPERATURE (F)
 TODAY
  MAXIMUM         53    340 PM  94    1967  73    -20       67
  MINIMUM         47    724 AM  12    1926  43      4       37
  AVERAGE         50                        58     -8       52

PRECIPITATION (IN)
  TODAY            0.10          1.48 1976   0.05   0.05     0.00
  MONTH TO DATE    2.54                      1.36   1.18     1.52
  SINCE SEP 1      2.54                      1.36   1.18     1.52
  SINCE JAN 1     15.72                     17.47  -1.75    23.45

SNOWFALL (IN)
  TODAY            0.0           0.5  1939   0.1   -0.1      0.0
  MONTH TO DATE    0.0                       0.5   -0.5      0.0
  SINCE SEP 1      0.0                       0.5   -0.5      0.0
  SINCE JUL 1      0.0                       0.5   -0.5      0.0
  SNOW DEPTH       0

DEGREE DAYS
 HEATING
  TODAY           15                         8      7       13
  MONTH TO DATE   88                       113    -25       69
  SINCE SEP 1     88                       113    -25       69
  SINCE JUL 1     95                       138    -43       97

 COOLING
  TODAY            0                         1     -1        0
  MONTH TO DATE  124                        77     47       67
  SINCE SEP 1    124                        77     47       67
  SINCE JAN 1   1058                       813    245      864
..................................................................


WIND (MPH)
  HIGHEST WIND SPEED    17   HIGHEST WIND DIRECTION    NE (30)
  HIGHEST GUST SPEED    20   HIGHEST GUST DIRECTION     N (20)
  AVERAGE WIND SPEED    11.1


SKY COVER
  POSSIBLE SUNSHINE  MM
  AVERAGE SKY COVER 0.9


WEATHER CONDITIONS
 THE FOLLOWING WEATHER WAS RECORDED TODAY.
  LIGHT RAIN
  FOG


RELATIVE HUMIDITY (PERCENT)
 HIGHEST    93           200 AM
 LOWEST     71           200 PM
 AVERAGE    82

..........................................................


THE VALENTINE NE CLIMATE NORMALS FOR TOMORROW
                         NORMAL    RECORD    YEAR
 MAXIMUM TEMPERATURE (F)   72        95      1956
 MINIMUM TEMPERATURE (F)   42        23      1934


SUNRISE AND SUNSET
SEPTEMBER 25 2017.....SUNRISE   733 AM CDT   SUNSET   734 PM CDT
SEPTEMBER 26 2017.....SUNRISE   734 AM CDT   SUNSET   732 PM CDT


-  INDICATES NEGATIVE NUMBERS.
R  INDICATES RECORD WAS SET OR TIED.
MM INDICATES DATA IS MISSING.
T  INDICATES TRACE AMOUNT.




$$
