000
CDUS43 KLBF 300935
CLIVTN

CLIMATE REPORT
NATIONAL WEATHER SERVICE NORTH PLATTE
434 AM CDT MON MAR 30 2015


...................................

...THE VALENTINE NE CLIMATE SUMMARY FOR MARCH 29 2015...

CLIMATE NORMAL PERIOD 1981 TO 2010
CLIMATE RECORD PERIOD 1885 TO 2015


WEATHER ITEM   OBSERVED TIME   RECORD YEAR NORMAL DEPARTURE LAST
                VALUE   (LST)  VALUE       VALUE  FROM      YEAR
                                                  NORMAL
..................................................................
TEMPERATURE (F)
 YESTERDAY
  MAXIMUM         62    444 PM  87    1943  54      8       71
  MINIMUM         38   1150 PM   5    1969  27     11       14
  AVERAGE         50                        40     10       43

PRECIPITATION (IN)
  YESTERDAY        0.00          0.92 2007   0.04  -0.04     0.00
  MONTH TO DATE    0.03                      0.97  -0.94     0.49
  SINCE MAR 1      0.03                      0.97  -0.94     0.49
  SINCE JAN 1      0.65                      1.71  -1.06     1.15

SNOWFALL (IN)
  YESTERDAY        0.0           5.5  1934   0.2   -0.2      0.0
  MONTH TO DATE    0.5                       6.1   -5.6      5.0
  SINCE MAR 1      0.5                       6.1   -5.6      5.0
  SINCE JUL 1     22.2                      28.2   -6.0     31.5
  SNOW DEPTH       0

DEGREE DAYS
 HEATING
  YESTERDAY       15                        25    -10       22
  MONTH TO DATE  664                       844   -180      927
  SINCE MAR 1    664                       844   -180      927
  SINCE JUL 1   5790                      6080   -290     6405

 COOLING
  YESTERDAY        0                         0      0        0
  MONTH TO DATE    2                         0      2        0
  SINCE MAR 1      2                         0      2        0
  SINCE JAN 1      2                         0      2        0
..................................................................


WIND (MPH)
  HIGHEST WIND SPEED    40   HIGHEST WIND DIRECTION    NW (320)
  HIGHEST GUST SPEED    51   HIGHEST GUST DIRECTION    NW (320)
  AVERAGE WIND SPEED    16.1


SKY COVER
  POSSIBLE SUNSHINE  MM
  AVERAGE SKY COVER 0.1


WEATHER CONDITIONS
 THE FOLLOWING WEATHER WAS RECORDED YESTERDAY.
  HAZE


RELATIVE HUMIDITY (PERCENT)
 HIGHEST    70           500 AM
 LOWEST     17           400 PM
 AVERAGE    44

..........................................................


THE VALENTINE NE CLIMATE NORMALS FOR TODAY
                         NORMAL    RECORD    YEAR
 MAXIMUM TEMPERATURE (F)   54        85      1978
 MINIMUM TEMPERATURE (F)   27         0      1975


SUNRISE AND SUNSET
MARCH 30 2015.........SUNRISE   728 AM CDT   SUNSET   806 PM CDT
MARCH 31 2015.........SUNRISE   726 AM CDT   SUNSET   807 PM CDT


-  INDICATES NEGATIVE NUMBERS.
R  INDICATES RECORD WAS SET OR TIED.
MM INDICATES DATA IS MISSING.
T  INDICATES TRACE AMOUNT.




$$
