000
CDUS43 KLBF 171032
CLIVTN


CLIMATE REPORT
NATIONAL WEATHER SERVICE NORTH PLATTE
431 AM CST TUE JAN 17 2017


...................................

...THE VALENTINE NE CLIMATE SUMMARY FOR JANUARY 16 2017...

CLIMATE NORMAL PERIOD 1981 TO 2010
CLIMATE RECORD PERIOD 1885 TO 2017


WEATHER ITEM   OBSERVED TIME   RECORD YEAR NORMAL DEPARTURE LAST
                VALUE   (LST)  VALUE       VALUE  FROM      YEAR
                                                  NORMAL
..................................................................
TEMPERATURE (F)
 YESTERDAY
  MAXIMUM         37    142 PM  70    1974  37      0       24
  MINIMUM         18   1037 PM -22    1890  11      7       -2
  AVERAGE         28                        24      4       11

PRECIPITATION (IN)
  YESTERDAY        0.00          0.28 1897   0.00   0.00     0.03
  MONTH TO DATE    0.12                      0.13  -0.01     0.08
  SINCE DEC 1      1.06                      0.50   0.56     1.12
  SINCE JAN 1      0.12                      0.13  -0.01     0.08

SNOWFALL (IN)
  YESTERDAY        0.0           2.8  1897   0.1   -0.1      0.6
  MONTH TO DATE    1.2                       2.1   -0.9      1.6
  SINCE DEC 1      6.6                       7.2   -0.6     14.7
  SINCE JUL 1     12.9                      14.8   -1.9     24.8
  SNOW DEPTH       T

DEGREE DAYS
 HEATING
  YESTERDAY       37                        41     -4       54
  MONTH TO DATE  799                       669    130      699
  SINCE DEC 1   2214                      1946    268     1931
  SINCE JUL 1   3320                      3564   -244     3224

 COOLING
  YESTERDAY        0                         0      0        0
  MONTH TO DATE    0                         0      0        0
  SINCE DEC 1      0                         0      0        0
  SINCE JAN 1      0                         0      0        0
..................................................................


WIND (MPH)
  HIGHEST WIND SPEED    21   HIGHEST WIND DIRECTION    NW (320)
  HIGHEST GUST SPEED    25   HIGHEST GUST DIRECTION    NW (330)
  AVERAGE WIND SPEED     8.3


SKY COVER
  POSSIBLE SUNSHINE  MM
  AVERAGE SKY COVER 0.6


WEATHER CONDITIONS
 THE FOLLOWING WEATHER WAS RECORDED YESTERDAY.
  NO SIGNIFICANT WEATHER WAS OBSERVED.


RELATIVE HUMIDITY (PERCENT)
 HIGHEST    84           200 AM
 LOWEST     38           200 PM
 AVERAGE    61

..........................................................


THE VALENTINE NE CLIMATE NORMALS FOR TODAY
                         NORMAL    RECORD    YEAR
 MAXIMUM TEMPERATURE (F)   37        63      1923
 MINIMUM TEMPERATURE (F)   11       -30      1930


SUNRISE AND SUNSET
JANUARY 17 2017.......SUNRISE   809 AM CST   SUNSET   536 PM CST
JANUARY 18 2017.......SUNRISE   808 AM CST   SUNSET   537 PM CST


-  INDICATES NEGATIVE NUMBERS.
R  INDICATES RECORD WAS SET OR TIED.
MM INDICATES DATA IS MISSING.
T  INDICATES TRACE AMOUNT.




$$
