000
CDUS43 KLBF 251001
CLIVTN


CLIMATE REPORT
NATIONAL WEATHER SERVICE NORTH PLATTE
459 AM CDT WED MAY 25 2016


...................................

...THE VALENTINE NE CLIMATE SUMMARY FOR MAY 24 2016...

CLIMATE NORMAL PERIOD 1981 TO 2010
CLIMATE RECORD PERIOD 1885 TO 2016


WEATHER ITEM   OBSERVED TIME   RECORD YEAR NORMAL DEPARTURE LAST
                VALUE   (LST)  VALUE       VALUE  FROM      YEAR
                                                  NORMAL
..................................................................
TEMPERATURE (F)
 YESTERDAY
  MAXIMUM         82    429 PM  96    1967  73      9       68
                                      1926
  MINIMUM         43    502 AM  25    2002  47     -4       54
  AVERAGE         63                        60      3       61

PRECIPITATION (IN)
  YESTERDAY        0.48          1.56 1916   0.11   0.37     0.18
  MONTH TO DATE    5.81                      2.35   3.46     5.62
  SINCE MAR 1     11.36                      5.64   5.72     7.27
  SINCE JAN 1     12.04                      6.38   5.66     7.89

SNOWFALL (IN)
  YESTERDAY        0.0           0.0    MM   0.0    0.0      0.0
  MONTH TO DATE    0.0                       0.1   -0.1      0.0
  SINCE MAR 1      7.0                      11.2   -4.2      0.8
  SINCE JUL 1     38.2                      33.3    4.9     22.5
  SNOW DEPTH       0

DEGREE DAYS
 HEATING
  YESTERDAY        2                         6     -4        4
  MONTH TO DATE  239                       225     14      265
  SINCE MAR 1   1451                      1672   -221     1400
  SINCE JUL 1   6137                      6908   -771     6526

 COOLING
  YESTERDAY        0                         1     -1        0
  MONTH TO DATE   11                        21    -10        3
  SINCE MAR 1     14                        25    -11        5
  SINCE JAN 1     14                        25    -11        5
..................................................................


WIND (MPH)
  HIGHEST WIND SPEED    43   HIGHEST WIND DIRECTION     W (290)
  HIGHEST GUST SPEED    53   HIGHEST GUST DIRECTION     W (280)
  AVERAGE WIND SPEED     8.9


SKY COVER
  POSSIBLE SUNSHINE  MM
  AVERAGE SKY COVER 0.1


WEATHER CONDITIONS
 THE FOLLOWING WEATHER WAS RECORDED YESTERDAY.
  THUNDERSTORM
  HEAVY RAIN
  RAIN
  LIGHT RAIN
  FOG


RELATIVE HUMIDITY (PERCENT)
 HIGHEST    89           500 AM
 LOWEST     23           100 PM
 AVERAGE    56

..........................................................


THE VALENTINE NE CLIMATE NORMALS FOR TODAY
                         NORMAL    RECORD    YEAR
 MAXIMUM TEMPERATURE (F)   74        97      1985
 MINIMUM TEMPERATURE (F)   47        32      1910


SUNRISE AND SUNSET
MAY 25 2016...........SUNRISE   610 AM CDT   SUNSET   909 PM CDT
MAY 26 2016...........SUNRISE   609 AM CDT   SUNSET   910 PM CDT


-  INDICATES NEGATIVE NUMBERS.
R  INDICATES RECORD WAS SET OR TIED.
MM INDICATES DATA IS MISSING.
T  INDICATES TRACE AMOUNT.




$$
