494
CDUS43 KLBF 240948
CLIVTN


CLIMATE REPORT
NATIONAL WEATHER SERVICE NORTH PLATTE
345 AM CST FRI FEB 24 2017


...................................

...THE VALENTINE NE CLIMATE SUMMARY FOR FEBRUARY 23 2017...

CLIMATE NORMAL PERIOD 1981 TO 2010
CLIMATE RECORD PERIOD 1885 TO 2017


WEATHER ITEM   OBSERVED TIME   RECORD YEAR NORMAL DEPARTURE LAST
                VALUE   (LST)  VALUE       VALUE  FROM      YEAR
                                                  NORMAL
..................................................................
TEMPERATURE (F)
 YESTERDAY
  MAXIMUM         34   1247 AM  69    2002  42     -8       46
  MINIMUM         23   1159 PM -20    1993  16      7       23
  AVERAGE         29                        29      0       35

PRECIPITATION (IN)
  YESTERDAY        1.41R         0.54 1977   0.02   1.39     0.00
  MONTH TO DATE    1.93                      0.36   1.57     0.16
  SINCE DEC 1      3.78                      0.99   2.79     1.72
  SINCE JAN 1      2.84                      0.62   2.22     0.68

SNOWFALL (IN)
  YESTERDAY       MM             8.3  1977   0.3   MM        0.0
  MONTH TO DATE    6.4                       4.5    1.9      1.0
  SINCE DEC 1     23.3                      13.4    9.9     21.1
  SINCE JUL 1     29.6                      21.0    8.6     31.2
  SNOW DEPTH       0

DEGREE DAYS
 HEATING
  YESTERDAY       36                        36      0       30
  MONTH TO DATE  704                       883   -179      695
  SINCE DEC 1   3422                      3443    -21     3232
  SINCE JUL 1   4528                      5061   -533     4525

 COOLING
  YESTERDAY        0                         0      0        0
  MONTH TO DATE    0                         0      0        0
  SINCE DEC 1      0                         0      0        0
  SINCE JAN 1      0                         0      0        0
..................................................................


WIND (MPH)
  HIGHEST WIND SPEED    28   HIGHEST WIND DIRECTION    NE (40)
  HIGHEST GUST SPEED    36   HIGHEST GUST DIRECTION     N (10)
  AVERAGE WIND SPEED    18.1


SKY COVER
  POSSIBLE SUNSHINE  MM
  AVERAGE SKY COVER 1.0


WEATHER CONDITIONS
 THE FOLLOWING WEATHER WAS RECORDED YESTERDAY.
  HEAVY SNOW
  SNOW
  LIGHT SNOW
  FOG
  FOG W/VISIBILITY <= 1/4 MILE


RELATIVE HUMIDITY (PERCENT)
 HIGHEST    92           300 AM
 LOWEST     81           800 AM
 AVERAGE    87

..........................................................


THE VALENTINE NE CLIMATE NORMALS FOR TODAY
                         NORMAL    RECORD    YEAR
 MAXIMUM TEMPERATURE (F)   43        74      1995
 MINIMUM TEMPERATURE (F)   17       -17      2003


SUNRISE AND SUNSET
FEBRUARY 24 2017......SUNRISE   726 AM CST   SUNSET   626 PM CST
FEBRUARY 25 2017......SUNRISE   724 AM CST   SUNSET   627 PM CST


-  INDICATES NEGATIVE NUMBERS.
R  INDICATES RECORD WAS SET OR TIED.
MM INDICATES DATA IS MISSING.
T  INDICATES TRACE AMOUNT.




$$
