000
CDUS43 KLBF 022211
CLIVTN


CLIMATE REPORT
NATIONAL WEATHER SERVICE NORTH PLATTE
409 PM CST FRI DEC 2 2016


...................................

...THE VALENTINE NE CLIMATE SUMMARY FOR DECEMBER 2 2016...
VALID TODAY AS OF 0400 PM LOCAL TIME.

CLIMATE NORMAL PERIOD 1981 TO 2010
CLIMATE RECORD PERIOD 1885 TO 2016


WEATHER ITEM   OBSERVED TIME   RECORD YEAR NORMAL DEPARTURE LAST
                VALUE   (LST)  VALUE       VALUE  FROM      YEAR
                                                  NORMAL
..................................................................
TEMPERATURE (F)
 TODAY
  MAXIMUM         43    233 PM  74    1998  39      4       37
  MINIMUM         16    211 AM -21    1985  14      2       17
  AVERAGE         30                        26      4       27

PRECIPITATION (IN)
  TODAY            0.00          0.45 1897   0.02  -0.02     0.00
  MONTH TO DATE    0.00                      0.03  -0.03     0.10
  SINCE DEC 1      0.00                      0.03  -0.03     0.10
  SINCE JAN 1     25.64                     19.68   5.96    26.13

SNOWFALL (IN)
  TODAY            0.0           6.9  1978   0.2   -0.2      0.0
  MONTH TO DATE    0.0                       0.3   -0.3      2.3
  SINCE DEC 1      0.0                       0.3   -0.3      2.3
  SINCE JUL 1      6.3                       7.9   -1.6     12.4
  SNOW DEPTH       0

DEGREE DAYS
 HEATING
  TODAY           35                        38     -3       38
  MONTH TO DATE   71                        76     -5       77
  SINCE DEC 1     71                        76     -5       77
  SINCE JUL 1   1177                      1694   -517     1370

 COOLING
  TODAY            0                         0      0        0
  MONTH TO DATE    0                         0      0        0
  SINCE DEC 1      0                         0      0        0
  SINCE JAN 1    880                       821     59      800
..................................................................


WIND (MPH)
  HIGHEST WIND SPEED    12   HIGHEST WIND DIRECTION    NW (320)
  HIGHEST GUST SPEED    13   HIGHEST GUST DIRECTION    NW (320)
  AVERAGE WIND SPEED     4.3


SKY COVER
  POSSIBLE SUNSHINE  MM
  AVERAGE SKY COVER 0.6


WEATHER CONDITIONS
 THE FOLLOWING WEATHER WAS RECORDED TODAY.
  NO SIGNIFICANT WEATHER WAS OBSERVED.


RELATIVE HUMIDITY (PERCENT)
 HIGHEST    92          1200 AM
 LOWEST     48           100 PM
 AVERAGE    70

..........................................................


THE VALENTINE NE CLIMATE NORMALS FOR TOMORROW
                         NORMAL    RECORD    YEAR
 MAXIMUM TEMPERATURE (F)   39        70      1948
 MINIMUM TEMPERATURE (F)   14       -11      1964


SUNRISE AND SUNSET
DECEMBER  2 2016......SUNRISE   755 AM CST   SUNSET   509 PM CST
DECEMBER  3 2016......SUNRISE   756 AM CST   SUNSET   508 PM CST


-  INDICATES NEGATIVE NUMBERS.
R  INDICATES RECORD WAS SET OR TIED.
MM INDICATES DATA IS MISSING.
T  INDICATES TRACE AMOUNT.

$$
