000
CDUS43 KLBF 300820
CLIVTN


CLIMATE REPORT
NATIONAL WEATHER SERVICE NORTH PLATTE
319 AM CDT SUN APR 30 2017


...................................

...THE VALENTINE NE CLIMATE SUMMARY FOR APRIL 29 2017...

CLIMATE NORMAL PERIOD 1981 TO 2010
CLIMATE RECORD PERIOD 1885 TO 2017


WEATHER ITEM   OBSERVED TIME   RECORD YEAR NORMAL DEPARTURE LAST
                VALUE   (LST)  VALUE       VALUE  FROM      YEAR
                                                  NORMAL
..................................................................
TEMPERATURE (F)
 YESTERDAY
  MAXIMUM         57    254 PM  87    1934  66     -9       44
                                      1926
  MINIMUM         38    512 AM  15    1994  38      0       39
  AVERAGE         48                        52     -4       42

PRECIPITATION (IN)
  YESTERDAY        0.00          1.27 1953   0.10  -0.10      T
  MONTH TO DATE    1.36                      2.13  -0.77     3.16
  SINCE MAR 1      2.12                      3.20  -1.08     4.09
  SINCE JAN 1      4.19                      3.94   0.25     4.77

SNOWFALL (IN)
  YESTERDAY        0.0           1.8  1950   0.1   -0.1      0.0
  MONTH TO DATE    0.7                       4.5   -3.8      1.5
  SINCE MAR 1      2.7                      11.0   -8.3      7.0
  SINCE JUL 1     44.5                      33.1   11.4     38.2
  SNOW DEPTH       0

DEGREE DAYS
 HEATING
  YESTERDAY       17                        14      3       23
  MONTH TO DATE  439                       542   -103      475
  SINCE MAR 1   1200                      1435   -235     1187
  SINCE JUL 1   5959                      6671   -712     5873

 COOLING
  YESTERDAY        0                         0      0        0
  MONTH TO DATE    2                         0      2        3
  SINCE MAR 1      2                         0      2        3
  SINCE JAN 1      2                         0      2        3
..................................................................


WIND (MPH)
  HIGHEST WIND SPEED    26   HIGHEST WIND DIRECTION    NE (40)
  HIGHEST GUST SPEED    36   HIGHEST GUST DIRECTION    NE (50)
  AVERAGE WIND SPEED    12.1


SKY COVER
  POSSIBLE SUNSHINE  MM
  AVERAGE SKY COVER 0.7


WEATHER CONDITIONS
 THE FOLLOWING WEATHER WAS RECORDED YESTERDAY.
  NO SIGNIFICANT WEATHER WAS OBSERVED.


RELATIVE HUMIDITY (PERCENT)
 HIGHEST    48           400 AM
 LOWEST     18           200 PM
 AVERAGE    33

..........................................................


THE VALENTINE NE CLIMATE NORMALS FOR TODAY
                         NORMAL    RECORD    YEAR
 MAXIMUM TEMPERATURE (F)   66       100      1992
 MINIMUM TEMPERATURE (F)   38        19      1907
                                             1903


SUNRISE AND SUNSET
APRIL 30 2017.........SUNRISE   637 AM CDT   SUNSET   842 PM CDT
MAY  1 2017...........SUNRISE   636 AM CDT   SUNSET   843 PM CDT


-  INDICATES NEGATIVE NUMBERS.
R  INDICATES RECORD WAS SET OR TIED.
MM INDICATES DATA IS MISSING.
T  INDICATES TRACE AMOUNT.




$$
