000
CDUS46 KPQR 251142
CLIVUO


CLIMATE REPORT
NATIONAL WEATHER SERVICE PORTLAND OREGON
341 AM PST SUN JAN 25 2015


...................................

...THE VANCOUVER WA CLIMATE SUMMARY FOR JANUARY 24 2015...

CLIMATE NORMAL PERIOD 1981 TO 2010
CLIMATE RECORD PERIOD 1891 TO 2015


WEATHER ITEM   OBSERVED TIME   RECORD YEAR NORMAL DEPARTURE LAST
                VALUE   (LST)  VALUE       VALUE  FROM      YEAR
                                                  NORMAL
..................................................................
TEMPERATURE (F)
 YESTERDAY
  MAXIMUM         59    348 PM  63    1953  49     10       47
  MINIMUM         42    910 PM  10    1949  36      6       28
  AVERAGE         51                        42      9       38

PRECIPITATION (IN)
  YESTERDAY        0.01                      0.17  -0.16     0.00
  MONTH TO DATE    3.31                      4.40  -1.09     1.87
  SINCE OCT 1     18.20                     20.15  -1.95     7.34
  SINCE JAN 1      3.31                      4.40  -1.09     1.87

DEGREE DAYS
 HEATING
  YESTERDAY       14                                        27
  MONTH TO DATE  560                                       580
  SINCE JUL 1   2033                                      2578

 COOLING
  YESTERDAY        0                                         0
  MONTH TO DATE    0                                         0
  SINCE JAN 1      0                                         0
..................................................................


WIND (MPH)
  HIGHEST WIND SPEED     9   HIGHEST WIND DIRECTION     W (260)
  HIGHEST GUST SPEED    10   HIGHEST GUST DIRECTION     W (260)
  AVERAGE WIND SPEED     1.7


SKY COVER
  POSSIBLE SUNSHINE  MM
  AVERAGE SKY COVER 0.7


WEATHER CONDITIONS
 THE FOLLOWING WEATHER WAS RECORDED YESTERDAY.
  LIGHT RAIN
  FOG
  FOG W/VISIBILITY <= 1/4 MILE


RELATIVE HUMIDITY (PERCENT)
 HIGHEST   100           600 PM
 LOWEST     80          1200 PM
 AVERAGE    90

..........................................................




SUNRISE AND SUNSET
JANUARY 25 2015.......SUNRISE   740 AM PST   SUNSET   507 PM PST
JANUARY 26 2015.......SUNRISE   739 AM PST   SUNSET   508 PM PST


-  INDICATES NEGATIVE NUMBERS.
R  INDICATES RECORD WAS SET OR TIED.
MM INDICATES DATA IS MISSING.
T  INDICATES TRACE AMOUNT.




$$
