000
CDUS46 KPQR 311150
CLIVUO


CLIMATE REPORT
NATIONAL WEATHER SERVICE PORTLAND OREGON
449 AM PDT TUE MAY 31 2016


...................................

...THE VANCOUVER WA CLIMATE SUMMARY FOR MAY 30 2016...

CLIMATE NORMAL PERIOD 1981 TO 2010
CLIMATE RECORD PERIOD 1891 TO 2016


WEATHER ITEM   OBSERVED TIME   RECORD YEAR NORMAL DEPARTURE LAST
                VALUE   (LST)  VALUE       VALUE  FROM      YEAR
                                                  NORMAL
..................................................................
TEMPERATURE (F)
 YESTERDAY
  MAXIMUM         77    428 PM  93    1931  71      6       77
  MINIMUM         48    524 AM  36    1978  51     -3       52
  AVERAGE         63                        61      2       65

PRECIPITATION (IN)
  YESTERDAY        0.00                      0.06  -0.06     0.00
  MONTH TO DATE    1.63                      2.41  -0.78     0.68
  SINCE OCT 1     43.35                     34.27   9.08    29.56
  SINCE JAN 1     19.50                     18.52   0.98    14.67

DEGREE DAYS
 HEATING
  YESTERDAY        2                                         0
  MONTH TO DATE  145                                       157
  SINCE JUL 1   3736                                      3647

 COOLING
  YESTERDAY        0                                         0
  MONTH TO DATE   15                                        11
  SINCE JAN 1     21                                        11
..................................................................


WIND (MPH)
  HIGHEST WIND SPEED    14   HIGHEST WIND DIRECTION     W (290)
  HIGHEST GUST SPEED    19   HIGHEST GUST DIRECTION     W (290)
  AVERAGE WIND SPEED     5.5


SKY COVER
  POSSIBLE SUNSHINE  MM
  AVERAGE SKY COVER 0.0


WEATHER CONDITIONS
 THE FOLLOWING WEATHER WAS RECORDED YESTERDAY.
  NO SIGNIFICANT WEATHER WAS OBSERVED.


RELATIVE HUMIDITY (PERCENT)
 HIGHEST    80           300 AM
 LOWEST     27           500 PM
 AVERAGE    54

..........................................................




SUNRISE AND SUNSET
MAY 31 2016...........SUNRISE   525 AM PDT   SUNSET   852 PM PDT
JUNE  1 2016..........SUNRISE   525 AM PDT   SUNSET   853 PM PDT


-  INDICATES NEGATIVE NUMBERS.
R  INDICATES RECORD WAS SET OR TIED.
MM INDICATES DATA IS MISSING.
T  INDICATES TRACE AMOUNT.




$$
