000
CDUS46 KPQR 261142
CLIVUO


CLIMATE REPORT
NATIONAL WEATHER SERVICE PORTLAND OREGON
442 AM PDT TUE JUL 26 2016


...................................

...THE VANCOUVER WA CLIMATE SUMMARY FOR JULY 25 2016...

CLIMATE NORMAL PERIOD 1981 TO 2010
CLIMATE RECORD PERIOD 1891 TO 2016


WEATHER ITEM   OBSERVED TIME   RECORD YEAR NORMAL DEPARTURE LAST
                VALUE   (LST)  VALUE       VALUE  FROM      YEAR
                                                  NORMAL
..................................................................
TEMPERATURE (F)
 YESTERDAY
  MAXIMUM         87    416 PM  99    1904  82      5       70
  MINIMUM         61    540 AM  43    1966  58      3       57
  AVERAGE         74                        70      4       64

PRECIPITATION (IN)
  YESTERDAY        0.00                      0.01  -0.01     0.16
  MONTH TO DATE    0.43                      0.61  -0.18     0.20
  SINCE OCT 1     45.23                     36.73   8.50    30.15
  SINCE JAN 1     21.38                     20.98   0.40    15.26

DEGREE DAYS
 HEATING
  YESTERDAY        0                                         1
  MONTH TO DATE   11                                         2
  SINCE JUL 1     11                                         2

 COOLING
  YESTERDAY        9                                         0
  MONTH TO DATE   60                                       201
  SINCE JAN 1    165                                       379
..................................................................


WIND (MPH)
  HIGHEST WIND SPEED    15   HIGHEST WIND DIRECTION    NW (310)
  HIGHEST GUST SPEED    21   HIGHEST GUST DIRECTION    NW (300)
  AVERAGE WIND SPEED     5.8


SKY COVER
  POSSIBLE SUNSHINE  MM
  AVERAGE SKY COVER 0.2


WEATHER CONDITIONS
 THE FOLLOWING WEATHER WAS RECORDED YESTERDAY.
  NO SIGNIFICANT WEATHER WAS OBSERVED.


RELATIVE HUMIDITY (PERCENT)
 HIGHEST    84           100 AM
 LOWEST     42           400 PM
 AVERAGE    63

..........................................................




SUNRISE AND SUNSET
JULY 26 2016..........SUNRISE   548 AM PDT   SUNSET   846 PM PDT
JULY 27 2016..........SUNRISE   549 AM PDT   SUNSET   844 PM PDT


-  INDICATES NEGATIVE NUMBERS.
R  INDICATES RECORD WAS SET OR TIED.
MM INDICATES DATA IS MISSING.
T  INDICATES TRACE AMOUNT.




$$
