000
CDUS46 KPQR 231142
CLIVUO


CLIMATE REPORT
NATIONAL WEATHER SERVICE PORTLAND OREGON
441 AM PDT WED APR 23 2014


...................................

...THE VANCOUVER WA CLIMATE SUMMARY FOR APRIL 22 2014...

CLIMATE NORMAL PERIOD 1981 TO 2010
CLIMATE RECORD PERIOD 1891 TO 2014


WEATHER ITEM   OBSERVED TIME   RECORD YEAR NORMAL DEPARTURE LAST
                VALUE   (LST)  VALUE       VALUE  FROM      YEAR
                                                  NORMAL
..................................................................
TEMPERATURE (F)
 YESTERDAY
  MAXIMUM         53    156 PM  84    1910  63    -10       66
  MINIMUM         43    602 AM  30    1917  43      0       35
  AVERAGE         48                        53     -5       51

PRECIPITATION (IN)
  YESTERDAY        0.35                      0.10   0.25     0.00
  MONTH TO DATE    1.97                      2.28  -0.31     2.11
  SINCE OCT 1     20.85                     31.13 -10.28    27.51
  SINCE JAN 1     15.38                     15.38   0.00     8.25

DEGREE DAYS
 HEATING
  YESTERDAY       17                                        14
  MONTH TO DATE  270                                       315
  SINCE JUL 1   4252                                      3878

 COOLING
  YESTERDAY        0                                         0
  MONTH TO DATE    0                                         0
  SINCE JAN 1      0                                         0
..................................................................


WIND (MPH)
  HIGHEST WIND SPEED    17   HIGHEST WIND DIRECTION     W (260)
  HIGHEST GUST SPEED    24   HIGHEST GUST DIRECTION     W (280)
  AVERAGE WIND SPEED     4.8


SKY COVER
  POSSIBLE SUNSHINE  MM
  AVERAGE SKY COVER 0.8


WEATHER CONDITIONS
 THE FOLLOWING WEATHER WAS RECORDED YESTERDAY.
  RAIN
  LIGHT RAIN
  HAZE


RELATIVE HUMIDITY (PERCENT)
 HIGHEST    93           300 AM
 LOWEST     59           900 AM
 AVERAGE    76

..........................................................




SUNRISE AND SUNSET
APRIL 23 2014.........SUNRISE   611 AM PDT   SUNSET   808 PM PDT
APRIL 24 2014.........SUNRISE   609 AM PDT   SUNSET   809 PM PDT


-  INDICATES NEGATIVE NUMBERS.
R  INDICATES RECORD WAS SET OR TIED.
MM INDICATES DATA IS MISSING.
T  INDICATES TRACE AMOUNT.




$$
