000
CDUS46 KPQR 240022
CLIVUO


CLIMATE REPORT
NATIONAL WEATHER SERVICE PORTLAND OREGON
422 PM PST MON JAN 23 2017


...................................

...THE VANCOUVER WA CLIMATE SUMMARY FOR JANUARY 23 2017...
VALID TODAY AS OF 0400 PM LOCAL TIME.

CLIMATE NORMAL PERIOD 1981 TO 2010
CLIMATE RECORD PERIOD 1891 TO 2017


WEATHER ITEM   OBSERVED TIME   RECORD YEAR NORMAL DEPARTURE LAST
                VALUE   (LST)  VALUE       VALUE  FROM      YEAR
                                                  NORMAL
..................................................................
TEMPERATURE (F)
 TODAY
  MAXIMUM         50    359 PM  61    1953  49      1       51
  MINIMUM         30    756 AM  11    1949  36     -6       43
  AVERAGE         40                        42     -2       47

PRECIPITATION (IN)
  TODAY            T                         0.16  -0.16     0.26
  MONTH TO DATE    4.29                      4.23   0.06     5.92
  SINCE OCT 1     24.15                     19.98   4.17    29.77
  SINCE JAN 1      4.29                      4.23   0.06     5.92

DEGREE DAYS
 HEATING
  TODAY           25                                        18
  MONTH TO DATE  766                                       571
  SINCE DEC 1   1633                                      1248
  SINCE JUL 1   2421                                      2180

 COOLING
  TODAY            0                                         0
  MONTH TO DATE    0                                         0
  SINCE DEC 1      0                                         0
  SINCE JAN 1      0                                         0
..................................................................


WIND (MPH)
  HIGHEST WIND SPEED     8   HIGHEST WIND DIRECTION     E (100)
  HIGHEST GUST SPEED    10   HIGHEST GUST DIRECTION     E (80)
  AVERAGE WIND SPEED     2.4


SKY COVER
  POSSIBLE SUNSHINE  MM
  AVERAGE SKY COVER 0.4


WEATHER CONDITIONS
 THE FOLLOWING WEATHER WAS RECORDED TODAY.
  NO SIGNIFICANT WEATHER WAS OBSERVED.


RELATIVE HUMIDITY (PERCENT)
 HIGHEST    96           900 AM
 LOWEST     61           300 PM
 AVERAGE    79

..........................................................


THE VANCOUVER WA CLIMATE NORMALS FOR TOMORROW
                         NORMAL    RECORD    YEAR
 MAXIMUM TEMPERATURE (F)   49        63      1935
 MINIMUM TEMPERATURE (F)   36        10      1949


SUNRISE AND SUNSET
JANUARY 23 2017.......SUNRISE   741 AM PST   SUNSET   505 PM PST
JANUARY 24 2017.......SUNRISE   740 AM PST   SUNSET   506 PM PST


-  INDICATES NEGATIVE NUMBERS.
R  INDICATES RECORD WAS SET OR TIED.
MM INDICATES DATA IS MISSING.
T  INDICATES TRACE AMOUNT.




$$
