000
CDUS46 KPQR 281141
CLIVUO


CLIMATE REPORT
NATIONAL WEATHER SERVICE PORTLAND OREGON
441 AM PDT WED JUN 28 2017


...................................

...THE VANCOUVER WA CLIMATE SUMMARY FOR JUNE 27 2017...

CLIMATE NORMAL PERIOD 1981 TO 2010
CLIMATE RECORD PERIOD 1891 TO 2017


WEATHER ITEM   OBSERVED TIME   RECORD YEAR NORMAL DEPARTURE LAST
                VALUE   (LST)  VALUE       VALUE  FROM      YEAR
                                                  NORMAL
..................................................................
TEMPERATURE (F)
 YESTERDAY
  MAXIMUM         76    623 PM  97    2000  76      0       86
  MINIMUM         58   1159 PM  39    1976  55      3       60
  AVERAGE         67                        65      2       73

PRECIPITATION (IN)
  YESTERDAY        0.00                      0.05  -0.05     0.00
  MONTH TO DATE    1.24                      1.67  -0.43     1.45
  SINCE OCT 1     48.88                     36.00  12.88    44.80
  SINCE JAN 1     29.02                     20.25   8.77    20.95

DEGREE DAYS
 HEATING
  YESTERDAY        0                                         0
  MONTH TO DATE   69                                        86
  SINCE JUL 1   4499                                      3822

 COOLING
  YESTERDAY        2                                         8
  MONTH TO DATE   66                                        76
  SINCE JAN 1    106                                       100
..................................................................


WIND (MPH)
  HIGHEST WIND SPEED    10   HIGHEST WIND DIRECTION     N (350)
  HIGHEST GUST SPEED    16   HIGHEST GUST DIRECTION    NW (330)
  AVERAGE WIND SPEED     4.7


SKY COVER
  POSSIBLE SUNSHINE  MM
  AVERAGE SKY COVER 0.5


WEATHER CONDITIONS
 THE FOLLOWING WEATHER WAS RECORDED YESTERDAY.
  NO SIGNIFICANT WEATHER WAS OBSERVED.


RELATIVE HUMIDITY (PERCENT)
 HIGHEST    80           100 AM
 LOWEST     43           500 PM
 AVERAGE    62

..........................................................




SUNRISE AND SUNSET
JUNE 28 2017..........SUNRISE   524 AM PDT   SUNSET   904 PM PDT
JUNE 29 2017..........SUNRISE   524 AM PDT   SUNSET   904 PM PDT


-  INDICATES NEGATIVE NUMBERS.
R  INDICATES RECORD WAS SET OR TIED.
MM INDICATES DATA IS MISSING.
T  INDICATES TRACE AMOUNT.




$$
