000
CDUS46 KPQR 301143
CLIVUO


CLIMATE REPORT
NATIONAL WEATHER SERVICE PORTLAND OREGON
442 AM PDT SAT MAY 30 2015


...................................

...THE VANCOUVER WA CLIMATE SUMMARY FOR MAY 29 2015...

CLIMATE NORMAL PERIOD 1981 TO 2010
CLIMATE RECORD PERIOD 1891 TO 2015


WEATHER ITEM   OBSERVED TIME   RECORD YEAR NORMAL DEPARTURE LAST
                VALUE   (LST)  VALUE       VALUE  FROM      YEAR
                                                  NORMAL
..................................................................
TEMPERATURE (F)
 YESTERDAY
  MAXIMUM         81    427 PM  91    1931  70     11       65
  MINIMUM         56    524 AM  35    1979  51      5       52
  AVERAGE         69                        61      8       59

PRECIPITATION (IN)
  YESTERDAY        0.00                      0.06  -0.06      T
  MONTH TO DATE    0.68                      2.35  -1.67     2.68
  SINCE OCT 1     29.56                     34.21  -4.65    24.70
  SINCE JAN 1     14.67                     18.46  -3.79    19.23

DEGREE DAYS
 HEATING
  YESTERDAY        0                                         6
  MONTH TO DATE  157                                       155
  SINCE JUL 1   3647                                      4501

 COOLING
  YESTERDAY        4                                         0
  MONTH TO DATE   11                                        15
  SINCE JAN 1     11                                        15
..................................................................


WIND (MPH)
  HIGHEST WIND SPEED    12   HIGHEST WIND DIRECTION    NW (330)
  HIGHEST GUST SPEED    20   HIGHEST GUST DIRECTION    NW (320)
  AVERAGE WIND SPEED     5.3


SKY COVER
  POSSIBLE SUNSHINE  MM
  AVERAGE SKY COVER 0.1


WEATHER CONDITIONS
 THE FOLLOWING WEATHER WAS RECORDED YESTERDAY.
  NO SIGNIFICANT WEATHER WAS OBSERVED.


RELATIVE HUMIDITY (PERCENT)
 HIGHEST    86           500 AM
 LOWEST     42           300 PM
 AVERAGE    64

..........................................................




SUNRISE AND SUNSET
MAY 30 2015...........SUNRISE   526 AM PDT   SUNSET   851 PM PDT
MAY 31 2015...........SUNRISE   526 AM PDT   SUNSET   852 PM PDT


-  INDICATES NEGATIVE NUMBERS.
R  INDICATES RECORD WAS SET OR TIED.
MM INDICATES DATA IS MISSING.
T  INDICATES TRACE AMOUNT.




$$
