000
CDUS41 KAKQ 280545
CLIWAL


CLIMATE REPORT
NATIONAL WEATHER SERVICE WAKEFIELD, VA
145 AM EDT FRI APR 28 2017


...................................

...THE WALLOPS ISLAND VA CLIMATE SUMMARY FOR APRIL 27 2017...

CLIMATE NORMAL PERIOD 1981 TO 2010
CLIMATE RECORD PERIOD 1963 TO 2017


WEATHER ITEM   OBSERVED TIME   RECORD YEAR NORMAL DEPARTURE
                VALUE   (LST)  VALUE       VALUE  FROM
                                                  NORMAL
...............................................................
TEMPERATURE (F)
 YESTERDAY
  MAXIMUM         77   1250 PM  89    2009  66     11
  MINIMUM         56    348 AM  37    2001  48      8
  AVERAGE         67                        57     10

PRECIPITATION (IN)
  YESTERDAY        0.00          0.87        0.09  -0.09
  MONTH TO DATE    2.22                      2.81  -0.59
  SINCE MAR 1      5.60                      6.81  -1.21
  SINCE JAN 1     11.80                     12.61  -0.81

SNOWFALL (IN)
  YESTERDAY        0.0           0.0    MM   0.0    0.0
  MONTH TO DATE    0.0                       0.1   -0.1
  SINCE NOV 1     10.1                       7.9    2.2
  SINCE JUL 1     10.1                       7.9    2.2

DEGREE DAYS
 HEATING
  YESTERDAY        0                               -8
  MONTH TO DATE  176                             -144
  SINCE MAR 1    790                             -149
  SINCE JUL 1   3366                             -653

 COOLING
  YESTERDAY        2                                1
  MONTH TO DATE   24                               19
  SINCE MAR 1     26                               20
  SINCE JAN 1     26                               20
...............................................................


WIND (MPH)
  HIGHEST WIND SPEED    21   HIGHEST WIND DIRECTION     S (190)
  HIGHEST GUST SPEED    27   HIGHEST GUST DIRECTION     S (190)
  AVERAGE WIND SPEED     9.7




RELATIVE HUMIDITY (PERCENT)
 HIGHEST   100
 LOWEST     69
 AVERAGE    85

..........................................................


THE WALLOPS ISLAND VA CLIMATE NORMALS FOR TODAY
                         NORMAL    RECORD    YEAR
 MAXIMUM TEMPERATURE (F)   67        85      2009
                                             1990
 MINIMUM TEMPERATURE (F)   49        36      1998


SUNRISE AND SUNSET
APRIL 28 2017.........SUNRISE   609 AM EDT   SUNSET   750 PM EDT
APRIL 29 2017.........SUNRISE   608 AM EDT   SUNSET   751 PM EDT


-  INDICATES NEGATIVE NUMBERS.
R  INDICATES RECORD WAS SET OR TIED.
MM INDICATES DATA IS MISSING.
T  INDICATES TRACE AMOUNT.




$$
