000
CDUS41 KAKQ 300834
CLIWAL


CLIMATE REPORT
NATIONAL WEATHER SERVICE WAKEFIELD, VA
434 AM EDT MON MAR 30 2015


...................................

...THE WALLOPS ISLAND VA CLIMATE SUMMARY FOR MARCH 29 2015...

CLIMATE NORMAL PERIOD 1981 TO 2010
CLIMATE RECORD PERIOD 1963 TO 2015


WEATHER ITEM   OBSERVED TIME   RECORD YEAR NORMAL DEPARTURE
                VALUE   (LST)  VALUE       VALUE  FROM
                                                  NORMAL
...............................................................
TEMPERATURE (F)
 YESTERDAY
  MAXIMUM         44    220 PM  84    1989  58    -14
  MINIMUM         26R   621 AM  26    2015  40    -14
  AVERAGE         35                        49    -14

PRECIPITATION (IN)
  YESTERDAY        0.00          2.32        0.13  -0.13
  MONTH TO DATE    3.10                      3.74  -0.64
  SINCE MAR 1      3.10                      3.74  -0.64
  SINCE JAN 1     10.89                      9.54   1.35

SNOWFALL (IN)
  YESTERDAY        0.0           0.0    MM   0.0    0.0
  MONTH TO DATE    0.3                       0.4   -0.1
  SINCE NOV 1     11.3                       7.8    3.5
  SINCE JUL 1     11.3                       7.8    3.5

DEGREE DAYS
 HEATING
  YESTERDAY       30                               14
  MONTH TO DATE  668                               80
  SINCE MAR 1    668                               80
  SINCE JUL 1   3998                              330

 COOLING
  YESTERDAY        0                                0
  MONTH TO DATE    0                                0
  SINCE MAR 1      0                                0
  SINCE JAN 1      0                                0
...............................................................


WIND (MPH)
  HIGHEST WIND SPEED    18   HIGHEST WIND DIRECTION    NW (330)
  HIGHEST GUST SPEED    26   HIGHEST GUST DIRECTION     N (350)
  AVERAGE WIND SPEED    10.1




RELATIVE HUMIDITY (PERCENT)
 HIGHEST    70
 LOWEST     29
 AVERAGE    50

..........................................................


THE WALLOPS ISLAND VA CLIMATE NORMALS FOR TODAY
                         NORMAL    RECORD    YEAR
 MAXIMUM TEMPERATURE (F)   58        81      1998
 MINIMUM TEMPERATURE (F)   40        30      1983


SUNRISE AND SUNSET
MARCH 30 2015.........SUNRISE   651 AM EDT   SUNSET   723 PM EDT
MARCH 31 2015.........SUNRISE   649 AM EDT   SUNSET   724 PM EDT


-  INDICATES NEGATIVE NUMBERS.
R  INDICATES RECORD WAS SET OR TIED.
MM INDICATES DATA IS MISSING.
T  INDICATES TRACE AMOUNT.




$$
