000
CDUS41 KAKQ 192235
CLIWAL


CLIMATE REPORT
NATIONAL WEATHER SERVICE WAKEFIELD, VA
535 PM EST THU JAN 19 2017


...................................

...THE WALLOPS ISLAND VA CLIMATE SUMMARY FOR JANUARY 19 2017...
VALID TODAY AS OF 0500 PM LOCAL TIME.

CLIMATE NORMAL PERIOD 1981 TO 2010
CLIMATE RECORD PERIOD 1963 TO 2017


WEATHER ITEM   OBSERVED TIME   RECORD YEAR NORMAL DEPARTURE
                VALUE   (LST)  VALUE       VALUE  FROM
                                                  NORMAL
...............................................................
TEMPERATURE (F)
 TODAY
  MAXIMUM         51    245 PM  65    1972  45      6
  MINIMUM         39    801 AM   0    1994  28     11
  AVERAGE         45

PRECIPITATION (IN)
  TODAY            0.00          1.66 1987   0.09  -0.09
  MONTH TO DATE    2.38                      1.87   0.51
  SINCE DEC 1      6.35                      5.30   1.05
  SINCE JAN 1      2.38                      1.87   0.51

SNOWFALL (IN)
  TODAY            0.0           4.0  1967
  MONTH TO DATE   10.1
  SINCE NOV 1     10.1
  SINCE JUL 1     10.1
  SNOW DEPTH       0

DEGREE DAYS
 HEATING
  TODAY           20

 COOLING
  TODAY            0
...............................................................


WIND (MPH)
  HIGHEST WIND SPEED     9   HIGHEST WIND DIRECTION    SE (150)
  HIGHEST GUST SPEED    12   HIGHEST GUST DIRECTION     W (280)




RELATIVE HUMIDITY (PERCENT)
 HIGHEST   100
 LOWEST     66
 AVERAGE    83

..........................................................


THE WALLOPS ISLAND VA CLIMATE NORMALS FOR TOMORROW
                         NORMAL    RECORD    YEAR
 MAXIMUM TEMPERATURE (F)   45        62      2006
 MINIMUM TEMPERATURE (F)   28         0      1985


SUNRISE AND SUNSET
JANUARY 19 2017.......SUNRISE   715 AM EST   SUNSET   511 PM EST
JANUARY 20 2017.......SUNRISE   714 AM EST   SUNSET   512 PM EST


-  INDICATES NEGATIVE NUMBERS.
R  INDICATES RECORD WAS SET OR TIED.
MM INDICATES DATA IS MISSING.
T  INDICATES TRACE AMOUNT.




$$
