000
CDUS41 KAKQ 140645
CLIWAL


CLIMATE REPORT
NATIONAL WEATHER SERVICE WAKEFIELD, VA
145 AM EST SUN FEB 14 2016


...................................

...THE WALLOPS ISLAND VA CLIMATE SUMMARY FOR FEBRUARY 13 2016...

CLIMATE NORMAL PERIOD 1981 TO 2010
CLIMATE RECORD PERIOD 1963 TO 2016


WEATHER ITEM   OBSERVED TIME   RECORD YEAR NORMAL DEPARTURE
                VALUE   (LST)  VALUE       VALUE  FROM
                                                  NORMAL
...............................................................
TEMPERATURE (F)
 YESTERDAY
  MAXIMUM         28    112 PM  64    2008  47    -19
  MINIMUM         17   1159 PM  10    1979  30    -13
  AVERAGE         23                        38    -15

PRECIPITATION (IN)
  YESTERDAY        T             1.45        0.10  -0.10
  MONTH TO DATE    2.48                      1.22   1.26
  SINCE DEC 1      9.38                      7.69   1.69
  SINCE JAN 1      5.10                      4.26   0.84

SNOWFALL (IN)
  YESTERDAY       MM             5.2  1982   0.1   MM
  MONTH TO DATE    1.6                       1.6    0.0
  SINCE NOV 1      8.9                       5.6    3.3
  SINCE JUL 1      8.9                       5.6    3.3

DEGREE DAYS
 HEATING
  YESTERDAY       42                               15
  MONTH TO DATE  343                              -14
  SINCE DEC 1   1545                             -452
  SINCE JUL 1   2067                             -634

 COOLING
  YESTERDAY        0                                0
  MONTH TO DATE    0                                0
  SINCE DEC 1      7                                7
  SINCE JAN 1      0                                0
...............................................................


WIND (MPH)
  HIGHEST WIND SPEED    29   HIGHEST WIND DIRECTION     W (290)
  HIGHEST GUST SPEED    39   HIGHEST GUST DIRECTION     W (290)
  AVERAGE WIND SPEED    14.8




RELATIVE HUMIDITY (PERCENT)
 HIGHEST    92
 LOWEST     33
 AVERAGE    63

..........................................................


THE WALLOPS ISLAND VA CLIMATE NORMALS FOR TODAY
                         NORMAL    RECORD    YEAR
 MAXIMUM TEMPERATURE (F)   47        73      1990
                                             1989
 MINIMUM TEMPERATURE (F)   30         8      1979


SUNRISE AND SUNSET
FEBRUARY 14 2016......SUNRISE   653 AM EST   SUNSET   539 PM EST
FEBRUARY 15 2016......SUNRISE   652 AM EST   SUNSET   540 PM EST


-  INDICATES NEGATIVE NUMBERS.
R  INDICATES RECORD WAS SET OR TIED.
MM INDICATES DATA IS MISSING.
T  INDICATES TRACE AMOUNT.




$$
