000
CDUS41 KAKQ 242226
CLIWAL


CLIMATE REPORT
NATIONAL WEATHER SERVICE WAKEFIELD, VA
526 PM EST WED DEC 24 2014


...................................

...THE WALLOPS ISLAND VA CLIMATE SUMMARY FOR DECEMBER 24 2014...
VALID TODAY AS OF 0500 PM LOCAL TIME.

CLIMATE NORMAL PERIOD 1981 TO 2010
CLIMATE RECORD PERIOD 1963 TO 2014


WEATHER ITEM   OBSERVED TIME   RECORD YEAR NORMAL DEPARTURE
                VALUE   (LST)  VALUE       VALUE  FROM
                                                  NORMAL
...............................................................
TEMPERATURE (F)
 TODAY
  MAXIMUM         62    243 PM  70    1990  47     15
  MINIMUM         45    328 AM   9    1983  30     15
  AVERAGE         54

PRECIPITATION (IN)
  TODAY            1.44          1.90 1986   0.11   1.33
  MONTH TO DATE    2.80                      2.73   0.07
  SINCE DEC 1      2.80                      2.73   0.07
  SINCE JAN 1     37.56                     40.14  -2.58

SNOWFALL (IN)
  TODAY           MM             3.0  1966
  MONTH TO DATE    0.0
  SINCE NOV 1      0.0
  SINCE JUL 1      0.0
  SNOW DEPTH       0

DEGREE DAYS
 HEATING
  TODAY           11

 COOLING
  TODAY            0
...............................................................


WIND (MPH)
  HIGHEST WIND SPEED    26   HIGHEST WIND DIRECTION    SW (210)
  HIGHEST GUST SPEED    34   HIGHEST GUST DIRECTION    SW (210)




RELATIVE HUMIDITY (PERCENT)
 HIGHEST   100
 LOWEST    100
 AVERAGE   100

..........................................................


THE WALLOPS ISLAND VA CLIMATE NORMALS FOR TOMORROW
                         NORMAL    RECORD    YEAR
 MAXIMUM TEMPERATURE (F)   47        67      1974
 MINIMUM TEMPERATURE (F)   30         9      1983


SUNRISE AND SUNSET
DECEMBER 24 2014......SUNRISE   715 AM EST   SUNSET   448 PM EST
DECEMBER 25 2014......SUNRISE   716 AM EST   SUNSET   448 PM EST


-  INDICATES NEGATIVE NUMBERS.
R  INDICATES RECORD WAS SET OR TIED.
MM INDICATES DATA IS MISSING.
T  INDICATES TRACE AMOUNT.




$$
