000
CDUS41 KAKQ 180645
CLIWAL


CLIMATE REPORT
NATIONAL WEATHER SERVICE WAKEFIELD, VA
145 AM EST SUN FEB 18 2018


...................................

...THE WALLOPS ISLAND VA CLIMATE SUMMARY FOR FEBRUARY 17 2018...

CLIMATE NORMAL PERIOD 1981 TO 2010
CLIMATE RECORD PERIOD 1963 TO 2018


WEATHER ITEM   OBSERVED TIME   RECORD YEAR NORMAL DEPARTURE
                VALUE   (LST)  VALUE       VALUE  FROM
                                                  NORMAL
...............................................................
TEMPERATURE (F)
 YESTERDAY
  MAXIMUM         46   1217 PM  79    1976  47     -1
  MINIMUM         35    711 AM   7    1979  31      4
  AVERAGE         41                        39      2

PRECIPITATION (IN)
  YESTERDAY        0.53          1.12        0.10   0.43
  MONTH TO DATE    1.84                      1.61   0.23
  SINCE DEC 1      7.40                      8.08  -0.68
  SINCE JAN 1      5.51                      4.65   0.86

SNOWFALL (IN)
  YESTERDAY       MM             3.0  1967   0.2   MM
  MONTH TO DATE    0.0                       2.2   -2.2
  SINCE NOV 1     11.8                       6.2    5.6
  SINCE JUL 1     11.8                       6.2    5.6

DEGREE DAYS
 HEATING
  YESTERDAY       24                               -2
  MONTH TO DATE  372                              -90
  SINCE DEC 1   2085                              -17
  SINCE JUL 1   2688                             -118

 COOLING
  YESTERDAY        0                                0
  MONTH TO DATE    0                                0
  SINCE DEC 1      0                                0
  SINCE JAN 1      0                                0
...............................................................


WIND (MPH)
  HIGHEST WIND SPEED    18   HIGHEST WIND DIRECTION    NE (60)
  HIGHEST GUST SPEED    22   HIGHEST GUST DIRECTION    NE (60)
  AVERAGE WIND SPEED     9.4




RELATIVE HUMIDITY (PERCENT)
 HIGHEST   100
 LOWEST     49
 AVERAGE    75

..........................................................


THE WALLOPS ISLAND VA CLIMATE NORMALS FOR TODAY
                         NORMAL    RECORD    YEAR
 MAXIMUM TEMPERATURE (F)   47        73      2011
 MINIMUM TEMPERATURE (F)   31         6      1979


SUNRISE AND SUNSET
FEBRUARY 18 2018......SUNRISE   648 AM EST   SUNSET   544 PM EST
FEBRUARY 19 2018......SUNRISE   647 AM EST   SUNSET   545 PM EST


-  INDICATES NEGATIVE NUMBERS.
R  INDICATES RECORD WAS SET OR TIED.
MM INDICATES DATA IS MISSING.
T  INDICATES TRACE AMOUNT.




$$
