000
CDUS41 KAKQ 020632
CLIWAL


CLIMATE REPORT
NATIONAL WEATHER SERVICE WAKEFIELD, VA
132 AM EST MON MAR 2 2015


...................................

...THE WALLOPS ISLAND VA CLIMATE SUMMARY FOR MARCH 1 2015...

CLIMATE NORMAL PERIOD 1981 TO 2010
CLIMATE RECORD PERIOD 1963 TO 2015


WEATHER ITEM   OBSERVED TIME   RECORD YEAR NORMAL DEPARTURE
                VALUE   (LST)  VALUE       VALUE  FROM
                                                  NORMAL
...............................................................
TEMPERATURE (F)
 YESTERDAY
  MAXIMUM         32   1159 PM  77    1976  50    -18
  MINIMUM         15    355 AM  14    1980  33    -18
  AVERAGE         24                        41    -17

PRECIPITATION (IN)
  YESTERDAY        0.28          1.54        0.12   0.16
  MONTH TO DATE    0.28                      0.12   0.16
  SINCE MAR 1      0.28                      0.12   0.16
  SINCE JAN 1      8.07                      5.92   2.15

SNOWFALL (IN)
  YESTERDAY        0.0           4.0  1968   0.0    0.0
  MONTH TO DATE    0.0                       0.0    0.0
  SINCE NOV 1     11.0                       7.4    3.6
  SINCE JUL 1     11.0                       7.4    3.6

DEGREE DAYS
 HEATING
  YESTERDAY       41                               17
  MONTH TO DATE   41                               17
  SINCE MAR 1     41                               17
  SINCE JUL 1   3371                              267

 COOLING
  YESTERDAY        0                                0
  MONTH TO DATE    0                                0
  SINCE MAR 1      0                                0
  SINCE JAN 1      0                                0
...............................................................


WIND (MPH)
  HIGHEST WIND SPEED    10   HIGHEST WIND DIRECTION     E (70)
  HIGHEST GUST SPEED    14   HIGHEST GUST DIRECTION     E (70)
  AVERAGE WIND SPEED     5.3




RELATIVE HUMIDITY (PERCENT)
 HIGHEST   100
 LOWEST     71
 AVERAGE    86

..........................................................


THE WALLOPS ISLAND VA CLIMATE NORMALS FOR TODAY
                         NORMAL    RECORD    YEAR
 MAXIMUM TEMPERATURE (F)   50        75      1997
 MINIMUM TEMPERATURE (F)   33        16      1980


SUNRISE AND SUNSET
MARCH  2 2015.........SUNRISE   632 AM EST   SUNSET   556 PM EST
MARCH  3 2015.........SUNRISE   631 AM EST   SUNSET   557 PM EST


-  INDICATES NEGATIVE NUMBERS.
R  INDICATES RECORD WAS SET OR TIED.
MM INDICATES DATA IS MISSING.
T  INDICATES TRACE AMOUNT.




$$
