000
CDUS41 KAKQ 190630
CLIWAL


CLIMATE REPORT
NATIONAL WEATHER SERVICE WAKEFIELD, VA
129 AM EST SUN FEB 19 2017


...................................

...THE WALLOPS ISLAND VA CLIMATE SUMMARY FOR FEBRUARY 18 2017...

CLIMATE NORMAL PERIOD 1981 TO 2010
CLIMATE RECORD PERIOD 1963 TO 2017


WEATHER ITEM   OBSERVED TIME   RECORD YEAR NORMAL DEPARTURE
                VALUE   (LST)  VALUE       VALUE  FROM
                                                  NORMAL
...............................................................
TEMPERATURE (F)
 YESTERDAY
  MAXIMUM         67   1130 AM  73    2011  47     20
  MINIMUM         35   1257 AM   6    1979  31      4
  AVERAGE         51                        39     12

PRECIPITATION (IN)
  YESTERDAY        0.00          0.93        0.10  -0.10
  MONTH TO DATE    1.19                      1.71  -0.52
  SINCE DEC 1      9.95                      8.18   1.77
  SINCE JAN 1      5.98                      4.75   1.23

SNOWFALL (IN)
  YESTERDAY        0.0           7.5  1989   0.1   -0.1
  MONTH TO DATE    T                         2.3   -2.3
  SINCE NOV 1     10.1                       6.3    3.8
  SINCE JUL 1     10.1                       6.3    3.8

DEGREE DAYS
 HEATING
  YESTERDAY       14                              -12
  MONTH TO DATE  418                              -70
  SINCE DEC 1   1861                             -267
  SINCE JUL 1   2447                             -385

 COOLING
  YESTERDAY        0                                0
  MONTH TO DATE    0                                0
  SINCE DEC 1      0                                0
  SINCE JAN 1      0                                0
...............................................................


WIND (MPH)
  HIGHEST WIND SPEED    16   HIGHEST WIND DIRECTION     S (200)
  HIGHEST GUST SPEED    21   HIGHEST GUST DIRECTION     S (200)
  AVERAGE WIND SPEED     7.4




RELATIVE HUMIDITY (PERCENT)
 HIGHEST   100
 LOWEST     36
 AVERAGE    68

..........................................................


THE WALLOPS ISLAND VA CLIMATE NORMALS FOR TODAY
                         NORMAL    RECORD    YEAR
 MAXIMUM TEMPERATURE (F)   48        69      2014
 MINIMUM TEMPERATURE (F)   31        10      2015


SUNRISE AND SUNSET
FEBRUARY 19 2017......SUNRISE   646 AM EST   SUNSET   545 PM EST
FEBRUARY 20 2017......SUNRISE   645 AM EST   SUNSET   546 PM EST


-  INDICATES NEGATIVE NUMBERS.
R  INDICATES RECORD WAS SET OR TIED.
MM INDICATES DATA IS MISSING.
T  INDICATES TRACE AMOUNT.




$$
