000
CDUS46 KLOX 030116
CLIWJF


CLIMATE REPORT
NATIONAL WEATHER SERVICE LOS ANGELES/OXNARD CA
616 PM PDT SUN AUG 2 2015


...................................

...THE LANCASTER CLIMATE SUMMARY FOR AUGUST 2 2015...
VALID TODAY AS OF 0600 PM LOCAL TIME.

CLIMATE NORMAL PERIOD 1981 TO 2010
CLIMATE RECORD PERIOD 1948 TO 2015


WEATHER ITEM   OBSERVED TIME   RECORD YEAR NORMAL DEPARTURE LAST
                VALUE   (LST)  VALUE       VALUE  FROM      YEAR
                                                  NORMAL
..................................................................
TEMPERATURE (F)
 TODAY
  MAXIMUM        100    137 PM 106    1955  99      1       97
  MINIMUM         66    517 AM  56    1997  67     -1       69
  AVERAGE         83                        83      0       83

PRECIPITATION (IN)
  TODAY            0.00          0.03 1971   0.00   0.00     0.01
  MONTH TO DATE    0.00                      0.00   0.00     0.01
  SINCE OCT 1      6.99                      7.13  -0.14     3.92
  SINCE JAN 1      4.07                      5.00  -0.93     2.33

SNOWFALL (IN)
  TODAY            0.0           0.0    MM   0.0             0.0
  MONTH TO DATE    0.0                       0.0             0.0
  SINCE JUN 1      0.0                       0.0             0.0
  SINCE JUL 1      0.0                       0.0             0.0
  SNOW DEPTH       0

DEGREE DAYS
 HEATING
  TODAY            0                         0      0        0
  MONTH TO DATE    0                         0      0        0
  SINCE JUN 1      2                         8     -6        0
  SINCE JUL 1      0                         0      0        0

 COOLING
  TODAY           18                        18      0       18
  MONTH TO DATE   37                        36      1       43
  SINCE JUN 1    963                       913     50     1030
  SINCE JAN 1   1061                      1102    -41     1230
..................................................................


WIND (MPH)
  HIGHEST WIND SPEED    25   HIGHEST WIND DIRECTION     W (260)
  HIGHEST GUST SPEED    31   HIGHEST GUST DIRECTION     W (250)
  AVERAGE WIND SPEED     8.8


SKY COVER
  POSSIBLE SUNSHINE  MM
  AVERAGE SKY COVER 0.0


WEATHER CONDITIONS
 THE FOLLOWING WEATHER WAS RECORDED TODAY.
  NO SIGNIFICANT WEATHER WAS OBSERVED.


RELATIVE HUMIDITY (PERCENT)
 HIGHEST    52           500 AM
 LOWEST     14           100 PM
 AVERAGE    33

..........................................................


THE LANCASTER CLIMATE NORMALS FOR TOMORROW
                         NORMAL    RECORD    YEAR
 MAXIMUM TEMPERATURE (F)   99       107      1969
 MINIMUM TEMPERATURE (F)   66        55      2004


SUNRISE AND SUNSET
AUGUST  2 2015........SUNRISE   603 AM PDT   SUNSET   754 PM PDT
AUGUST  3 2015........SUNRISE   604 AM PDT   SUNSET   753 PM PDT


-  INDICATES NEGATIVE NUMBERS.
R  INDICATES RECORD WAS SET OR TIED.
MM INDICATES DATA IS MISSING.
T  INDICATES TRACE AMOUNT.




$$
