000
CDUS46 KLOX 270858
CLIWJF


CLIMATE REPORT
NATIONAL WEATHER SERVICE LOS ANGELES/OXNARD CA
158 AM PDT FRI MAY 27 2016


...................................

...THE LANCASTER FOX FIELD CA CLIMATE SUMMARY FOR MAY 26 2016...

CLIMATE NORMAL PERIOD 1981 TO 2010
CLIMATE RECORD PERIOD 1948 TO 2016


WEATHER ITEM   OBSERVED TIME   RECORD YEAR NORMAL DEPARTURE
                VALUE   (LST)  VALUE       VALUE  FROM
                                                  NORMAL
...............................................................
TEMPERATURE (F)
 YESTERDAY
  MAXIMUM         82    221 PM 104    1974  85     -3
  MINIMUM         57    524 AM  37    1953  57      0
  AVERAGE         70                        71     -1

PRECIPITATION (IN)
  YESTERDAY        0.00          0.28 1950   0.00   0.00
  MONTH TO DATE    0.00                      0.08  -0.08
  SINCE OCT 1      3.82                      6.98  -3.16
  SINCE JAN 1      2.53                      4.85  -2.32

SNOWFALL (IN)
  YESTERDAY        0.0           0.0    MM
  MONTH TO DATE    0.0
  SINCE MAR 1      0.0
  SINCE JUL 1      0.0
  SNOW DEPTH       0

DEGREE DAYS
 HEATING
  YESTERDAY        0                               -1
  MONTH TO DATE   51                               -4
  SINCE MAR 1    421                             -209
  SINCE JUL 1   2672                             -251

 COOLING
  YESTERDAY        5                               -2
  MONTH TO DATE   78                              -43
  SINCE MAR 1     99                              -52
  SINCE JAN 1    102                              -49
...............................................................


WIND (MPH)
  HIGHEST WIND SPEED    26   HIGHEST WIND DIRECTION     W (280)
  HIGHEST GUST SPEED    32   HIGHEST GUST DIRECTION    NW (300)
  AVERAGE WIND SPEED    14.6




RELATIVE HUMIDITY (PERCENT)
 HIGHEST    57
 LOWEST     20
 AVERAGE    39

..........................................................


THE LANCASTER FOX FIELD CA CLIMATE NORMALS FOR TODAY
                         NORMAL    RECORD    YEAR
 MAXIMUM TEMPERATURE (F)   86       101      1984
 MINIMUM TEMPERATURE (F)   57        43      1998


SUNRISE AND SUNSET
MAY 27 2016...........SUNRISE   542 AM PDT   SUNSET   758 PM PDT
MAY 28 2016...........SUNRISE   542 AM PDT   SUNSET   759 PM PDT


-  INDICATES NEGATIVE NUMBERS.
R  INDICATES RECORD WAS SET OR TIED.
MM INDICATES DATA IS MISSING.
T  INDICATES TRACE AMOUNT.




$$
