000
CDUS46 KLOX 250130
CLIWJF


CLIMATE REPORT
NATIONAL WEATHER SERVICE LOS ANGELES/OXNARD CA
530 PM PST WED DEC 24 2014


...................................

...THE LANCASTER CLIMATE SUMMARY FOR DECEMBER 24 2014...
VALID TODAY AS OF 0500 PM LOCAL TIME.

CLIMATE NORMAL PERIOD 1981 TO 2010
CLIMATE RECORD PERIOD 1948 TO 2014


WEATHER ITEM   OBSERVED TIME   RECORD YEAR NORMAL DEPARTURE LAST
                VALUE   (LST)  VALUE       VALUE  FROM      YEAR
                                                  NORMAL
..................................................................
TEMPERATURE (F)
 TODAY
  MAXIMUM         65    153 PM  72    2005  57      8       65
                                      1950
  MINIMUM         33    729 AM   2    1984  29      4       25
  AVERAGE         49                        43      6       45

PRECIPITATION (IN)
  TODAY            0.00          1.42 1971   0.04  -0.04     0.00
  MONTH TO DATE    2.62                      0.81   1.81     0.09
  SINCE JUL 1      2.95                      2.13   0.82     1.61
  SINCE JAN 1      5.27                      7.04  -1.77     2.71

SNOWFALL (IN)
  TODAY            0.0           0.0    MM   0.1             0.0
  MONTH TO DATE    0.0                       1.0             0.0
  SINCE DEC 1      0.0                       1.0             0.0
  SINCE JUL 1      0.0                       1.0             0.0
  SNOW DEPTH       0

DEGREE DAYS
 HEATING
  TODAY           16                        22     -6       20
  MONTH TO DATE  387                       507   -120      554
  SINCE DEC 1    387                       507   -120      554
  SINCE JUL 1    784                      1052   -268     1205

 COOLING
  TODAY            0                         0      0        0
  MONTH TO DATE    0                         0      0        0
  SINCE DEC 1      0                         0      0        0
  SINCE JAN 1   2055                      1882    173     2204
..................................................................


WIND (MPH)
  HIGHEST WIND SPEED    23   HIGHEST WIND DIRECTION    SW (230)
  HIGHEST GUST SPEED    28   HIGHEST GUST DIRECTION    SW (230)
  AVERAGE WIND SPEED     4.5


SKY COVER
  POSSIBLE SUNSHINE  MM
  AVERAGE SKY COVER 0.0


WEATHER CONDITIONS
 THE FOLLOWING WEATHER WAS RECORDED TODAY.
  NO SIGNIFICANT WEATHER WAS OBSERVED.


RELATIVE HUMIDITY (PERCENT)
 HIGHEST    92          1200 AM
 LOWEST     37           200 PM
 AVERAGE    65

..........................................................


THE LANCASTER CLIMATE NORMALS FOR TOMORROW
                         NORMAL    RECORD    YEAR
 MAXIMUM TEMPERATURE (F)   57        73      2005
 MINIMUM TEMPERATURE (F)   29         5      1990


SUNRISE AND SUNSET
DECEMBER 24 2014......SUNRISE   658 AM PST   SUNSET   447 PM PST
DECEMBER 25 2014......SUNRISE   658 AM PST   SUNSET   448 PM PST


-  INDICATES NEGATIVE NUMBERS.
R  INDICATES RECORD WAS SET OR TIED.
MM INDICATES DATA IS MISSING.
T  INDICATES TRACE AMOUNT.




$$
