000
CDUS46 KLOX 260122
CLIWJF


CLIMATE REPORT
NATIONAL WEATHER SERVICE LOS ANGELES/OXNARD CA
522 PM PST SUN JAN 25 2015


...................................

...THE LANCASTER CLIMATE SUMMARY FOR JANUARY 25 2015...
VALID TODAY AS OF 0500 PM LOCAL TIME.

CLIMATE NORMAL PERIOD 1981 TO 2010
CLIMATE RECORD PERIOD 1948 TO 2015


WEATHER ITEM   OBSERVED TIME   RECORD YEAR NORMAL DEPARTURE LAST
                VALUE   (LST)  VALUE       VALUE  FROM      YEAR
                                                  NORMAL
..................................................................
TEMPERATURE (F)
 TODAY
  MAXIMUM         70    252 PM  76    1975  59     11       67
  MINIMUM         29    542 AM  18    2002  32     -3       37
  AVERAGE         50                        46      4       52

PRECIPITATION (IN)
  TODAY            0.00          0.87 1969   0.04  -0.04     0.00
  MONTH TO DATE    0.85                      1.19  -0.34     0.00
  SINCE OCT 1      3.77                      3.32   0.45     1.59
  SINCE JAN 1      0.85                      1.19  -0.34     0.00

SNOWFALL (IN)
  TODAY            0.0           2.0  1949   0.0             0.0
  MONTH TO DATE    0.0                       0.3             0.0
  SINCE DEC 1      0.0                       1.6             0.0
  SINCE JUL 1      0.0                       1.6             0.0
  SNOW DEPTH       0

DEGREE DAYS
 HEATING
  TODAY           15                        19     -4       13
  MONTH TO DATE  500                       509     -9      458
  SINCE DEC 1   1066                      1166   -100     1163
  SINCE JUL 1   1463                      1711   -248     1814

 COOLING
  TODAY            0                         0      0        0
  MONTH TO DATE    0                         0      0        0
  SINCE DEC 1      0                         0      0        0
  SINCE JAN 1      0                         0      0        0
..................................................................


WIND (MPH)
  HIGHEST WIND SPEED    16   HIGHEST WIND DIRECTION    NE (50)
  HIGHEST GUST SPEED    19   HIGHEST GUST DIRECTION     E (70)
  AVERAGE WIND SPEED     7.0


SKY COVER
  POSSIBLE SUNSHINE  MM
  AVERAGE SKY COVER 0.0


WEATHER CONDITIONS
 THE FOLLOWING WEATHER WAS RECORDED TODAY.
  NO SIGNIFICANT WEATHER WAS OBSERVED.


RELATIVE HUMIDITY (PERCENT)
 HIGHEST    78           500 AM
 LOWEST     23           200 PM
 AVERAGE    51

..........................................................


THE LANCASTER CLIMATE NORMALS FOR TOMORROW
                         NORMAL    RECORD    YEAR
 MAXIMUM TEMPERATURE (F)   59        78      1951
 MINIMUM TEMPERATURE (F)   32        10      1949


SUNRISE AND SUNSET
JANUARY 25 2015.......SUNRISE   656 AM PST   SUNSET   515 PM PST
JANUARY 26 2015.......SUNRISE   655 AM PST   SUNSET   516 PM PST


-  INDICATES NEGATIVE NUMBERS.
R  INDICATES RECORD WAS SET OR TIED.
MM INDICATES DATA IS MISSING.
T  INDICATES TRACE AMOUNT.




$$
