000
CDUS46 KLOX 200912
CLIWJF


CLIMATE REPORT
NATIONAL WEATHER SERVICE LOS ANGELES/OXNARD CA
211 AM PDT MON OCT 20 2014


...................................

...THE LANCASTER FOX FIELD CA CLIMATE SUMMARY FOR OCTOBER 19 2014...

CLIMATE NORMAL PERIOD 1981 TO 2010
CLIMATE RECORD PERIOD 1948 TO 2014


WEATHER ITEM   OBSERVED TIME   RECORD YEAR NORMAL DEPARTURE
                VALUE   (LST)  VALUE       VALUE  FROM
                                                  NORMAL
...............................................................
TEMPERATURE (F)
 YESTERDAY
  MAXIMUM         85    312 PM  91    2003  78      7
  MINIMUM         44    544 AM  30    1971  45     -1
  AVERAGE         65                        62      3

PRECIPITATION (IN)
  YESTERDAY        0.00          1.13 2010   0.01  -0.01
  MONTH TO DATE    0.00                      0.21  -0.21
  SINCE JUL 1      0.03                      0.55  -0.52
  SINCE JAN 1      2.35                      5.46  -3.11

SNOWFALL (IN)
  YESTERDAY        0.0           0.0    MM
  MONTH TO DATE    0.0
  SINCE SEP 1      0.0
  SINCE JUL 1      0.0
  SNOW DEPTH       0

DEGREE DAYS
 HEATING
  YESTERDAY        0                               -4
  MONTH TO DATE    9                              -41
  SINCE SEP 1     11                              -51
  SINCE JUL 1     11                              -51

 COOLING
  YESTERDAY        0                               -1
  MONTH TO DATE   71                               26
  SINCE SEP 1    401                               85
  SINCE JAN 1   2052                              177
...............................................................


WIND (MPH)
  HIGHEST WIND SPEED    16   HIGHEST WIND DIRECTION    SW (240)
  HIGHEST GUST SPEED    19   HIGHEST GUST DIRECTION    SW (230)
  AVERAGE WIND SPEED     3.5




RELATIVE HUMIDITY (PERCENT)
 HIGHEST    62
 LOWEST     19
 AVERAGE    41

..........................................................


THE LANCASTER FOX FIELD CA CLIMATE NORMALS FOR TODAY
                         NORMAL    RECORD    YEAR
 MAXIMUM TEMPERATURE (F)   78        95      2003
 MINIMUM TEMPERATURE (F)   45        31      1949


SUNRISE AND SUNSET
OCTOBER 20 2014.......SUNRISE   703 AM PDT   SUNSET   612 PM PDT
OCTOBER 21 2014.......SUNRISE   704 AM PDT   SUNSET   611 PM PDT


-  INDICATES NEGATIVE NUMBERS.
R  INDICATES RECORD WAS SET OR TIED.
MM INDICATES DATA IS MISSING.
T  INDICATES TRACE AMOUNT.




$$
