000
CDUS46 KLOX 030916
CLIWJF


CLIMATE REPORT
NATIONAL WEATHER SERVICE LOS ANGELES/OXNARD CA
115 AM PST SAT DEC 3 2016


...................................

...THE LANCASTER FOX FIELD CA CLIMATE SUMMARY FOR DECEMBER 2 2016...

CLIMATE NORMAL PERIOD 1981 TO 2010
CLIMATE RECORD PERIOD 1948 TO 2016


WEATHER ITEM   OBSERVED TIME   RECORD YEAR NORMAL DEPARTURE
                VALUE   (LST)  VALUE       VALUE  FROM
                                                  NORMAL
...............................................................
TEMPERATURE (F)
 YESTERDAY
  MAXIMUM         54    133 PM  76    1949  60     -6
  MINIMUM         25    626 AM  17    2004  31     -6
  AVERAGE         40                        46     -6

PRECIPITATION (IN)
  YESTERDAY        0.00          1.14 2014   0.03  -0.03
  MONTH TO DATE    0.00                      0.05  -0.05
  SINCE OCT 1      0.40                      1.03  -0.63
  SINCE JAN 1      2.93                      6.28  -3.35

SNOWFALL (IN)
  YESTERDAY        0.0           0.0    MM
  MONTH TO DATE    0.0
  SINCE DEC 1      0.0
  SINCE JUL 1      0.0
  SNOW DEPTH       0

DEGREE DAYS
 HEATING
  YESTERDAY       25                                6
  MONTH TO DATE   45                                7
  SINCE DEC 1     45                                7
  SINCE JUL 1    471                             -112

 COOLING
  YESTERDAY        0                                0
  MONTH TO DATE    0                                0
  SINCE DEC 1      0                                0
  SINCE JAN 1   2148                              266
...............................................................


WIND (MPH)
  HIGHEST WIND SPEED    33   HIGHEST WIND DIRECTION    NE (50)
  HIGHEST GUST SPEED    43   HIGHEST GUST DIRECTION    NE (50)
  AVERAGE WIND SPEED    13.6




RELATIVE HUMIDITY (PERCENT)
 HIGHEST    82
 LOWEST     13
 AVERAGE    48

..........................................................


THE LANCASTER FOX FIELD CA CLIMATE NORMALS FOR TODAY
                         NORMAL    RECORD    YEAR
 MAXIMUM TEMPERATURE (F)   60        79      1958
 MINIMUM TEMPERATURE (F)   31        17      2004


SUNRISE AND SUNSET
DECEMBER  3 2016......SUNRISE   644 AM PST   SUNSET   442 PM PST
DECEMBER  4 2016......SUNRISE   645 AM PST   SUNSET   442 PM PST


-  INDICATES NEGATIVE NUMBERS.
R  INDICATES RECORD WAS SET OR TIED.
MM INDICATES DATA IS MISSING.
T  INDICATES TRACE AMOUNT.




$$
