112
CDUS46 KLOX 190904
CLIWJF


CLIMATE REPORT
NATIONAL WEATHER SERVICE LOS ANGELES/OXNARD CA
204 AM PDT SAT AUG 19 2017


...................................

...THE LANCASTER FOX FIELD CA CLIMATE SUMMARY FOR AUGUST 18 2017...

CLIMATE NORMAL PERIOD 1981 TO 2010
CLIMATE RECORD PERIOD 1948 TO 2017


WEATHER ITEM   OBSERVED TIME   RECORD YEAR NORMAL DEPARTURE
                VALUE   (LST)  VALUE       VALUE  FROM
                                                  NORMAL
...............................................................
TEMPERATURE (F)
 YESTERDAY
  MAXIMUM         99    250 PM 112    1950  98      1
  MINIMUM         65    527 AM  50    1978  64      1
  AVERAGE         82                        81      1

PRECIPITATION (IN)
  YESTERDAY        0.00          0.05 1979   0.00   0.00
  MONTH TO DATE    0.03                      0.05  -0.02
  SINCE OCT 1      6.54                      7.18  -0.64
  SINCE JAN 1      4.55                      5.05  -0.50

SNOWFALL (IN)
  YESTERDAY        0.0           0.0    MM
  MONTH TO DATE    0.0
  SINCE JUN 1      0.0
  SINCE JUL 1      0.0
  SNOW DEPTH       0

DEGREE DAYS
 HEATING
  YESTERDAY        0                                0
  MONTH TO DATE    0                                0
  SINCE JUN 1      9                                1
  SINCE JUL 1      0                                0

 COOLING
  YESTERDAY       17                                1
  MONTH TO DATE  329                               26
  SINCE JUN 1   1494                              314
  SINCE JAN 1   1655                              286
...............................................................


WIND (MPH)
  HIGHEST WIND SPEED    24   HIGHEST WIND DIRECTION    SW (240)
  HIGHEST GUST SPEED    30   HIGHEST GUST DIRECTION    SW (230)
  AVERAGE WIND SPEED     8.5




RELATIVE HUMIDITY (PERCENT)
 HIGHEST    56
 LOWEST     16
 AVERAGE    36

..........................................................


THE LANCASTER FOX FIELD CA CLIMATE NORMALS FOR TODAY
                         NORMAL    RECORD    YEAR
 MAXIMUM TEMPERATURE (F)   97       113      1950
 MINIMUM TEMPERATURE (F)   64        52      1972


SUNRISE AND SUNSET
AUGUST 19 2017........SUNRISE   617 AM PDT   SUNSET   736 PM PDT
AUGUST 20 2017........SUNRISE   617 AM PDT   SUNSET   734 PM PDT


-  INDICATES NEGATIVE NUMBERS.
R  INDICATES RECORD WAS SET OR TIED.
MM INDICATES DATA IS MISSING.
T  INDICATES TRACE AMOUNT.




$$
