000
CDUS46 KLOX 190857
CLIWJF


CLIMATE REPORT
NATIONAL WEATHER SERVICE LOS ANGELES/OXNARD CA
157 AM PDT THU OCT 19 2017


...................................

...THE LANCASTER FOX FIELD CA CLIMATE SUMMARY FOR OCTOBER 18 2017...

CLIMATE NORMAL PERIOD 1981 TO 2010
CLIMATE RECORD PERIOD 1948 TO 2017


WEATHER ITEM   OBSERVED TIME   RECORD YEAR NORMAL DEPARTURE
                VALUE   (LST)  VALUE       VALUE  FROM
                                                  NORMAL
...............................................................
TEMPERATURE (F)
 YESTERDAY
  MAXIMUM         91    209 PM  94    1988  79     12
  MINIMUM         52    621 AM  31    1998  45      7
  AVERAGE         72                        62     10

PRECIPITATION (IN)
  YESTERDAY        0.00          0.68 2005   0.02  -0.02
  MONTH TO DATE    0.00                      0.20  -0.20
  SINCE OCT 1      0.00                      0.20  -0.20
  SINCE JAN 1      4.62                      5.45  -0.83

SNOWFALL (IN)
  YESTERDAY        0.0           0.0    MM
  MONTH TO DATE    0.0
  SINCE SEP 1      0.0
  SINCE JUL 1      0.0
  SNOW DEPTH       0

DEGREE DAYS
 HEATING
  YESTERDAY        0                               -4
  MONTH TO DATE   60                               14
  SINCE SEP 1     80                               22
  SINCE JUL 1     80                               22

 COOLING
  YESTERDAY        7                                6
  MONTH TO DATE   30                              -14
  SINCE SEP 1    297                              -18
  SINCE JAN 1   2201                              327
...............................................................


WIND (MPH)
  HIGHEST WIND SPEED    22   HIGHEST WIND DIRECTION     W (270)
  HIGHEST GUST SPEED    28   HIGHEST GUST DIRECTION     W (250)
  AVERAGE WIND SPEED     5.9




RELATIVE HUMIDITY (PERCENT)
 HIGHEST    30
 LOWEST      9
 AVERAGE    20

..........................................................


THE LANCASTER FOX FIELD CA CLIMATE NORMALS FOR TODAY
                         NORMAL    RECORD    YEAR
 MAXIMUM TEMPERATURE (F)   78        91      2003
 MINIMUM TEMPERATURE (F)   45        30      1971


SUNRISE AND SUNSET
OCTOBER 19 2017.......SUNRISE   702 AM PDT   SUNSET   613 PM PDT
OCTOBER 20 2017.......SUNRISE   703 AM PDT   SUNSET   612 PM PDT


-  INDICATES NEGATIVE NUMBERS.
R  INDICATES RECORD WAS SET OR TIED.
MM INDICATES DATA IS MISSING.
T  INDICATES TRACE AMOUNT.




$$
