000
CDUS46 KLOX 240915
CLIWJF


CLIMATE REPORT
NATIONAL WEATHER SERVICE LOS ANGELES/OXNARD CA
215 AM PDT FRI MAR 24 2017


...................................

...THE LANCASTER FOX FIELD CA CLIMATE SUMMARY FOR MARCH 23 2017...

CLIMATE NORMAL PERIOD 1981 TO 2010
CLIMATE RECORD PERIOD 1948 TO 2017


WEATHER ITEM   OBSERVED TIME   RECORD YEAR NORMAL DEPARTURE
                VALUE   (LST)  VALUE       VALUE  FROM
                                                  NORMAL
...............................................................
TEMPERATURE (F)
 YESTERDAY
  MAXIMUM         62    242 PM  84    1990  68     -6
  MINIMUM         41    522 AM  27    1966  40      1
  AVERAGE         52                        54     -2

PRECIPITATION (IN)
  YESTERDAY        0.00          0.39 1995   0.03  -0.03
  MONTH TO DATE    0.17                      0.93  -0.76
  SINCE OCT 1      6.51                      6.34   0.17
  SINCE JAN 1      4.52                      4.21   0.31

SNOWFALL (IN)
  YESTERDAY        0.0           T    1995
  MONTH TO DATE    0.0
  SINCE MAR 1      0.0
  SINCE JUL 1      0.0
  SNOW DEPTH       0

DEGREE DAYS
 HEATING
  YESTERDAY       13                                2
  MONTH TO DATE  209                              -76
  SINCE MAR 1    209                              -76
  SINCE JUL 1   2208                             -370

 COOLING
  YESTERDAY        0                                0
  MONTH TO DATE    4                                4
  SINCE MAR 1      4                                4
  SINCE JAN 1      4                                4
...............................................................


WIND (MPH)
  HIGHEST WIND SPEED    31   HIGHEST WIND DIRECTION     W (280)
  HIGHEST GUST SPEED    37   HIGHEST GUST DIRECTION     W (260)
  AVERAGE WIND SPEED    19.4




RELATIVE HUMIDITY (PERCENT)
 HIGHEST    83
 LOWEST     29
 AVERAGE    56

..........................................................


THE LANCASTER FOX FIELD CA CLIMATE NORMALS FOR TODAY
                         NORMAL    RECORD    YEAR
 MAXIMUM TEMPERATURE (F)   69        86      1956
 MINIMUM TEMPERATURE (F)   40        27      2009


SUNRISE AND SUNSET
MARCH 24 2017.........SUNRISE   650 AM PDT   SUNSET   708 PM PDT
MARCH 25 2017.........SUNRISE   649 AM PDT   SUNSET   709 PM PDT


-  INDICATES NEGATIVE NUMBERS.
R  INDICATES RECORD WAS SET OR TIED.
MM INDICATES DATA IS MISSING.
T  INDICATES TRACE AMOUNT.




$$
