000
CDUS46 KLOX 150914
CLIWJF


CLIMATE REPORT
NATIONAL WEATHER SERVICE LOS ANGELES/OXNARD CA
114 AM PST FRI DEC 15 2017


...................................

...THE LANCASTER FOX FIELD CA CLIMATE SUMMARY FOR DECEMBER 14 2017...

CLIMATE NORMAL PERIOD 1981 TO 2010
CLIMATE RECORD PERIOD 1948 TO 2017


WEATHER ITEM   OBSERVED TIME   RECORD YEAR NORMAL DEPARTURE
                VALUE   (LST)  VALUE       VALUE  FROM
                                                  NORMAL
...............................................................
TEMPERATURE (F)
 YESTERDAY
  MAXIMUM         71    310 PM  77    1977  58     13
  MINIMUM         21    658 AM  17    1989  29     -8
                                      1949
  AVERAGE         46                        43      3

PRECIPITATION (IN)
  YESTERDAY        0.00          0.25 1970   0.04  -0.04
  MONTH TO DATE    0.00                      0.42  -0.42
  SINCE OCT 1      0.02                      1.40  -1.38
  SINCE JAN 1      4.64                      6.65  -2.01

SNOWFALL (IN)
  YESTERDAY        0.0           0.0    MM
  MONTH TO DATE    0.0
  SINCE DEC 1      0.0
  SINCE JUL 1      0.0
  SNOW DEPTH       0

DEGREE DAYS
 HEATING
  YESTERDAY       19                               -3
  MONTH TO DATE  281                               -6
  SINCE DEC 1    281                               -6
  SINCE JUL 1    643                             -189

 COOLING
  YESTERDAY        0                                0
  MONTH TO DATE    0                                0
  SINCE DEC 1      0                                0
  SINCE JAN 1   2216                              334
...............................................................


WIND (MPH)
  HIGHEST WIND SPEED    21   HIGHEST WIND DIRECTION     E (70)
  HIGHEST GUST SPEED    24   HIGHEST GUST DIRECTION    NE (60)
  AVERAGE WIND SPEED     6.5




RELATIVE HUMIDITY (PERCENT)
 HIGHEST    32
 LOWEST      9
 AVERAGE    21

..........................................................


THE LANCASTER FOX FIELD CA CLIMATE NORMALS FOR TODAY
                         NORMAL    RECORD    YEAR
 MAXIMUM TEMPERATURE (F)   57        72      1998
 MINIMUM TEMPERATURE (F)   29        18      1990


SUNRISE AND SUNSET
DECEMBER 15 2017......SUNRISE   653 AM PST   SUNSET   443 PM PST
DECEMBER 16 2017......SUNRISE   654 AM PST   SUNSET   444 PM PST


-  INDICATES NEGATIVE NUMBERS.
R  INDICATES RECORD WAS SET OR TIED.
MM INDICATES DATA IS MISSING.
T  INDICATES TRACE AMOUNT.




$$
