000
CDUS45 KLKN 070934
CLIWMC


CLIMATE REPORT
NATIONAL WEATHER SERVICE ELKO NV
134 AM PST SUN FEB 7 2016


...................................

...THE WINNEMUCCA AIRPORT NV CLIMATE SUMMARY FOR FEBRUARY 6 2016...

CLIMATE NORMAL PERIOD 1981 TO 2010
CLIMATE RECORD PERIOD 1877 TO 2016


WEATHER ITEM   OBSERVED TIME   RECORD YEAR NORMAL DEPARTURE LAST
                VALUE   (LST)  VALUE       VALUE  FROM      YEAR
                                                  NORMAL
..................................................................
TEMPERATURE (F)
 YESTERDAY
  MAXIMUM         44    301 PM  68    2015  45     -1       68
  MINIMUM         22    713 AM -17    1989  22      0       43
                                      1903
  AVERAGE         33                        33      0       56

PRECIPITATION (IN)
  YESTERDAY        0.00          0.57 1937   0.02  -0.02     0.12
  MONTH TO DATE    0.09                      0.14  -0.05     0.19
  SINCE OCT 1      6.27                      3.49   2.78     3.16
  SINCE JAN 1      1.99                      1.01   0.98     0.59

SNOWFALL (IN)
  YESTERDAY        0.0           9.2  1937   0.2   -0.2      0.0
  MONTH TO DATE    1.2                       0.9    0.3      0.0
  SINCE DEC 1     19.1                      10.0    9.1       T
  SINCE JUL 1     19.4                      13.5    5.9      2.3
  SNOW DEPTH       1

DEGREE DAYS
 HEATING
  YESTERDAY       32                        32      0        9
  MONTH TO DATE  223                       194     29      111
  SINCE DEC 1   2310                      2379    -69     1922
  SINCE JUL 1   3659                      3947   -288     3216

 COOLING
  YESTERDAY        0                         0      0        0
  MONTH TO DATE    0                         0      0        0
  SINCE DEC 1      0                         0      0        0
  SINCE JAN 1      0                         0      0        0
..................................................................


WIND (MPH)
  HIGHEST WIND SPEED    15   HIGHEST WIND DIRECTION    NE (30)
  HIGHEST GUST SPEED    19   HIGHEST GUST DIRECTION    NE (30)
  AVERAGE WIND SPEED     6.4



WEATHER CONDITIONS
 THE FOLLOWING WEATHER WAS RECORDED YESTERDAY.
  NO SIGNIFICANT WEATHER WAS OBSERVED.


RELATIVE HUMIDITY (PERCENT)
 HIGHEST    92           700 AM
 LOWEST     54          1200 PM
 AVERAGE    73

..........................................................


THE WINNEMUCCA AIRPORT NV CLIMATE NORMALS FOR TODAY
                         NORMAL    RECORD    YEAR
 MAXIMUM TEMPERATURE (F)   45        64      1963
                                             1954
                                             1951
 MINIMUM TEMPERATURE (F)   22       -21      1989


SUNRISE AND SUNSET
FEBRUARY  7 2016......SUNRISE   656 AM PST   SUNSET   515 PM PST
FEBRUARY  8 2016......SUNRISE   655 AM PST   SUNSET   517 PM PST


-  INDICATES NEGATIVE NUMBERS.
R  INDICATES RECORD WAS SET OR TIED.
MM INDICATES DATA IS MISSING.
T  INDICATES TRACE AMOUNT.




$$
