000
CDUS45 KLKN 200927
CLIWMC


CLIMATE REPORT
NATIONAL WEATHER SERVICE ELKO NV
226 AM PDT WED AUG 20 2014


...................................

...THE WINNEMUCCA AIRPORT NV CLIMATE SUMMARY FOR AUGUST 19 2014...

CLIMATE NORMAL PERIOD 1981 TO 2010
CLIMATE RECORD PERIOD 1877 TO 2014


WEATHER ITEM   OBSERVED TIME   RECORD YEAR NORMAL DEPARTURE LAST
                VALUE   (LST)  VALUE       VALUE  FROM      YEAR
                                                  NORMAL
..................................................................
TEMPERATURE (F)
 YESTERDAY
  MAXIMUM         94    316 PM 102    2003  91      3       90
  MINIMUM         48    517 AM  33    1978  48      0       61
  AVERAGE         71                        70      1       76

PRECIPITATION (IN)
  YESTERDAY        0.00          0.70 1975   0.01  -0.01      T
  MONTH TO DATE    0.49                      0.11   0.38     0.01
  SINCE OCT 1      7.24                      7.77  -0.53     4.68
  SINCE JAN 1      4.58                      5.29  -0.71     2.27

SNOWFALL (IN)
  YESTERDAY        0.0           T    1990   0.0    0.0      0.0
  MONTH TO DATE    0.0                       0.0    0.0      0.0
  SINCE JUN 1      0.0                       T      0.0       T
  SINCE JUL 1      0.0                       0.0    0.0       T
  SNOW DEPTH       0

DEGREE DAYS
 HEATING
  YESTERDAY        0                         1     -1        0
  MONTH TO DATE    4                         3      1        0
  SINCE JUN 1     78                       118    -40       70
  SINCE JUL 1      4                        13     -9        0

 COOLING
  YESTERDAY        6                         5      1       11
  MONTH TO DATE  116                       131    -15      111
  SINCE JUN 1    584                       453    131      612
  SINCE JAN 1    593                       464    129      613
..................................................................


WIND (MPH)
  HIGHEST WIND SPEED    28   HIGHEST WIND DIRECTION    NW (310)
  HIGHEST GUST SPEED    36   HIGHEST GUST DIRECTION    NW (310)
  AVERAGE WIND SPEED     8.0



WEATHER CONDITIONS
 THE FOLLOWING WEATHER WAS RECORDED YESTERDAY.
  HAZE


RELATIVE HUMIDITY (PERCENT)
 HIGHEST    39           500 AM
 LOWEST      8           300 PM
 AVERAGE    24

..........................................................


THE WINNEMUCCA AIRPORT NV CLIMATE NORMALS FOR TODAY
                         NORMAL    RECORD    YEAR
 MAXIMUM TEMPERATURE (F)   91       101      2009
 MINIMUM TEMPERATURE (F)   48        30      1974


SUNRISE AND SUNSET
AUGUST 20 2014........SUNRISE   606 AM PDT   SUNSET   742 PM PDT
AUGUST 21 2014........SUNRISE   607 AM PDT   SUNSET   741 PM PDT


-  INDICATES NEGATIVE NUMBERS.
R  INDICATES RECORD WAS SET OR TIED.
MM INDICATES DATA IS MISSING.
T  INDICATES TRACE AMOUNT.




$$
