000
CDUS45 KLKN 200934
CLIWMC


CLIMATE REPORT
NATIONAL WEATHER SERVICE ELKO NV
133 AM PST MON FEB 20 2017


...................................

...THE WINNEMUCCA AIRPORT NV CLIMATE SUMMARY FOR FEBRUARY 19 2017...

CLIMATE NORMAL PERIOD 1981 TO 2010
CLIMATE RECORD PERIOD 1877 TO 2017


WEATHER ITEM   OBSERVED TIME   RECORD YEAR NORMAL DEPARTURE LAST
                VALUE   (LST)  VALUE       VALUE  FROM      YEAR
                                                  NORMAL
..................................................................
TEMPERATURE (F)
 YESTERDAY
  MAXIMUM         56    401 PM  74    1981  49      7       56
  MINIMUM         34    349 AM -15    1882  24     10       23
  AVERAGE         45                        36      9       40

PRECIPITATION (IN)
  YESTERDAY        0.00          0.52 1892   0.03  -0.03     0.00
  MONTH TO DATE    0.40                      0.44  -0.04     0.21
  SINCE OCT 1      6.75                      3.79   2.96     6.39
  SINCE JAN 1      2.21                      1.31   0.90     2.11

SNOWFALL (IN)
  YESTERDAY        0.0           3.7  1880   0.1   -0.1      0.0
  MONTH TO DATE    T                         2.5   -2.5      1.2
  SINCE DEC 1     14.5                      11.6    2.9     19.1
  SINCE JUL 1     15.1                      15.1    0.0     19.4
  SNOW DEPTH       0

DEGREE DAYS
 HEATING
  YESTERDAY       20                        29     -9       25
  MONTH TO DATE  435                       587   -152      514
  SINCE DEC 1   2810                      2772     38     2601
  SINCE JUL 1   4145                      4340   -195     3950

 COOLING
  YESTERDAY        0                         0      0        0
  MONTH TO DATE    0                         0      0        0
  SINCE DEC 1      0                         0      0        0
  SINCE JAN 1      0                         0      0        0
..................................................................


WIND (MPH)
  HIGHEST WIND SPEED    30   HIGHEST WIND DIRECTION    SW (220)
  HIGHEST GUST SPEED    39   HIGHEST GUST DIRECTION    SW (240)
  AVERAGE WIND SPEED     9.1



WEATHER CONDITIONS
 THE FOLLOWING WEATHER WAS RECORDED YESTERDAY.
  NO SIGNIFICANT WEATHER WAS OBSERVED.


RELATIVE HUMIDITY (PERCENT)
 HIGHEST   100           400 AM
 LOWEST     35           200 PM
 AVERAGE    68

..........................................................


THE WINNEMUCCA AIRPORT NV CLIMATE NORMALS FOR TODAY
                         NORMAL    RECORD    YEAR
 MAXIMUM TEMPERATURE (F)   49        69      1982
                                             1977
 MINIMUM TEMPERATURE (F)   24       -15      1882


SUNRISE AND SUNSET
FEBRUARY 20 2017......SUNRISE   638 AM PST   SUNSET   532 PM PST
FEBRUARY 21 2017......SUNRISE   637 AM PST   SUNSET   533 PM PST


-  INDICATES NEGATIVE NUMBERS.
R  INDICATES RECORD WAS SET OR TIED.
MM INDICATES DATA IS MISSING.
T  INDICATES TRACE AMOUNT.




$$
