000
CDUS45 KLKN 170934
CLIWMC


CLIMATE REPORT
NATIONAL WEATHER SERVICE ELKO NV
133 AM PST FRI NOV 17  2017


...................................

...THE WINNEMUCCA AIRPORT NV CLIMATE SUMMARY FOR NOVEMBER 16 2017...

CLIMATE NORMAL PERIOD 1981 TO 2010
CLIMATE RECORD PERIOD 1877 TO 2017


WEATHER ITEM   OBSERVED TIME   RECORD YEAR NORMAL DEPARTURE LAST
                VALUE   (LST)  VALUE       VALUE  FROM      YEAR
                                                  NORMAL
..................................................................
TEMPERATURE (F)
 YESTERDAY
  MAXIMUM         55   1142 AM  69    1949  51      4       49
  MINIMUM         40   1157 PM   1    1886  22     18       21
  AVERAGE         48                        37     11       35

PRECIPITATION (IN)
  YESTERDAY        0.30          0.77 1937   0.03   0.27     0.02
  MONTH TO DATE    0.50                      0.45   0.05     0.12
  SINCE OCT 1      0.58                      1.12  -0.54     2.06
  SINCE JAN 1      7.66                      6.92   0.74     6.88

SNOWFALL (IN)
  YESTERDAY        0.0           4.1  1955   0.1   -0.1       T
  MONTH TO DATE    0.0                       1.1   -1.1       T
  SINCE SEP 1      0.0                       1.6   -1.6       T
  SINCE JUL 1      0.0                       1.6   -1.6       T
  SNOW DEPTH       0

DEGREE DAYS
 HEATING
  YESTERDAY       17                        28    -11       30
  MONTH TO DATE  333                       410    -77      287
  SINCE SEP 1   1142                      1105     37      918
  SINCE JUL 1   1142                      1135      7      938

 COOLING
  YESTERDAY        0                         0      0        0
  MONTH TO DATE    0                         0      0        0
  SINCE SEP 1    120                        31     89       12
  SINCE JAN 1    927                       541    386      577
..................................................................


WIND (MPH)
  HIGHEST WIND SPEED    30   HIGHEST WIND DIRECTION     S (180)
  HIGHEST GUST SPEED    41   HIGHEST GUST DIRECTION     S (180)
  AVERAGE WIND SPEED    15.4



WEATHER CONDITIONS
 THE FOLLOWING WEATHER WAS RECORDED YESTERDAY.
  RAIN
  LIGHT RAIN
  FOG


RELATIVE HUMIDITY (PERCENT)
 HIGHEST    93           400 PM
 LOWEST     71           300 AM
 AVERAGE    82

..........................................................


THE WINNEMUCCA AIRPORT NV CLIMATE NORMALS FOR TODAY
                         NORMAL    RECORD    YEAR
 MAXIMUM TEMPERATURE (F)   50        70      1995
 MINIMUM TEMPERATURE (F)   22         0      1880


SUNRISE AND SUNSET
NOVEMBER 17 2017......SUNRISE   641 AM PST   SUNSET   431 PM PST
NOVEMBER 18 2017......SUNRISE   642 AM PST   SUNSET   430 PM PST


-  INDICATES NEGATIVE NUMBERS.
R  INDICATES RECORD WAS SET OR TIED.
MM INDICATES DATA IS MISSING.
T  INDICATES TRACE AMOUNT.




$$
