000
CDUS45 KLKN 240945
CLIWMC


CLIMATE REPORT
NATIONAL WEATHER SERVICE ELKO NV
245 AM PDT SUN SEP 4  2017


...................................

...THE WINNEMUCCA AIRPORT NV CLIMATE SUMMARY FOR SEPTEMBER 23 2017...

CLIMATE NORMAL PERIOD 1981 TO 2010
CLIMATE RECORD PERIOD 1877 TO 2017


WEATHER ITEM   OBSERVED TIME   RECORD YEAR NORMAL DEPARTURE LAST
                VALUE   (LST)  VALUE       VALUE  FROM      YEAR
                                                  NORMAL
..................................................................
TEMPERATURE (F)
 YESTERDAY
  MAXIMUM         59        MM  93    2011  78    -19       65
                                      1987
  MINIMUM         20R       MM  21    1977  37    -17       30
  AVERAGE         40                        57    -17       48

PRECIPITATION (IN)
  YESTERDAY        0.00          0.53 1896   0.02  -0.02     0.00
  MONTH TO DATE    0.16                      0.31  -0.15     0.24
  SINCE OCT 1     11.62                      8.15   3.47     9.10
  SINCE JAN 1      7.08                      5.67   1.41     4.82

SNOWFALL (IN)
  YESTERDAY        0.0           0.0  1877   0.0    0.0      0.0
  MONTH TO DATE    0.0                       0.0    0.0      0.0
  SINCE SEP 1      0.0                       0.0    0.0      0.0
  SINCE JUL 1      0.0                       0.0    0.0      0.0
  SNOW DEPTH       0

DEGREE DAYS
 HEATING
  YESTERDAY       25                         8     17       17
  MONTH TO DATE  137                       108     29      145
  SINCE SEP 1    137                       108     29      145
  SINCE JUL 1    137                       138     -1      165

 COOLING
  YESTERDAY        0                         0      0        0
  MONTH TO DATE  120                        29     91        7
  SINCE SEP 1    120                        29     91        7
  SINCE JAN 1    927                       539    388      572
..................................................................


WIND (MPH)
  HIGHEST WIND SPEED    13   HIGHEST WIND DIRECTION    NE (30)
  HIGHEST GUST SPEED    17   HIGHEST GUST DIRECTION    NE (30)
  AVERAGE WIND SPEED     4.2



WEATHER CONDITIONS
 THE FOLLOWING WEATHER WAS RECORDED YESTERDAY.
  HAZE


RELATIVE HUMIDITY (PERCENT)
 HIGHEST   100           500 AM
 LOWEST     26           300 PM
 AVERAGE    63

..........................................................


THE WINNEMUCCA AIRPORT NV CLIMATE NORMALS FOR TODAY
                         NORMAL    RECORD    YEAR
 MAXIMUM TEMPERATURE (F)   77        93      2011
 MINIMUM TEMPERATURE (F)   37        12      1958


SUNRISE AND SUNSET
SEPTEMBER 24 2017.....SUNRISE   641 AM PDT   SUNSET   644 PM PDT
SEPTEMBER 25 2017.....SUNRISE   642 AM PDT   SUNSET   643 PM PDT


-  INDICATES NEGATIVE NUMBERS.
R  INDICATES RECORD WAS SET OR TIED.
MM INDICATES DATA IS MISSING.
T  INDICATES TRACE AMOUNT.




$$
