000
CDUS45 KLKN 230928
CLIWMC


CLIMATE REPORT
NATIONAL WEATHER SERVICE ELKO NV
226 AM PDT SUN JUL 23 2017


...................................

...THE WINNEMUCCA AIRPORT NV CLIMATE SUMMARY FOR JULY 22 2017...

CLIMATE NORMAL PERIOD 1981 TO 2010
CLIMATE RECORD PERIOD 1877 TO 2017


WEATHER ITEM   OBSERVED TIME   RECORD YEAR NORMAL DEPARTURE LAST
                VALUE   (LST)  VALUE       VALUE  FROM      YEAR
                                                  NORMAL
..................................................................
TEMPERATURE (F)
 YESTERDAY
  MAXIMUM        101    254 PM 107    2003  95      6       94
  MINIMUM         63    439 AM  37    1999  53     10       47
  AVERAGE         82                        74      8       71

PRECIPITATION (IN)
  YESTERDAY        0.00          0.86 1984   0.01  -0.01     0.00
  MONTH TO DATE    0.01                      0.17  -0.16      T
  SINCE OCT 1     11.01                      7.58   3.43     8.86
  SINCE JAN 1      6.47                      5.10   1.37     4.58

SNOWFALL (IN)
  YESTERDAY        0.0           0.0  1877   0.0    0.0      0.0
  MONTH TO DATE    0.0                       0.0    0.0      0.0
  SINCE JUN 1      0.0                       T      0.0      0.0
  SINCE JUL 1      0.0                       0.0    0.0      0.0
  SNOW DEPTH       0

DEGREE DAYS
 HEATING
  YESTERDAY        0                         0      0        0
  MONTH TO DATE    0                         6     -6       17
  SINCE JUN 1     73                       111    -38       71
  SINCE JUL 1      0                         6     -6       17

 COOLING
  YESTERDAY       17                         9      8        6
  MONTH TO DATE  255                       166     89      125
  SINCE JUN 1    395                       245    150      258
  SINCE JAN 1    402                       256    146      258
..................................................................


WIND (MPH)
  HIGHEST WIND SPEED    25   HIGHEST WIND DIRECTION    NE (50)
  HIGHEST GUST SPEED    30   HIGHEST GUST DIRECTION    NE (40)
  AVERAGE WIND SPEED    12.1



WEATHER CONDITIONS
 THE FOLLOWING WEATHER WAS RECORDED YESTERDAY.
  NO SIGNIFICANT WEATHER WAS OBSERVED.


RELATIVE HUMIDITY (PERCENT)
 HIGHEST    26           300 AM
 LOWEST      8           200 PM
 AVERAGE    17

..........................................................


THE WINNEMUCCA AIRPORT NV CLIMATE NORMALS FOR TODAY
                         NORMAL    RECORD    YEAR
 MAXIMUM TEMPERATURE (F)   95       107      2003
 MINIMUM TEMPERATURE (F)   53        38      1973


SUNRISE AND SUNSET
JULY 23 2017..........SUNRISE   539 AM PDT   SUNSET   816 PM PDT
JULY 24 2017..........SUNRISE   540 AM PDT   SUNSET   815 PM PDT


-  INDICATES NEGATIVE NUMBERS.
R  INDICATES RECORD WAS SET OR TIED.
MM INDICATES DATA IS MISSING.
T  INDICATES TRACE AMOUNT.




$$
