000
CDUS45 KLKN 180036
CLIWMC


CLIMATE REPORT
NATIONAL WEATHER SERVICE ELKO NV
431 PM PST WED DEC 17 2014


...................................

...THE WINNEMUCCA AIRPORT NV CLIMATE SUMMARY FOR DECEMBER 17 2014...
VALID TODAY AS OF 400 PM LOCAL TIME.

CLIMATE NORMAL PERIOD 1981 TO 2010
CLIMATE RECORD PERIOD 1877 TO 2014


WEATHER ITEM   OBSERVED TIME   RECORD YEAR NORMAL DEPARTURE LAST
                VALUE   (LST)  VALUE       VALUE  FROM      YEAR
                                                  NORMAL
..................................................................
TEMPERATURE (F)
 TODAY
  MAXIMUM         44    348 PM  58    1979  41      3       29
  MINIMUM         21    518 AM -12    2008  17      4       -1
  AVERAGE         33                        29      4       14

PRECIPITATION (IN)
  TODAY            0.00          0.36 1977   0.03  -0.03     0.00
  MONTH TO DATE    0.12                      0.49  -0.37     0.55
  SINCE OCT 1      1.53                      2.04  -0.51     2.60
  SINCE JAN 1      7.51                      7.84  -0.33     5.66

SNOWFALL (IN)
  TODAY            0.0           2.8  1910   0.2   -0.2      0.0
  MONTH TO DATE    T                         2.8   -2.8      9.1
  SINCE DEC 1      T                         2.8   -2.8      9.1
  SINCE JUL 1      2.3                       6.3   -4.0     15.7
  SNOW DEPTH       0

DEGREE DAYS
 HEATING
  TODAY           32                        36     -4       51
  MONTH TO DATE  438                       595   -157      879
  SINCE DEC 1    438                       595   -157      879
  SINCE JUL 1   1732                      2163   -431     2424

 COOLING
  TODAY            0                         0      0        0
  MONTH TO DATE    0                         0      0        0
  SINCE DEC 1      0                         0      0        0
  SINCE JAN 1    674                       541    133      762
..................................................................


WIND (MPH)
  HIGHEST WIND SPEED    12   HIGHEST WIND DIRECTION    NE (60)
  HIGHEST GUST SPEED    13   HIGHEST GUST DIRECTION    NE (40)



WEATHER CONDITIONS
 THE FOLLOWING WEATHER WAS RECORDED TODAY.
  NO SIGNIFICANT WEATHER WAS OBSERVED.


RELATIVE HUMIDITY (PERCENT)
 HIGHEST    92          1200 AM
 LOWEST     53           200 PM
 AVERAGE    73

..........................................................


THE WINNEMUCCA AIRPORT NV CLIMATE NORMALS FOR TOMORROW
                         NORMAL    RECORD    YEAR
 MAXIMUM TEMPERATURE (F)   41        61      1958
                                             1917
 MINIMUM TEMPERATURE (F)   17       -22      1924


SUNRISE AND SUNSET
DECEMBER 17 2014......SUNRISE   710 AM PST   SUNSET   425 PM PST
DECEMBER 18 2014......SUNRISE   711 AM PST   SUNSET   425 PM PST


-  INDICATES NEGATIVE NUMBERS.
R  INDICATES RECORD WAS SET OR TIED.
MM INDICATES DATA IS MISSING.
T  INDICATES TRACE AMOUNT.




$$
