000
CDUS45 KLKN 130026
CLIWMC


CLIMATE REPORT
NATIONAL WEATHER SERVICE ELKO NV
525 PM PDT SAT JUL 12 2014


...................................

...THE WINNEMUCCA AIRPORT NV CLIMATE SUMMARY FOR JULY 12 2014...
VALID TODAY AS OF 0500 PM LOCAL TIME.

CLIMATE NORMAL PERIOD 1981 TO 2010
CLIMATE RECORD PERIOD 1877 TO 2014


WEATHER ITEM   OBSERVED TIME   RECORD YEAR NORMAL DEPARTURE LAST
                VALUE   (LST)  VALUE       VALUE  FROM      YEAR
                                                  NORMAL
..................................................................
TEMPERATURE (F)
 TODAY
  MAXIMUM         96    320 PM 108    2002  93      3       93
  MINIMUM         65    511 AM  35    1974  52     13       50
  AVERAGE         81                        72      9       72

PRECIPITATION (IN)
  TODAY            0.00          0.39 1964   0.01  -0.01     0.00
  MONTH TO DATE    T                         0.10  -0.10     0.27
  SINCE OCT 1      6.65                      7.51  -0.86     4.64
  SINCE JAN 1      3.99                      5.03  -1.04     2.23

SNOWFALL (IN)
  TODAY            0.0           0.0  1877   0.0    0.0      0.0
  MONTH TO DATE    0.0                       0.0    0.0       T
  SINCE JUN 1      0.0                       T      0.0       T
  SINCE JUL 1      0.0                       0.0    0.0       T
  SNOW DEPTH       0

DEGREE DAYS
 HEATING
  TODAY            0                         0      0        0
  MONTH TO DATE    0                         6     -6        0
  SINCE JUN 1     74                       111    -37       70
  SINCE JUL 1      0                         6     -6        0

 COOLING
  TODAY           16                         8      8        7
  MONTH TO DATE  165                        80     85      158
  SINCE JUN 1    239                       159     80      286
  SINCE JAN 1    248                       170     78      287
..................................................................


WIND (MPH)
  HIGHEST WIND SPEED    20   HIGHEST WIND DIRECTION     N (20)
  HIGHEST GUST SPEED    23   HIGHEST GUST DIRECTION     N (20)



WEATHER CONDITIONS
 THE FOLLOWING WEATHER WAS RECORDED TODAY.
  NO SIGNIFICANT WEATHER WAS OBSERVED.


RELATIVE HUMIDITY (PERCENT)
 HIGHEST    60           500 AM
 LOWEST     19           300 PM
 AVERAGE    40

..........................................................


THE WINNEMUCCA AIRPORT NV CLIMATE NORMALS FOR TOMORROW
                         NORMAL    RECORD    YEAR
 MAXIMUM TEMPERATURE (F)   93       106      2002
 MINIMUM TEMPERATURE (F)   52        32      1995


SUNRISE AND SUNSET
JULY 12 2014..........SUNRISE   530 AM PDT   SUNSET   823 PM PDT
JULY 13 2014..........SUNRISE   531 AM PDT   SUNSET   823 PM PDT


-  INDICATES NEGATIVE NUMBERS.
R  INDICATES RECORD WAS SET OR TIED.
MM INDICATES DATA IS MISSING.
T  INDICATES TRACE AMOUNT.




$$
