963
CDUS45 KLKN 260927
CLIWMC


CLIMATE REPORT
NATIONAL WEATHER SERVICE ELKO NV
227 AM PDT THU MAY 26 2016


...................................

...THE WINNEMUCCA AIRPORT NV CLIMATE SUMMARY FOR MAY 25 2016...

CLIMATE NORMAL PERIOD 1981 TO 2010
CLIMATE RECORD PERIOD 1877 TO 2016


WEATHER ITEM   OBSERVED TIME   RECORD YEAR NORMAL DEPARTURE LAST
                VALUE   (LST)  VALUE       VALUE  FROM      YEAR
                                                  NORMAL
..................................................................
TEMPERATURE (F)
 YESTERDAY
  MAXIMUM         67   1236 PM  94    2001  75     -8       71
                                      1992
  MINIMUM         36    311 AM  26    2010  40     -4       43
  AVERAGE         52                        58     -6       57

PRECIPITATION (IN)
  YESTERDAY        0.11          0.76 1987   0.04   0.07      T
  MONTH TO DATE    0.65                      0.93  -0.28     2.24
  SINCE OCT 1      8.85                      6.66   2.19     7.98
  SINCE JAN 1      4.57                      4.18   0.39     5.41

SNOWFALL (IN)
  YESTERDAY        0.0           1.5  1953   0.0    0.0      0.0
  MONTH TO DATE    0.0                       0.1   -0.1      0.0
  SINCE MAR 1      1.7                       4.9   -3.2      2.4
  SINCE JUL 1     21.1                      20.9    0.2      5.3
  SNOW DEPTH       0

DEGREE DAYS
 HEATING
  YESTERDAY       13                         8      5        8
  MONTH TO DATE  276                       276      0      283
  SINCE MAR 1   1398                      1567   -169     1458
  SINCE JUL 1   5575                      6156   -581     5240

 COOLING
  YESTERDAY        0                         1     -1        0
  MONTH TO DATE    0                         3     -3        0
  SINCE MAR 1      0                         3     -3        0
  SINCE JAN 1      0                         3     -3        0
..................................................................


WIND (MPH)
  HIGHEST WIND SPEED    24   HIGHEST WIND DIRECTION    SE (150)
  HIGHEST GUST SPEED    30   HIGHEST GUST DIRECTION    SE (150)
  AVERAGE WIND SPEED     7.4



WEATHER CONDITIONS
 THE FOLLOWING WEATHER WAS RECORDED YESTERDAY.
  THUNDERSTORM
  HEAVY RAIN
  LIGHT RAIN
  FOG


RELATIVE HUMIDITY (PERCENT)
 HIGHEST    93          1100 PM
 LOWEST     39          1200 PM
 AVERAGE    66

..........................................................


THE WINNEMUCCA AIRPORT NV CLIMATE NORMALS FOR TODAY
                         NORMAL    RECORD    YEAR
 MAXIMUM TEMPERATURE (F)   75        96      1974
 MINIMUM TEMPERATURE (F)   40        28      1997


SUNRISE AND SUNSET
MAY 26 2016...........SUNRISE   525 AM PDT   SUNSET   813 PM PDT
MAY 27 2016...........SUNRISE   524 AM PDT   SUNSET   813 PM PDT


-  INDICATES NEGATIVE NUMBERS.
R  INDICATES RECORD WAS SET OR TIED.
MM INDICATES DATA IS MISSING.
T  INDICATES TRACE AMOUNT.




$$
