000
CDUS45 KLKN 260039
CLIWMC


CLIMATE REPORT
NATIONAL WEATHER SERVICE ELKO NV
539 PM PDT MON MAY 25 2015


...................................

...THE WINNEMUCCA AIRPORT NV CLIMATE SUMMARY FOR MAY 25 2015...
VALID TODAY AS OF 0500 PM LOCAL TIME.

CLIMATE NORMAL PERIOD 1981 TO 2010
CLIMATE RECORD PERIOD 1877 TO 2015


WEATHER ITEM   OBSERVED TIME   RECORD YEAR NORMAL DEPARTURE LAST
                VALUE   (LST)  VALUE       VALUE  FROM      YEAR
                                                  NORMAL
..................................................................
TEMPERATURE (F)
 TODAY
  MAXIMUM         71   1055 AM  94    2001  75     -4       86
                                      1992
  MINIMUM         43    440 AM  26    2010  40      3       38
  AVERAGE         57                        58     -1       62

PRECIPITATION (IN)
  TODAY            T             0.76 1987   0.04  -0.04     0.00
  MONTH TO DATE    2.03                      0.93   1.10     0.74
  SINCE OCT 1      7.77                      6.66   1.11     6.58
  SINCE JAN 1      5.20                      4.18   1.02     3.92

SNOWFALL (IN)
  TODAY            0.0           1.5  1953   0.0    0.0      0.0
  MONTH TO DATE    0.0                       0.1   -0.1      0.0
  SINCE MAR 1      2.4                       4.9   -2.5      1.9
  SINCE JUL 1      5.3                      20.9  -15.6     23.4
  SNOW DEPTH       0

DEGREE DAYS
 HEATING
  TODAY            8                         8      0        3
  MONTH TO DATE  280                       276      4      251
  SINCE MAR 1   1455                      1567   -112     1479
  SINCE JUL 1   5237                      6156   -919     6138

 COOLING
  TODAY            0                         1     -1        0
  MONTH TO DATE    0                         3     -3        4
  SINCE MAR 1      0                         3     -3        4
  SINCE JAN 1      0                         3     -3        4
..................................................................


WIND (MPH)
  HIGHEST WIND SPEED    21   HIGHEST WIND DIRECTION    SE (150)
  HIGHEST GUST SPEED    27   HIGHEST GUST DIRECTION    SE (150)



WEATHER CONDITIONS
 THE FOLLOWING WEATHER WAS RECORDED TODAY.
  LIGHT RAIN


RELATIVE HUMIDITY (PERCENT)
 HIGHEST    96           400 AM
 LOWEST     45          1000 AM
 AVERAGE    71

..........................................................


THE WINNEMUCCA AIRPORT NV CLIMATE NORMALS FOR TOMORROW
                         NORMAL    RECORD    YEAR
 MAXIMUM TEMPERATURE (F)   75        96      1974
 MINIMUM TEMPERATURE (F)   40        28      1997


SUNRISE AND SUNSET
MAY 25 2015...........SUNRISE   526 AM PDT   SUNSET   811 PM PDT
MAY 26 2015...........SUNRISE   525 AM PDT   SUNSET   812 PM PDT


-  INDICATES NEGATIVE NUMBERS.
R  INDICATES RECORD WAS SET OR TIED.
MM INDICATES DATA IS MISSING.
T  INDICATES TRACE AMOUNT.




$$
