000
CDUS45 KLKN 300932
CLIWMC


CLIMATE REPORT
NATIONAL WEATHER SERVICE ELKO NV
131 AM PST FRI JAN 30 2015


...................................

...THE WINNEMUCCA AIRPORT NV CLIMATE SUMMARY FOR JANUARY 29 2015...

CLIMATE NORMAL PERIOD 1981 TO 2010
CLIMATE RECORD PERIOD 1877 TO 2015


WEATHER ITEM   OBSERVED TIME   RECORD YEAR NORMAL DEPARTURE LAST
                VALUE   (LST)  VALUE       VALUE  FROM      YEAR
                                                  NORMAL
..................................................................
TEMPERATURE (F)
 YESTERDAY
  MAXIMUM         51    323 PM  62    1986  43      8       58
                                      1976
  MINIMUM         31    729 AM -19    1957  20     11       39
                                      1949
  AVERAGE         41                        32      9       49

PRECIPITATION (IN)
  YESTERDAY        0.00          0.73 1881   0.02  -0.02     0.18
  MONTH TO DATE    0.40                      0.82  -0.42     0.20
  SINCE OCT 1      2.97                      3.30  -0.33     2.86
  SINCE JAN 1      0.40                      0.82  -0.42     0.20

SNOWFALL (IN)
  YESTERDAY        0.0           4.7  1937   0.1   -0.1      0.0
  MONTH TO DATE    T                         3.5   -3.5      0.0
  SINCE DEC 1      T                         8.8   -8.8      9.9
  SINCE JUL 1      2.3                      12.3  -10.0     16.5
  SNOW DEPTH       0

DEGREE DAYS
 HEATING
  YESTERDAY       24                        33     -9       16
  MONTH TO DATE  864                      1015   -151      886
  SINCE DEC 1   1749                      2120   -371     2329
  SINCE JUL 1   3043                      3688   -645     3874

 COOLING
  YESTERDAY        0                         0      0        0
  MONTH TO DATE    0                         0      0        0
  SINCE DEC 1      0                         0      0        0
  SINCE JAN 1      0                         0      0        0
..................................................................


WIND (MPH)
  HIGHEST WIND SPEED    20   HIGHEST WIND DIRECTION    NE (50)
  HIGHEST GUST SPEED    24   HIGHEST GUST DIRECTION    NE (40)
  AVERAGE WIND SPEED    11.2



WEATHER CONDITIONS
 THE FOLLOWING WEATHER WAS RECORDED YESTERDAY.
  NO SIGNIFICANT WEATHER WAS OBSERVED.


RELATIVE HUMIDITY (PERCENT)
 HIGHEST    89          1200 AM
 LOWEST     56           300 PM
 AVERAGE    73

..........................................................


THE WINNEMUCCA AIRPORT NV CLIMATE NORMALS FOR TODAY
                         NORMAL    RECORD    YEAR
 MAXIMUM TEMPERATURE (F)   43        62      1971
 MINIMUM TEMPERATURE (F)   21       -19      1957


SUNRISE AND SUNSET
JANUARY 30 2015.......SUNRISE   704 AM PST   SUNSET   506 PM PST
JANUARY 31 2015.......SUNRISE   703 AM PST   SUNSET   507 PM PST


-  INDICATES NEGATIVE NUMBERS.
R  INDICATES RECORD WAS SET OR TIED.
MM INDICATES DATA IS MISSING.
T  INDICATES TRACE AMOUNT.




$$
